{"id":2946,"date":"2024-01-30T13:22:24","date_gmt":"2024-01-30T12:22:24","guid":{"rendered":"https:\/\/agora.xtec.cat\/escolajjrafols\/?page_id=2946"},"modified":"2024-02-01T13:31:05","modified_gmt":"2024-02-01T12:31:05","slug":"mobilitat-a-croacia-2","status":"publish","type":"page","link":"https:\/\/agora.xtec.cat\/escolajjrafols\/mobilitat-a-croacia-2\/","title":{"rendered":"Mobilitat a Cro\u00e0cia"},"content":{"rendered":"<p><img loading=\"lazy\" decoding=\"async\" class=\"aligncenter size-large wp-image-2391\" src=\"https:\/\/agora.xtec.cat\/escolajjrafols\/wp-content\/uploads\/usu1828\/2022\/05\/Propera-mobilitat-1024x577.jpg\" alt=\"\" width=\"1024\" height=\"577\" srcset=\"https:\/\/agora.xtec.cat\/escolajjrafols\/wp-content\/uploads\/usu1828\/2022\/05\/Propera-mobilitat-1024x577.jpg 1024w, https:\/\/agora.xtec.cat\/escolajjrafols\/wp-content\/uploads\/usu1828\/2022\/05\/Propera-mobilitat-300x169.jpg 300w, https:\/\/agora.xtec.cat\/escolajjrafols\/wp-content\/uploads\/usu1828\/2022\/05\/Propera-mobilitat-768x433.jpg 768w, https:\/\/agora.xtec.cat\/escolajjrafols\/wp-content\/uploads\/usu1828\/2022\/05\/Propera-mobilitat-1536x865.jpg 1536w, https:\/\/agora.xtec.cat\/escolajjrafols\/wp-content\/uploads\/usu1828\/2022\/05\/Propera-mobilitat.jpg 1640w\" sizes=\"auto, (max-width: 1024px) 100vw, 1024px\" \/><\/p>\n<p><img loading=\"lazy\" decoding=\"async\" class=\"size-large wp-image-2423 aligncenter\" src=\"https:\/\/agora.xtec.cat\/escolajjrafols\/wp-content\/uploads\/usu1828\/2022\/06\/1a-576x1024.jpg\" alt=\"\" width=\"576\" height=\"1024\" srcset=\"https:\/\/agora.xtec.cat\/escolajjrafols\/wp-content\/uploads\/usu1828\/2022\/06\/1a-576x1024.jpg 576w, https:\/\/agora.xtec.cat\/escolajjrafols\/wp-content\/uploads\/usu1828\/2022\/06\/1a-169x300.jpg 169w, https:\/\/agora.xtec.cat\/escolajjrafols\/wp-content\/uploads\/usu1828\/2022\/06\/1a-768x1365.jpg 768w, https:\/\/agora.xtec.cat\/escolajjrafols\/wp-content\/uploads\/usu1828\/2022\/06\/1a-864x1536.jpg 864w, https:\/\/agora.xtec.cat\/escolajjrafols\/wp-content\/uploads\/usu1828\/2022\/06\/1a-1152x2048.jpg 1152w, https:\/\/agora.xtec.cat\/escolajjrafols\/wp-content\/uploads\/usu1828\/2022\/06\/1a-scaled.jpg 1440w\" sizes=\"auto, (max-width: 576px) 100vw, 576px\" \/><\/p>\n<h3>Durant aquests dies estem gaudint i aprenent molt\u00edssim de les experi\u00e8ncies viscudes durant la nostra mobilitat a\u00a0 l\u2019Elementary Primary School Ivan Gunduli\u0107 de Dubrovnik (Cro\u00e0cia).<\/h3>\n<h3>Podeu visitar la seva p\u00e0gina web al seg\u00fcent enlla\u00e7:<span style=\"color: #000000;\"><a href=\"http:\/\/os-igundulic-du.skole.hr\/\">http:\/\/os-igundulic-du.skole.hr\/<\/a><\/span><\/h3>\n<h3>Nom\u00e9s arribar al centre, un equip de docents ens van rebre a l\u2019escola i ens van explicar el seu funcionament. \u00c9s un centre p\u00fablic que compta amb 850 infants, des dels 6 fins als 14 anys on es cursa de 1r a 8\u00e8, segons el seu sistema educatiu. Des de 1r fins a 4t els nens i nenes tenen un sol mestre per a totes les mat\u00e8ries (a excepci\u00f3 de l\u2019angl\u00e8s), mentre que a partir de 5\u00e8 totes les assignatures les fa un mestre diferent especialista.<\/h3>\n<h3>Dins del nostre programa de mobilitat, tenim un horari per tal d\u2019anar veient les diferents pr\u00e0ctiques que es duen a terme en el dia a dia del centre i els seus projectes:<\/h3>\n<p><img loading=\"lazy\" decoding=\"async\" class=\"aligncenter size-large wp-image-2425\" src=\"https:\/\/agora.xtec.cat\/escolajjrafols\/wp-content\/uploads\/usu1828\/2022\/06\/2a-576x1024.jpg\" alt=\"\" width=\"576\" height=\"1024\" srcset=\"https:\/\/agora.xtec.cat\/escolajjrafols\/wp-content\/uploads\/usu1828\/2022\/06\/2a-576x1024.jpg 576w, https:\/\/agora.xtec.cat\/escolajjrafols\/wp-content\/uploads\/usu1828\/2022\/06\/2a-169x300.jpg 169w, https:\/\/agora.xtec.cat\/escolajjrafols\/wp-content\/uploads\/usu1828\/2022\/06\/2a-768x1366.jpg 768w, https:\/\/agora.xtec.cat\/escolajjrafols\/wp-content\/uploads\/usu1828\/2022\/06\/2a-864x1536.jpg 864w, https:\/\/agora.xtec.cat\/escolajjrafols\/wp-content\/uploads\/usu1828\/2022\/06\/2a-1151x2048.jpg 1151w, https:\/\/agora.xtec.cat\/escolajjrafols\/wp-content\/uploads\/usu1828\/2022\/06\/2a-scaled.jpg 1439w\" sizes=\"auto, (max-width: 576px) 100vw, 576px\" \/><\/p>\n<h3>Projecte\u00a0<strong>Eco-school<\/strong>: aquest projecte es duu a terme amb la col\u00b7laboraci\u00f3 d\u2019una entitat municipal de Dubrovnik, que els proporciona diferents recursos i mitjans. Amb ell es pret\u00e9n donar import\u00e0ncia a tot el tema del medi ambient a partir de contes, jocs cooperatius, l\u2019hort\u2026 Per finalitzar la sessi\u00f3, els infants van plantar\u00a0<strong>Luffa<\/strong>, una planta enfiladissa t\u00edpica d\u2019aquesta regi\u00f3 que s\u2019 assembla a la carabassera.<\/h3>\n<p><img loading=\"lazy\" decoding=\"async\" class=\"aligncenter size-large wp-image-2426\" src=\"https:\/\/agora.xtec.cat\/escolajjrafols\/wp-content\/uploads\/usu1828\/2022\/06\/3a-1-576x1024.jpg\" alt=\"\" width=\"576\" height=\"1024\" srcset=\"https:\/\/agora.xtec.cat\/escolajjrafols\/wp-content\/uploads\/usu1828\/2022\/06\/3a-1-576x1024.jpg 576w, https:\/\/agora.xtec.cat\/escolajjrafols\/wp-content\/uploads\/usu1828\/2022\/06\/3a-1-169x300.jpg 169w, https:\/\/agora.xtec.cat\/escolajjrafols\/wp-content\/uploads\/usu1828\/2022\/06\/3a-1-768x1365.jpg 768w, https:\/\/agora.xtec.cat\/escolajjrafols\/wp-content\/uploads\/usu1828\/2022\/06\/3a-1-864x1536.jpg 864w, https:\/\/agora.xtec.cat\/escolajjrafols\/wp-content\/uploads\/usu1828\/2022\/06\/3a-1-1152x2048.jpg 1152w, https:\/\/agora.xtec.cat\/escolajjrafols\/wp-content\/uploads\/usu1828\/2022\/06\/3a-1-scaled.jpg 1440w\" sizes=\"auto, (max-width: 576px) 100vw, 576px\" \/><\/p>\n<h3><strong>Rob\u00f2tica<\/strong>: aquesta \u00e9s una activitat que es fa com a extraescolar, per\u00f2 dins l\u2019horari escolar. Els infants han de programar un robot amb dues rodes que tenen un motor independent. L\u2019alumnat ha de programar la pot\u00e8ncia necess\u00e0ria que necessita cada roda per completar satisfact\u00f2riament les rectes i corbes d\u2019un circuit que s\u2019ha presentat pr\u00e8viament. A m\u00e9s, durant aquest circuit, han de programar tamb\u00e9 les llums del robot amb el color pertinent, les diferents aturades que fa\u2026 \u00c9s tot un repte per a ells.<\/h3>\n<p><img loading=\"lazy\" decoding=\"async\" class=\"aligncenter size-large wp-image-2427\" src=\"https:\/\/agora.xtec.cat\/escolajjrafols\/wp-content\/uploads\/usu1828\/2022\/06\/4a-1-576x1024.jpg\" alt=\"\" width=\"576\" height=\"1024\" srcset=\"https:\/\/agora.xtec.cat\/escolajjrafols\/wp-content\/uploads\/usu1828\/2022\/06\/4a-1-576x1024.jpg 576w, https:\/\/agora.xtec.cat\/escolajjrafols\/wp-content\/uploads\/usu1828\/2022\/06\/4a-1-169x300.jpg 169w, https:\/\/agora.xtec.cat\/escolajjrafols\/wp-content\/uploads\/usu1828\/2022\/06\/4a-1-768x1365.jpg 768w, https:\/\/agora.xtec.cat\/escolajjrafols\/wp-content\/uploads\/usu1828\/2022\/06\/4a-1-864x1536.jpg 864w, https:\/\/agora.xtec.cat\/escolajjrafols\/wp-content\/uploads\/usu1828\/2022\/06\/4a-1-1152x2048.jpg 1152w, https:\/\/agora.xtec.cat\/escolajjrafols\/wp-content\/uploads\/usu1828\/2022\/06\/4a-1-scaled.jpg 1440w\" sizes=\"auto, (max-width: 576px) 100vw, 576px\" \/><\/p>\n<h3 dir=\"auto\"><strong>Classe d\u2019educaci\u00f3 f\u00edsica<\/strong>: a partir de diferents exercicis, els infants treballen el moviment del cos des de la seva vessant m\u00e9s f\u00edsica. A difer\u00e8ncia de les classes d\u2019educaci\u00f3 f\u00edsica que duem a terme a Catalunya on el treball es fa majorit\u00e0riament a partir del joc, aqu\u00ed durant la part principal de la classe \u00e9s treballen les habilitats motrius b\u00e0siques des d\u2019un enfocament m\u00e9s f\u00edsic a trav\u00e9s de circuits, relleus, esquats, flexions, abdominals, pr\u00e0ctica d\u2019esports, estiraments\u2026. \u00c9s reserva el joc com a activitat final abans dels estiraments.<\/h3>\n<p><img loading=\"lazy\" decoding=\"async\" class=\"aligncenter size-large wp-image-2418\" src=\"https:\/\/agora.xtec.cat\/escolajjrafols\/wp-content\/uploads\/usu1828\/2022\/06\/5a-576x1024.jpg\" alt=\"\" width=\"576\" height=\"1024\" srcset=\"https:\/\/agora.xtec.cat\/escolajjrafols\/wp-content\/uploads\/usu1828\/2022\/06\/5a-576x1024.jpg 576w, https:\/\/agora.xtec.cat\/escolajjrafols\/wp-content\/uploads\/usu1828\/2022\/06\/5a-169x300.jpg 169w, https:\/\/agora.xtec.cat\/escolajjrafols\/wp-content\/uploads\/usu1828\/2022\/06\/5a-768x1365.jpg 768w, https:\/\/agora.xtec.cat\/escolajjrafols\/wp-content\/uploads\/usu1828\/2022\/06\/5a-864x1536.jpg 864w, https:\/\/agora.xtec.cat\/escolajjrafols\/wp-content\/uploads\/usu1828\/2022\/06\/5a-1152x2048.jpg 1152w, https:\/\/agora.xtec.cat\/escolajjrafols\/wp-content\/uploads\/usu1828\/2022\/06\/5a-scaled.jpg 1440w\" sizes=\"auto, (max-width: 576px) 100vw, 576px\" \/><\/p>\n<h3><strong>Household skills<\/strong>: en aquesta hora els infants aprenen sobre la realitzaci\u00f3 de diferents tasques dom\u00e8stiques com podria ser cuinar, parar taula, plegar la roba, rentar els plats \u2026 Els nens i nenes ens van fer tota una demostraci\u00f3 de les habilitats adquirides! A m\u00e9s ens van cuinar uns muffins bon\u00edssims i van fer pa! S\u00f3n tot uns experts!<\/h3>\n<p><img loading=\"lazy\" decoding=\"async\" class=\"aligncenter size-large wp-image-2429\" src=\"https:\/\/agora.xtec.cat\/escolajjrafols\/wp-content\/uploads\/usu1828\/2022\/06\/6a-1-576x1024.jpg\" alt=\"\" width=\"576\" height=\"1024\" srcset=\"https:\/\/agora.xtec.cat\/escolajjrafols\/wp-content\/uploads\/usu1828\/2022\/06\/6a-1-576x1024.jpg 576w, https:\/\/agora.xtec.cat\/escolajjrafols\/wp-content\/uploads\/usu1828\/2022\/06\/6a-1-169x300.jpg 169w, https:\/\/agora.xtec.cat\/escolajjrafols\/wp-content\/uploads\/usu1828\/2022\/06\/6a-1-768x1365.jpg 768w, https:\/\/agora.xtec.cat\/escolajjrafols\/wp-content\/uploads\/usu1828\/2022\/06\/6a-1-864x1536.jpg 864w, https:\/\/agora.xtec.cat\/escolajjrafols\/wp-content\/uploads\/usu1828\/2022\/06\/6a-1-1152x2048.jpg 1152w, https:\/\/agora.xtec.cat\/escolajjrafols\/wp-content\/uploads\/usu1828\/2022\/06\/6a-1-scaled.jpg 1440w\" sizes=\"auto, (max-width: 576px) 100vw, 576px\" \/><\/p>\n<h3 dir=\"auto\"><strong>Revista de l\u2019escola<\/strong>: l\u2019alumnat de l\u2019escola elabora diferents seccions de la revista de l\u2019escola. Per aquest motiu, l\u2019alumnat de 5\u00e8 ens ha entrevistat, tot preguntant-nos sobre el nostre pa\u00eds, el nostre sistema educatiu, els nostres gustos\u2026<\/h3>\n<p><img loading=\"lazy\" decoding=\"async\" class=\"aligncenter size-large wp-image-2420\" src=\"https:\/\/agora.xtec.cat\/escolajjrafols\/wp-content\/uploads\/usu1828\/2022\/06\/7a-576x1024.jpg\" alt=\"\" width=\"576\" height=\"1024\" srcset=\"https:\/\/agora.xtec.cat\/escolajjrafols\/wp-content\/uploads\/usu1828\/2022\/06\/7a-576x1024.jpg 576w, https:\/\/agora.xtec.cat\/escolajjrafols\/wp-content\/uploads\/usu1828\/2022\/06\/7a-169x300.jpg 169w, https:\/\/agora.xtec.cat\/escolajjrafols\/wp-content\/uploads\/usu1828\/2022\/06\/7a-768x1365.jpg 768w, https:\/\/agora.xtec.cat\/escolajjrafols\/wp-content\/uploads\/usu1828\/2022\/06\/7a-864x1536.jpg 864w, https:\/\/agora.xtec.cat\/escolajjrafols\/wp-content\/uploads\/usu1828\/2022\/06\/7a-1152x2048.jpg 1152w, https:\/\/agora.xtec.cat\/escolajjrafols\/wp-content\/uploads\/usu1828\/2022\/06\/7a-scaled.jpg 1440w\" sizes=\"auto, (max-width: 576px) 100vw, 576px\" \/><\/p>\n<h3 dir=\"auto\"><strong>La classe d\u2019hist\u00f2ria<\/strong>: la hist\u00f2ria es treballa de manera sistem\u00e0tica des de 4t de prim\u00e0ria. En aquest curs comencen treballant tota la prehist\u00f2ria. Durant el curs seg\u00fcent, a 5\u00e8, se centren en Gr\u00e8cia i Roma, per passar a l\u2019edat mitjana a 6\u00e8. Finalment, a 7\u00e8 i 8\u00e8 acaben amb l\u2019edat contempor\u00e0nia.<\/h3>\n<p><img loading=\"lazy\" decoding=\"async\" class=\"aligncenter size-large wp-image-2421\" src=\"https:\/\/agora.xtec.cat\/escolajjrafols\/wp-content\/uploads\/usu1828\/2022\/06\/8a-576x1024.jpg\" alt=\"\" width=\"576\" height=\"1024\" srcset=\"https:\/\/agora.xtec.cat\/escolajjrafols\/wp-content\/uploads\/usu1828\/2022\/06\/8a-576x1024.jpg 576w, https:\/\/agora.xtec.cat\/escolajjrafols\/wp-content\/uploads\/usu1828\/2022\/06\/8a-169x300.jpg 169w, https:\/\/agora.xtec.cat\/escolajjrafols\/wp-content\/uploads\/usu1828\/2022\/06\/8a-768x1365.jpg 768w, https:\/\/agora.xtec.cat\/escolajjrafols\/wp-content\/uploads\/usu1828\/2022\/06\/8a-864x1536.jpg 864w, https:\/\/agora.xtec.cat\/escolajjrafols\/wp-content\/uploads\/usu1828\/2022\/06\/8a-1152x2048.jpg 1152w, https:\/\/agora.xtec.cat\/escolajjrafols\/wp-content\/uploads\/usu1828\/2022\/06\/8a-scaled.jpg 1440w\" sizes=\"auto, (max-width: 576px) 100vw, 576px\" \/><\/p>\n<h3><strong>Projecte art\u00edstic<\/strong>: durant una hora vam poder veure el treball dels nens i nenes sobre l\u2019\u00e0mbit art\u00edstic. Els infants van ser dividits en grups, els quals van fer activitats diferents. Tot i aix\u00ed, la producci\u00f3 final era el resultat d\u2019un treball cooperatiu per part de tots els membres.<\/h3>\n<p><img loading=\"lazy\" decoding=\"async\" class=\"aligncenter size-large wp-image-2422\" src=\"https:\/\/agora.xtec.cat\/escolajjrafols\/wp-content\/uploads\/usu1828\/2022\/06\/9a-576x1024.jpg\" alt=\"\" width=\"576\" height=\"1024\" srcset=\"https:\/\/agora.xtec.cat\/escolajjrafols\/wp-content\/uploads\/usu1828\/2022\/06\/9a-576x1024.jpg 576w, https:\/\/agora.xtec.cat\/escolajjrafols\/wp-content\/uploads\/usu1828\/2022\/06\/9a-169x300.jpg 169w, https:\/\/agora.xtec.cat\/escolajjrafols\/wp-content\/uploads\/usu1828\/2022\/06\/9a-768x1365.jpg 768w, https:\/\/agora.xtec.cat\/escolajjrafols\/wp-content\/uploads\/usu1828\/2022\/06\/9a-864x1536.jpg 864w, https:\/\/agora.xtec.cat\/escolajjrafols\/wp-content\/uploads\/usu1828\/2022\/06\/9a-1152x2048.jpg 1152w, https:\/\/agora.xtec.cat\/escolajjrafols\/wp-content\/uploads\/usu1828\/2022\/06\/9a-scaled.jpg 1440w\" sizes=\"auto, (max-width: 576px) 100vw, 576px\" \/><\/p>\n<h3><strong>El projecte de nutrici\u00f3<\/strong>: aquest projecte es duu a terme una hora cada setmana. El realitza l\u2019alumnat de 1r, on les seves mestres en col\u00b7laboraci\u00f3 amb una nutricionista i dietista del municipi de Dubrovnik realitzen propostes a partir dels 5 grans grups dels aliments. Amb ell es pret\u00e9n que els infants adquireixen uns bons h\u00e0bits alimentaris a trav\u00e9s de diferents activitats. En el nostre cas, vam veure com preparaven la granola amb cereals, civada, xocolata, llet\u2026<\/h3>\n<p><img loading=\"lazy\" decoding=\"async\" class=\"aligncenter size-large wp-image-2433\" src=\"https:\/\/agora.xtec.cat\/escolajjrafols\/wp-content\/uploads\/usu1828\/2022\/06\/10a-578x1024.jpg\" alt=\"\" width=\"578\" height=\"1024\" srcset=\"https:\/\/agora.xtec.cat\/escolajjrafols\/wp-content\/uploads\/usu1828\/2022\/06\/10a-578x1024.jpg 578w, https:\/\/agora.xtec.cat\/escolajjrafols\/wp-content\/uploads\/usu1828\/2022\/06\/10a-169x300.jpg 169w, https:\/\/agora.xtec.cat\/escolajjrafols\/wp-content\/uploads\/usu1828\/2022\/06\/10a-768x1360.jpg 768w, https:\/\/agora.xtec.cat\/escolajjrafols\/wp-content\/uploads\/usu1828\/2022\/06\/10a-867x1536.jpg 867w, https:\/\/agora.xtec.cat\/escolajjrafols\/wp-content\/uploads\/usu1828\/2022\/06\/10a-1156x2048.jpg 1156w, https:\/\/agora.xtec.cat\/escolajjrafols\/wp-content\/uploads\/usu1828\/2022\/06\/10a-scaled.jpg 1445w\" sizes=\"auto, (max-width: 578px) 100vw, 578px\" \/><\/p>\n<h3>L\u2019escola que ens ha acollit a Dubrovnik tamb\u00e9 compta amb dues seus m\u00e9s a l\u2019illa de Sipan. Una d\u2019elles es troba al municipi de Sudurad i nom\u00e9s t\u00e9 dos infants. L\u2019altra, en canvi, ubicada al municipi de Sipanska Luka, t\u00e9 un total de 24 infants, dividits en 4 aules: una per als grups de 1r i 3r, una altra per a 2n i 4t, una tercera per a 5\u00e8 i 6\u00e8 i, finalment, una darrera per a 7\u00e8 i 8\u00e8. De fet, aquesta escola tamb\u00e9 acull l\u2019alumnat de 5\u00e8 a 8\u00e8 del municipi de Sudurad, on nom\u00e9s s\u2019imparteix de 1r a 4t.<\/h3>\n<p><img loading=\"lazy\" decoding=\"async\" class=\"aligncenter size-large wp-image-2434\" src=\"https:\/\/agora.xtec.cat\/escolajjrafols\/wp-content\/uploads\/usu1828\/2022\/06\/11a-576x1024.jpg\" alt=\"\" width=\"576\" height=\"1024\" srcset=\"https:\/\/agora.xtec.cat\/escolajjrafols\/wp-content\/uploads\/usu1828\/2022\/06\/11a-576x1024.jpg 576w, https:\/\/agora.xtec.cat\/escolajjrafols\/wp-content\/uploads\/usu1828\/2022\/06\/11a-169x300.jpg 169w, https:\/\/agora.xtec.cat\/escolajjrafols\/wp-content\/uploads\/usu1828\/2022\/06\/11a-768x1365.jpg 768w, https:\/\/agora.xtec.cat\/escolajjrafols\/wp-content\/uploads\/usu1828\/2022\/06\/11a-864x1536.jpg 864w, https:\/\/agora.xtec.cat\/escolajjrafols\/wp-content\/uploads\/usu1828\/2022\/06\/11a.jpg 1152w\" sizes=\"auto, (max-width: 576px) 100vw, 576px\" \/><\/p>\n<h3>Durant la nostra estada a l\u2019escola de Sipanska Luka hem realitzat diferents activitats. Una d\u2019elles ha estat un taller de reciclatge on els infants havien de classificar les deixalles que tenien a l\u2019aula segons el material del que estava fet. Tamb\u00e9 hem assistit a la classe de llengua de 1r, on han fet lectura i escriptura. Despr\u00e9s, amb el grup de 1r i 3r hem fet classe de matem\u00e0tiques basada sobretot en la numeraci\u00f3 i el c\u00e0lcul mental. Finalment, hem estat a la classe de 2n i 4t on els infants han realitzat un taller d\u2019impressi\u00f3 sobre paper.<\/h3>\n<p><img loading=\"lazy\" decoding=\"async\" class=\"aligncenter size-full wp-image-2506\" src=\"https:\/\/agora.xtec.cat\/escolajjrafols\/wp-content\/uploads\/usu1828\/2022\/06\/APicsart_22-06-06_23-42-24-904-1.jpg\" alt=\"\" width=\"563\" height=\"1000\" srcset=\"https:\/\/agora.xtec.cat\/escolajjrafols\/wp-content\/uploads\/usu1828\/2022\/06\/APicsart_22-06-06_23-42-24-904-1.jpg 563w, https:\/\/agora.xtec.cat\/escolajjrafols\/wp-content\/uploads\/usu1828\/2022\/06\/APicsart_22-06-06_23-42-24-904-1-169x300.jpg 169w\" sizes=\"auto, (max-width: 563px) 100vw, 563px\" \/><\/p>\n<h3><strong>L\u2019illa de Lokrum:\u00a0<\/strong>Un mat\u00ed vam anar d\u2019excursi\u00f3 a a l\u2019illa de Lokrum, on vam gaudir de la visita d\u2019un jard\u00ed bot\u00e0nic. A m\u00e9s, vam llegir un conte que explica la hist\u00f2ria sobre la uni\u00f3 entre Cro\u00e0cia i Espanya a trav\u00e9s del personatge Miho Pracat.<\/h3>\n<p><img loading=\"lazy\" decoding=\"async\" class=\"aligncenter size-large wp-image-2504\" src=\"https:\/\/agora.xtec.cat\/escolajjrafols\/wp-content\/uploads\/usu1828\/2022\/06\/Picsart_22-06-06_23-54-36-096-576x1024.jpg\" alt=\"\" width=\"576\" height=\"1024\" srcset=\"https:\/\/agora.xtec.cat\/escolajjrafols\/wp-content\/uploads\/usu1828\/2022\/06\/Picsart_22-06-06_23-54-36-096-576x1024.jpg 576w, https:\/\/agora.xtec.cat\/escolajjrafols\/wp-content\/uploads\/usu1828\/2022\/06\/Picsart_22-06-06_23-54-36-096-169x300.jpg 169w, https:\/\/agora.xtec.cat\/escolajjrafols\/wp-content\/uploads\/usu1828\/2022\/06\/Picsart_22-06-06_23-54-36-096-768x1365.jpg 768w, https:\/\/agora.xtec.cat\/escolajjrafols\/wp-content\/uploads\/usu1828\/2022\/06\/Picsart_22-06-06_23-54-36-096-864x1536.jpg 864w, https:\/\/agora.xtec.cat\/escolajjrafols\/wp-content\/uploads\/usu1828\/2022\/06\/Picsart_22-06-06_23-54-36-096.jpg 932w\" sizes=\"auto, (max-width: 576px) 100vw, 576px\" \/><\/p>\n<h3><strong>L\u2019aquari:<\/strong>\u00a0Despr\u00e9s de la tornada de l\u2019illa de Lokrum vam visitar a Dubrovnik un aquari que es trobava dins de les muralles medievals.<\/h3>\n<p>&nbsp;<\/p>\n<p><i>El projecte Erasmus est\u00e0 cofinan\u00e7at\u00a0pel programa Erasmus+ de la Uni\u00f3 Europea. El contingut d&#8217;aquestes publicacions \u00e9s responsabilitat exclusiva de l&#8217;escola J.J. R\u00e0fols i ni la Comissi\u00f3 Europea, ni el Servei Espanyol per a la Internacionalitzaci\u00f3 de l&#8217;Educaci\u00f3 (SEPIE) s\u00f3n responsables de l&#8217;\u00fas que es pugui fer de la informaci\u00f3 aqu\u00ed difosa.\u00a0<\/i><\/p>\n<p><img loading=\"lazy\" decoding=\"async\" class=\"aligncenter size-large wp-image-2978\" src=\"https:\/\/agora.xtec.cat\/escolajjrafols\/wp-content\/uploads\/usu1828\/2024\/01\/logos-1024x96.jpg\" alt=\"\" width=\"1024\" height=\"96\" srcset=\"https:\/\/agora.xtec.cat\/escolajjrafols\/wp-content\/uploads\/usu1828\/2024\/01\/logos-1024x96.jpg 1024w, https:\/\/agora.xtec.cat\/escolajjrafols\/wp-content\/uploads\/usu1828\/2024\/01\/logos-300x28.jpg 300w, https:\/\/agora.xtec.cat\/escolajjrafols\/wp-content\/uploads\/usu1828\/2024\/01\/logos-768x72.jpg 768w, https:\/\/agora.xtec.cat\/escolajjrafols\/wp-content\/uploads\/usu1828\/2024\/01\/logos.jpg 1331w\" sizes=\"auto, (max-width: 1024px) 100vw, 1024px\" \/><\/p>\n","protected":false},"excerpt":{"rendered":"<p>Durant aquests dies estem gaudint i aprenent molt\u00edssim de les experi\u00e8ncies viscudes durant la nostra mobilitat a\u00a0 l\u2019Elementary Primary School Ivan Gunduli\u0107 de Dubrovnik (Cro\u00e0cia).<br \/>\nPodeu visitar la seva p\u00e0gina web al seg\u00fcent enlla\u00e7:<a href=\"http:\/\/os-igundulic-du.skole.hr\/\">http:\/\/os-igundulic-du.skole.hr\/<\/a><br \/>\nNom\u00e9s arribar al centre, un equip de docents ens van rebre a&hellip;  <a href=\"https:\/\/agora.xtec.cat\/escolajjrafols\/mobilitat-a-croacia-2\/\" title=\"Read Mobilitat a Cro\u00e0cia\">Llegeix m\u00e9s\u00bb<\/a><\/p>\n","protected":false},"author":1,"featured_media":0,"parent":0,"menu_order":0,"comment_status":"closed","ping_status":"closed","template":"","meta":{"_bbp_topic_count":0,"_bbp_reply_count":0,"_bbp_total_topic_count":0,"_bbp_total_reply_count":0,"_bbp_voice_count":0,"_bbp_anonymous_reply_count":0,"_bbp_topic_count_hidden":0,"_bbp_reply_count_hidden":0,"_bbp_forum_subforum_count":0,"footnotes":""},"class_list":["post-2946","page","type-page","status-publish","hentry"],"post_mailing_queue_ids":[],"_links":{"self":[{"href":"https:\/\/agora.xtec.cat\/escolajjrafols\/wp-json\/wp\/v2\/pages\/2946","targetHints":{"allow":["GET"]}}],"collection":[{"href":"https:\/\/agora.xtec.cat\/escolajjrafols\/wp-json\/wp\/v2\/pages"}],"about":[{"href":"https:\/\/agora.xtec.cat\/escolajjrafols\/wp-json\/wp\/v2\/types\/page"}],"author":[{"embeddable":true,"href":"https:\/\/agora.xtec.cat\/escolajjrafols\/wp-json\/wp\/v2\/users\/1"}],"replies":[{"embeddable":true,"href":"https:\/\/agora.xtec.cat\/escolajjrafols\/wp-json\/wp\/v2\/comments?post=2946"}],"version-history":[{"count":7,"href":"https:\/\/agora.xtec.cat\/escolajjrafols\/wp-json\/wp\/v2\/pages\/2946\/revisions"}],"predecessor-version":[{"id":3018,"href":"https:\/\/agora.xtec.cat\/escolajjrafols\/wp-json\/wp\/v2\/pages\/2946\/revisions\/3018"}],"wp:attachment":[{"href":"https:\/\/agora.xtec.cat\/escolajjrafols\/wp-json\/wp\/v2\/media?parent=2946"}],"curies":[{"name":"wp","href":"https:\/\/api.w.org\/{rel}","templated":true}]}}