{"id":2215,"date":"2022-02-10T12:03:19","date_gmt":"2022-02-10T11:03:19","guid":{"rendered":"https:\/\/agora.xtec.cat\/escolajjrafols\/?page_id=2215"},"modified":"2026-03-19T13:17:20","modified_gmt":"2026-03-19T12:17:20","slug":"consell-escolar","status":"publish","type":"page","link":"https:\/\/agora.xtec.cat\/escolajjrafols\/lescola\/consell-escolar\/","title":{"rendered":"Consell Escolar"},"content":{"rendered":"<div>\n<div style=\"text-align: center;\">\n<div style=\"text-align: center;\">\n<div style=\"text-align: center;\">\n<div>\n<p><img loading=\"lazy\" decoding=\"async\" class=\"aligncenter size-large wp-image-3475\" src=\"https:\/\/agora.xtec.cat\/escolajjrafols\/wp-content\/uploads\/usu1828\/2026\/03\/Consell-escolar-26-576x1024.png\" alt=\"\" width=\"576\" height=\"1024\" srcset=\"https:\/\/agora.xtec.cat\/escolajjrafols\/wp-content\/uploads\/usu1828\/2026\/03\/Consell-escolar-26-576x1024.png 576w, https:\/\/agora.xtec.cat\/escolajjrafols\/wp-content\/uploads\/usu1828\/2026\/03\/Consell-escolar-26-169x300.png 169w, https:\/\/agora.xtec.cat\/escolajjrafols\/wp-content\/uploads\/usu1828\/2026\/03\/Consell-escolar-26-768x1365.png 768w, https:\/\/agora.xtec.cat\/escolajjrafols\/wp-content\/uploads\/usu1828\/2026\/03\/Consell-escolar-26-864x1536.png 864w, https:\/\/agora.xtec.cat\/escolajjrafols\/wp-content\/uploads\/usu1828\/2026\/03\/Consell-escolar-26.png 1080w\" sizes=\"auto, (max-width: 576px) 100vw, 576px\" \/><\/p>\n<h3 style=\"text-align: justify;\">Acords del Consell escolar<\/h3>\n<h4 style=\"text-align: justify;\">Normativa<\/h4>\n<p style=\"text-align: justify;\">La Llei 19\/2014, del 29 de desembre, de transpar\u00e8ncia, acc\u00e9s a la informaci\u00f3 p\u00fablica i bon govern (en endavant, LTAIPBG), va entrar en vigor l\u20191 de juliol de 2015. Aquesta Llei regula les obligacions de publicitat activa de les administracions p\u00fabliques i detalla la informaci\u00f3 que s\u2019ha de publicar de forma obligat\u00f2ria al portal de la Transpar\u00e8ncia de la Generalitat de Catalunya. Tamb\u00e9 estableix el dret d\u2019acc\u00e9s a la informaci\u00f3 p\u00fablica per part de la ciutadania i crea la Comissi\u00f3 de Garantia del Dret d\u2019Acc\u00e9s a la Informaci\u00f3 P\u00fablica (GAIP), que \u00e9s l\u2019encarregada de vetllar pel compliment i les garanties del dret d\u2019acc\u00e9s a la informaci\u00f3 p\u00fablica.<br \/>\nEn aquest \u00e0mbit, el Departament d\u2019Educaci\u00f3 ha aprovat la seva pol\u00edtica de\u00a0transpar\u00e8ncia i la Instrucci\u00f3 2\/2019, de 25 de febrer, per a la tramitaci\u00f3 de les\u00a0sol\u00b7licituds de dret d\u2019acc\u00e9s a la informaci\u00f3 p\u00fablica i al compliment de les obligacions de publicitat activa, obertura de dades p\u00fabliques, bon govern i participaci\u00f3 ciutadana, que\u00a0es regulen a la Llei esmentada de transpar\u00e8ncia, acc\u00e9s a la informaci\u00f3 p\u00fablica i bon\u00a0govern.<\/p>\n<p style=\"text-align: justify;\">Els centres educatius han de publicar al seu web els documents vigents (<a href=\"https:\/\/agora.xtec.cat\/esc-la-cabana\/wp-content\/uploads\/usu849\/2021\/01\/PEC-La-Cabana-.pdf\" target=\"_blank\" rel=\"noopener\">PEC<\/a>,\u00a0<a href=\"https:\/\/agora.xtec.cat\/esc-la-cabana\/wp-content\/uploads\/usu849\/2019\/05\/ANNEX-2-PEC_PROJECTE-LING%C3%9C%C3%8DSTIC.pdf\" target=\"_blank\" rel=\"noopener\">PL<\/a>, NOFC) i els acords presos al Consell escolar, aix\u00ed com els imports sobre les aportacions de les fam\u00edlies, l\u2019estructura organitzativa interna, el pressupost i els convenis vigents.<\/p>\n<\/div>\n<div style=\"text-align: left;\"><\/div>\n<div><\/div>\n<div style=\"text-align: left;\">\n<h2 style=\"text-align: justify;\">Acords del curs 2021\/2022<\/h2>\n<\/div>\n<\/div>\n<\/div>\n<\/div>\n<\/div>\n<h6><strong><a href=\"https:\/\/agora.xtec.cat\/escolajjrafols\/wp-content\/uploads\/usu1828\/2022\/09\/ACTA-CONSELL-ESCOLAR-N.187-08-06-2022.pdf\" target=\"_blank\" rel=\"noopener\">ACTA CONSELL ESCOLAR N.187 (08-06-2022)<\/a><\/strong><\/h6>\n<h6 style=\"margin: 4px 0px 8px; text-align: left;\"><strong><a href=\"https:\/\/agora.xtec.cat\/escolajjrafols\/wp-content\/uploads\/usu1828\/2022\/09\/ACTA-CONSELL-ESCOLAR-N.188-12-07-2022.pdf\">ACTA CONSELL ESCOLAR N.188 (12-07-2022)<\/a><\/strong><\/h6>\n<h6><\/h6>\n<div>\n<h2 style=\"text-align: justify;\">Acords del curs 2022\/2023<\/h2>\n<\/div>\n<h6><strong><a href=\"https:\/\/agora.xtec.cat\/escolajjrafols\/wp-content\/uploads\/usu1828\/2023\/01\/ACTA-CONSELL-ESCOLAR-N.189-30-11-2022.pdf\">ACTA CONSELL ESCOLAR N.189 (30-11-2022)<\/a><\/strong><\/h6>\n<h6><strong><a href=\"https:\/\/agora.xtec.cat\/escolajjrafols\/wp-content\/uploads\/usu1828\/2023\/04\/ACTA-CONSELL-ESCOLAR-N.190-13-02-2023.pdf\">ACTA CONSELL ESCOLAR N.190 (13-02-2023)<\/a><\/strong><\/h6>\n<h6><strong><a href=\"https:\/\/agora.xtec.cat\/escolajjrafols\/wp-content\/uploads\/usu1828\/2023\/09\/ACTA-CONSELL-ESCOLAR-N.191-14-6-2023.pdf\">ACTA CONSELL ESCOLAR N.191 (14-6-2023)<\/a><\/strong><\/h6>\n<h4><\/h4>\n<h2 style=\"text-align: justify;\">Acords del curs 2023\/2024<\/h2>\n<h6><strong><a href=\"https:\/\/agora.xtec.cat\/escolajjrafols\/wp-content\/uploads\/usu1828\/2023\/10\/ACTA-CONSELL-ESCOLAR-N.192-13-9-2023.pdf\" target=\"_blank\" rel=\"noopener\">ACTA CONSELL ESCOLAR N.192 (13-9-2023)<\/a><\/strong><\/h6>\n<h6><strong><a href=\"https:\/\/agora.xtec.cat\/escolajjrafols\/wp-content\/uploads\/usu1828\/2023\/12\/ACTA-CONSELL-ESCOLAR-N.193-14-12-2023.pdf\" target=\"_blank\" rel=\"noopener\">ACTA CONSELL ESCOLAR N.193 (14-12-2023)<\/a><\/strong><\/h6>\n<h6><strong><a href=\"https:\/\/agora.xtec.cat\/escolajjrafols\/wp-content\/uploads\/usu1828\/2024\/03\/ACTA-CONSELL-ESCOLAR-N.194-14-12-2023.pdf\" target=\"_blank\" rel=\"noopener\">ACTA CONSELL ESCOLAR N.194 (14-12-2023)<\/a><\/strong><\/h6>\n<h6><strong><a href=\"https:\/\/agora.xtec.cat\/escolajjrafols\/wp-content\/uploads\/usu1828\/2024\/03\/ACTA-CONSELL-ESCOLAR-N.195-26-2-2024.pdf\" target=\"_blank\" rel=\"noopener\">ACTA CONSELL ESCOLAR N.195 (26-02-2024)<\/a><\/strong><\/h6>\n<h6><a href=\"https:\/\/agora.xtec.cat\/escolajjrafols\/wp-content\/uploads\/usu1828\/2024\/06\/ACTA-CONSELL-ESCOLAR-N.196-3-6-2024.pdf\">ACTA CONSELL ESCOLAR N.196 (03-06-2024)<\/a><\/h6>\n<p>&nbsp;<\/p>\n<h2 style=\"text-align: justify;\">Acords del curs 2024\/2025<\/h2>\n<p><strong><a href=\"https:\/\/agora.xtec.cat\/escolajjrafols\/wp-content\/uploads\/usu1828\/2024\/10\/ACTA-CONSELL-ESCOLAR-N.197-16-10-2024.pdf\">ACTA CONSELL ESCOLAR N.197 (16-10-2024)<\/a><\/strong><\/p>\n<p><strong><a href=\"https:\/\/agora.xtec.cat\/escolajjrafols\/wp-content\/uploads\/usu1828\/2025\/02\/ACTA-CONSELL-ESCOLAR-N.198-4-2-2025.pdf\">ACTA CONSELL ESCOLAR N.198 (4-2-2025)<\/a><\/strong><\/p>\n<p><strong><a href=\"https:\/\/agora.xtec.cat\/escolajjrafols\/wp-content\/uploads\/usu1828\/2025\/04\/ACTA-CONSELL-ESCOLAR-N.199-17-3-2025.pdf\">ACTA CONSELL ESCOLAR N.199 (17-3-2025)<\/a><\/strong><\/p>\n<p><strong><a href=\"https:\/\/agora.xtec.cat\/escolajjrafols\/wp-content\/uploads\/usu1828\/2025\/04\/ACTA-CONSELL-ESCOLAR-N.-200-22-4-2025.pdf\">ACTA CONSELL ESCOLAR N. 200 (22-4-2025)<\/a>\u00a0<\/strong><\/p>\n<p><strong><a href=\"https:\/\/agora.xtec.cat\/escolajjrafols\/wp-content\/uploads\/usu1828\/2025\/06\/ACTA-CONSELL-ESCOLAR-N.-201-25-6-2025.pdf\">ACTA CONSELL ESCOLAR N. 201 (25-6-2025)<\/a><\/strong><\/p>\n<p>&nbsp;<\/p>\n<h2 style=\"text-align: justify;\">Acords del curs 2025\/2026<\/h2>\n<p><strong><a href=\"https:\/\/agora.xtec.cat\/escolajjrafols\/wp-content\/uploads\/usu1828\/2025\/11\/ACTA-CONSELL-ESCOLAR-N.-202-21-10-2025.pdf\">ACTA CONSELL ESCOLAR N. 202 (21-10-2025)<\/a><\/strong><\/p>\n<p><strong><a href=\"https:\/\/agora.xtec.cat\/escolajjrafols\/wp-content\/uploads\/usu1828\/2026\/02\/ACTA-CONSELL-ESCOLAR-N.-203-3-12-2025.docx.pdf\">ACTA CONSELL ESCOLAR N. 203 (3-12-2025).docx<\/a><\/strong><\/p>\n<p><strong><a href=\"https:\/\/agora.xtec.cat\/escolajjrafols\/wp-content\/uploads\/usu1828\/2026\/03\/ACTA-WEB-CONSELL-ESCOLAR-N.-204-24-02-2026.docx.pdf\">ACTA WEB CONSELL ESCOLAR N. 204 (24-02-2026).docx<\/a><\/strong><\/p>\n<p><strong><a href=\"https:\/\/agora.xtec.cat\/escolajjrafols\/wp-content\/uploads\/usu1828\/2026\/03\/ACTA-CONSELL-ESCOLAR-N.-205-4-03-2026.pdf\">ACTA CONSELL ESCOLAR N. 205 (4-03-2026)<\/a><\/strong><\/p>\n<p><strong><a href=\"https:\/\/agora.xtec.cat\/escolajjrafols\/wp-content\/uploads\/usu1828\/2026\/03\/ACTA-CONSELL-ESCOLAR-N.-206-11-3-2026.docx.pdf\">ACTA CONSELL ESCOLAR N. 206 (11-3-2026).docx<\/a><\/strong><\/p>\n","protected":false},"excerpt":{"rendered":"<p>Acords del Consell escolar<br \/>\nNormativa<br \/>\nLa Llei 19\/2014, del 29 de desembre, de transpar\u00e8ncia, acc\u00e9s a la informaci\u00f3 p\u00fablica i bon govern (en endavant, LTAIPBG), va entrar en vigor l\u20191 de juliol de 2015. Aquesta Llei regula les obligacions de publicitat activa de les administracions p\u00fabliques i&hellip;  <a href=\"https:\/\/agora.xtec.cat\/escolajjrafols\/lescola\/consell-escolar\/\" title=\"Read Consell Escolar\">Llegeix m\u00e9s\u00bb<\/a><\/p>\n","protected":false},"author":1,"featured_media":0,"parent":22,"menu_order":0,"comment_status":"closed","ping_status":"closed","template":"","meta":{"_bbp_topic_count":0,"_bbp_reply_count":0,"_bbp_total_topic_count":0,"_bbp_total_reply_count":0,"_bbp_voice_count":0,"_bbp_anonymous_reply_count":0,"_bbp_topic_count_hidden":0,"_bbp_reply_count_hidden":0,"_bbp_forum_subforum_count":0,"footnotes":""},"class_list":["post-2215","page","type-page","status-publish","hentry"],"post_mailing_queue_ids":[],"_links":{"self":[{"href":"https:\/\/agora.xtec.cat\/escolajjrafols\/wp-json\/wp\/v2\/pages\/2215","targetHints":{"allow":["GET"]}}],"collection":[{"href":"https:\/\/agora.xtec.cat\/escolajjrafols\/wp-json\/wp\/v2\/pages"}],"about":[{"href":"https:\/\/agora.xtec.cat\/escolajjrafols\/wp-json\/wp\/v2\/types\/page"}],"author":[{"embeddable":true,"href":"https:\/\/agora.xtec.cat\/escolajjrafols\/wp-json\/wp\/v2\/users\/1"}],"replies":[{"embeddable":true,"href":"https:\/\/agora.xtec.cat\/escolajjrafols\/wp-json\/wp\/v2\/comments?post=2215"}],"version-history":[{"count":6,"href":"https:\/\/agora.xtec.cat\/escolajjrafols\/wp-json\/wp\/v2\/pages\/2215\/revisions"}],"predecessor-version":[{"id":3482,"href":"https:\/\/agora.xtec.cat\/escolajjrafols\/wp-json\/wp\/v2\/pages\/2215\/revisions\/3482"}],"up":[{"embeddable":true,"href":"https:\/\/agora.xtec.cat\/escolajjrafols\/wp-json\/wp\/v2\/pages\/22"}],"wp:attachment":[{"href":"https:\/\/agora.xtec.cat\/escolajjrafols\/wp-json\/wp\/v2\/media?parent=2215"}],"curies":[{"name":"wp","href":"https:\/\/api.w.org\/{rel}","templated":true}]}}