{"id":843,"date":"2022-03-10T21:16:37","date_gmt":"2022-03-10T20:16:37","guid":{"rendered":"https:\/\/agora.xtec.cat\/escolajeronidemoragas\/?page_id=843"},"modified":"2025-10-22T16:09:16","modified_gmt":"2025-10-22T14:09:16","slug":"educacio-primaria","status":"publish","type":"page","link":"https:\/\/agora.xtec.cat\/escolajeronidemoragas\/etapes-educatives\/educacio-primaria\/","title":{"rendered":"Educaci\u00f3 Prim\u00e0ria"},"content":{"rendered":"<p>L\u2019etapa d&#8217;<strong>educaci\u00f3 prim\u00e0ria<\/strong> compr\u00e8n alumnes d\u2019entre 6 i 12 anys. <span data-ccp-props=\"{&quot;201341983&quot;:0,&quot;335551550&quot;:6,&quot;335551620&quot;:6,&quot;335559739&quot;:160,&quot;335559740&quot;:360}\">\u00a0<\/span><\/p>\n<p><span data-contrast=\"auto\">En aquesta etapa es d\u00f3na continu\u00eftat a la metodologia iniciada en l\u2019etapa d\u2019infantil tenint en compte les individualitats de cada alumne en funci\u00f3 de les seves capacitats i necessitats. \u00c9s per aquest motiu que alguns alumnes segueixen fent un treball m\u00e9s d\u2019<strong>experimentaci\u00f3 i vivencial<\/strong> i en altres es comen\u00e7a a introduir un treball m\u00e9s curricular amb diverses metodologies apropant-nos al m\u00e0xim a la realitat de cada alumne\/a. <\/span><\/p>\n<p><span data-contrast=\"auto\">Utilitzem el <strong>treball per projectes<\/strong> per incidir globalitzadament en tots els \u00e0mbits o \u00e0rees. Es respecten els diferents ritmes d\u2019aprenentatge mitjan\u00e7ant diversos canals d\u2019informaci\u00f3 recollits en el Disseny Universal (DU) i el <strong>Disseny Universal per a l&#8217;Aprenentatge<\/strong> (DUA), tenint en compte i potenciant les <strong>intel\u00b7lig\u00e8ncies m\u00faltiples<\/strong> de cadascun dels alumnes. <\/span><\/p>\n<p>El curr\u00edculum forma part de la nostra ess\u00e8ncia de treball; adequant els seus continguts i compet\u00e8ncies a les particularitats de l\u2019alumnat i p<span data-ccp-props=\"{&quot;201341983&quot;:0,&quot;335551550&quot;:6,&quot;335551620&quot;:6,&quot;335559739&quot;:160,&quot;335559740&quot;:360}\">artint d\u2019un\u00a0<strong>eix motivador i significatiu<\/strong>,\u00a0<\/span>treballem globalment tots \u00e0mbits curriculars.<\/p>\n<p>Al llarg de tota l\u2019escolaritzaci\u00f3, sobretot per aquell alumnat que presenta\u00a0<strong>grans necessitats de suport generalitzades<\/strong>\u00a0i que requereixen d\u2019una atenci\u00f3 m\u00e9s especialitzada, emprem i vivim el concepte de l\u2019<strong>estimulaci\u00f3 basal i multisensorial<\/strong>. La seva finalitat \u00e9s acompanyar l\u2019alumnat en les seves necessitats segons el seu moment de vida. Partim de la idea que qualsevol persona t\u00e9 capacitat per aprendre, comunicar-se i percebre l\u2019entorn partint del seu propi cos, per aix\u00f2, acompanyem els nens i nenes en diverses d\u2019activitats:<\/p>\n<ul>\n<li>Estimulaci\u00f3 sensorial (experi\u00e8ncies som\u00e0tiques, vibrat\u00f2ries i vestibulars, auditives, manipulatives\u2026), passejos,\u00a0 d\u2019entreteniment l\u00fadic, etc.<\/li>\n<li>Educaci\u00f3 emocional (relaci\u00f3 amb els companys i adults, crear ambients de benestar i confian\u00e7a, etc.).<\/li>\n<li>Comunicatives (expressar emocions, fer peticions, escollir, guanyar autonomia\u2026).<\/li>\n<li>Motrius (afavorir la marxa, activitats manipulatives per guanyar autonomia\u2026).<\/li>\n<\/ul>\n<p>&nbsp;<\/p>\n<p><strong>Equip docent d&#8217;infantil i prim\u00e0ria<\/strong><\/p>\n<p><a href=\"https:\/\/agora.xtec.cat\/escolajeronidemoragas\/wp-content\/uploads\/usu2509\/2025\/10\/IMG_6635-1.jpg\"><img loading=\"lazy\" decoding=\"async\" class=\"size-large wp-image-4560 aligncenter\" src=\"https:\/\/agora.xtec.cat\/escolajeronidemoragas\/wp-content\/uploads\/usu2509\/2025\/10\/IMG_6635-1-1024x1024.jpg\" alt=\"\" width=\"1024\" height=\"1024\" srcset=\"https:\/\/agora.xtec.cat\/escolajeronidemoragas\/wp-content\/uploads\/usu2509\/2025\/10\/IMG_6635-1-1024x1024.jpg 1024w, https:\/\/agora.xtec.cat\/escolajeronidemoragas\/wp-content\/uploads\/usu2509\/2025\/10\/IMG_6635-1-300x300.jpg 300w, https:\/\/agora.xtec.cat\/escolajeronidemoragas\/wp-content\/uploads\/usu2509\/2025\/10\/IMG_6635-1-150x150.jpg 150w, https:\/\/agora.xtec.cat\/escolajeronidemoragas\/wp-content\/uploads\/usu2509\/2025\/10\/IMG_6635-1-768x768.jpg 768w, https:\/\/agora.xtec.cat\/escolajeronidemoragas\/wp-content\/uploads\/usu2509\/2025\/10\/IMG_6635-1.jpg 1280w\" sizes=\"auto, (max-width: 1024px) 100vw, 1024px\" \/><\/a><\/p>\n<p>&nbsp;<\/p>\n<p>&nbsp;<\/p>\n<p>&nbsp;<\/p>\n<p>&nbsp;<\/p>\n<p>&nbsp;<\/p>\n<p>&nbsp;<\/p>\n<p>&nbsp;<\/p>\n<p>&nbsp;<\/p>\n<p>&nbsp;<\/p>\n<p>&nbsp;<\/p>\n<p>&nbsp;<\/p>\n<p>&nbsp;<\/p>\n<p>&nbsp;<\/p>\n<p>&nbsp;<\/p>\n<p>&nbsp;<\/p>\n<p>&nbsp;<\/p>\n<p>&nbsp;<\/p>\n","protected":false},"excerpt":{"rendered":"<p>L\u2019etapa d&#8217;educaci\u00f3 prim\u00e0ria compr\u00e8n alumnes d\u2019entre 6 i 12 anys. \u00a0<br \/>\nEn aquesta etapa es d\u00f3na continu\u00eftat a la metodologia iniciada en l\u2019etapa d\u2019infantil tenint en compte les individualitats de cada alumne en funci\u00f3 de les seves capacitats i necessitats. \u00c9s per aquest motiu que alguns&hellip;  <a href=\"https:\/\/agora.xtec.cat\/escolajeronidemoragas\/etapes-educatives\/educacio-primaria\/\" title=\"Read Educaci\u00f3 Prim\u00e0ria\">Llegeix m\u00e9s\u00bb<\/a><\/p>\n","protected":false},"author":1,"featured_media":0,"parent":590,"menu_order":0,"comment_status":"closed","ping_status":"closed","template":"","meta":{"_bbp_topic_count":0,"_bbp_reply_count":0,"_bbp_total_topic_count":0,"_bbp_total_reply_count":0,"_bbp_voice_count":0,"_bbp_anonymous_reply_count":0,"_bbp_topic_count_hidden":0,"_bbp_reply_count_hidden":0,"_bbp_forum_subforum_count":0,"footnotes":""},"class_list":["post-843","page","type-page","status-publish","hentry"],"post_mailing_queue_ids":[],"_links":{"self":[{"href":"https:\/\/agora.xtec.cat\/escolajeronidemoragas\/wp-json\/wp\/v2\/pages\/843","targetHints":{"allow":["GET"]}}],"collection":[{"href":"https:\/\/agora.xtec.cat\/escolajeronidemoragas\/wp-json\/wp\/v2\/pages"}],"about":[{"href":"https:\/\/agora.xtec.cat\/escolajeronidemoragas\/wp-json\/wp\/v2\/types\/page"}],"author":[{"embeddable":true,"href":"https:\/\/agora.xtec.cat\/escolajeronidemoragas\/wp-json\/wp\/v2\/users\/1"}],"replies":[{"embeddable":true,"href":"https:\/\/agora.xtec.cat\/escolajeronidemoragas\/wp-json\/wp\/v2\/comments?post=843"}],"version-history":[{"count":5,"href":"https:\/\/agora.xtec.cat\/escolajeronidemoragas\/wp-json\/wp\/v2\/pages\/843\/revisions"}],"predecessor-version":[{"id":4561,"href":"https:\/\/agora.xtec.cat\/escolajeronidemoragas\/wp-json\/wp\/v2\/pages\/843\/revisions\/4561"}],"up":[{"embeddable":true,"href":"https:\/\/agora.xtec.cat\/escolajeronidemoragas\/wp-json\/wp\/v2\/pages\/590"}],"wp:attachment":[{"href":"https:\/\/agora.xtec.cat\/escolajeronidemoragas\/wp-json\/wp\/v2\/media?parent=843"}],"curies":[{"name":"wp","href":"https:\/\/api.w.org\/{rel}","templated":true}]}}

Educació Primària

<p>L’etapa d&#8217;<strong>educació primària</strong> comprèn alumnes d’entre 6 i 12 anys. <span data-ccp-props="{&quot;201341983&quot;:0,&quot;335551550&quot;:6,&quot;335551620&quot;:6,&quot;335559739&quot;:160,&quot;335559740&quot;:360}"> </span></p>
<p><span data-contrast="auto">En aquesta etapa es dóna continuïtat a la metodologia iniciada en l’etapa d’infantil tenint en compte les individualitats de cada alumne en funció de les seves capacitats i necessitats. És per aquest motiu que alguns alumnes segueixen fent un treball més d’<strong>experimentació i vivencial</strong> i en altres es comença a introduir un treball més curricular amb diverses metodologies apropant-nos al màxim a la realitat de cada alumne/a. </span></p>
<p><span data-contrast="auto">Utilitzem el <strong>treball per projectes</strong> per incidir globalitzadament en tots els àmbits o àrees. Es respecten els diferents ritmes d’aprenentatge mitjançant diversos canals d’informació recollits en el Disseny Universal (DU) i el <strong>Disseny Universal per a l&#8217;Aprenentatge</strong> (DUA), tenint en compte i potenciant les <strong>intel·ligències múltiples</strong> de cadascun dels alumnes. </span></p>
<p>El currículum forma part de la nostra essència de treball; adequant els seus continguts i competències a les particularitats de l’alumnat i p<span data-ccp-props="{&quot;201341983&quot;:0,&quot;335551550&quot;:6,&quot;335551620&quot;:6,&quot;335559739&quot;:160,&quot;335559740&quot;:360}">artint d’un <strong>eix motivador i significatiu</strong>, </span>treballem globalment tots àmbits curriculars.</p>
<p>Al llarg de tota l’escolarització, sobretot per aquell alumnat que presenta <strong>grans necessitats de suport generalitzades</strong> i que requereixen d’una atenció més especialitzada, emprem i vivim el concepte de l’<strong>estimulació basal i multisensorial</strong>. La seva finalitat és acompanyar l’alumnat en les seves necessitats segons el seu moment de vida. Partim de la idea que qualsevol persona té capacitat per aprendre, comunicar-se i percebre l’entorn partint del seu propi cos, per això, acompanyem els nens i nenes en diverses d’activitats:</p>
<ul>
<li>Estimulació sensorial (experiències somàtiques, vibratòries i vestibulars, auditives, manipulatives…), passejos,  d’entreteniment lúdic, etc.</li>
<li>Educació emocional (relació amb els companys i adults, crear ambients de benestar i confiança, etc.).</li>
<li>Comunicatives (expressar emocions, fer peticions, escollir, guanyar autonomia…).</li>
<li>Motrius (afavorir la marxa, activitats manipulatives per guanyar autonomia…).</li>
</ul>
<p>&nbsp;</p>
<p><strong>Equip docent d&#8217;infantil i primària</strong></p>
<p><a href="https://agora.xtec.cat/escolajeronidemoragas/wp-content/uploads/usu2509/2025/10/IMG_6635-1.jpg"><img loading="lazy" decoding="async" class="size-large wp-image-4560 aligncenter" src="https://agora.xtec.cat/escolajeronidemoragas/wp-content/uploads/usu2509/2025/10/IMG_6635-1-1024x1024.jpg" alt="" width="1024" height="1024" srcset="https://agora.xtec.cat/escolajeronidemoragas/wp-content/uploads/usu2509/2025/10/IMG_6635-1-1024x1024.jpg 1024w, https://agora.xtec.cat/escolajeronidemoragas/wp-content/uploads/usu2509/2025/10/IMG_6635-1-300x300.jpg 300w, https://agora.xtec.cat/escolajeronidemoragas/wp-content/uploads/usu2509/2025/10/IMG_6635-1-150x150.jpg 150w, https://agora.xtec.cat/escolajeronidemoragas/wp-content/uploads/usu2509/2025/10/IMG_6635-1-768x768.jpg 768w, https://agora.xtec.cat/escolajeronidemoragas/wp-content/uploads/usu2509/2025/10/IMG_6635-1.jpg 1280w" sizes="auto, (max-width: 1024px) 100vw, 1024px" /></a></p>
<p>&nbsp;</p>
<p>&nbsp;</p>
<p>&nbsp;</p>
<p>&nbsp;</p>
<p>&nbsp;</p>
<p>&nbsp;</p>
<p>&nbsp;</p>
<p>&nbsp;</p>
<p>&nbsp;</p>
<p>&nbsp;</p>
<p>&nbsp;</p>
<p>&nbsp;</p>
<p>&nbsp;</p>
<p>&nbsp;</p>
<p>&nbsp;</p>
<p>&nbsp;</p>
<p>&nbsp;</p>

<p>L’etapa d&#8217;educació primària comprèn alumnes d’entre 6 i 12 anys.  <br />
En aquesta etapa es dóna continuïtat a la metodologia iniciada en l’etapa d’infantil tenint en compte les individualitats de cada alumne en funció de les seves capacitats i necessitats. És per aquest motiu que alguns&hellip;  <a href="https://agora.xtec.cat/escolajeronidemoragas/etapes-educatives/educacio-primaria/" title="Read Educació Primària">Llegeix més»</a></p>
