{"id":837,"date":"2022-03-10T20:25:43","date_gmt":"2022-03-10T19:25:43","guid":{"rendered":"https:\/\/agora.xtec.cat\/escolajeronidemoragas\/?page_id=837"},"modified":"2025-10-22T16:05:06","modified_gmt":"2025-10-22T14:05:06","slug":"educacio-infantil","status":"publish","type":"page","link":"https:\/\/agora.xtec.cat\/escolajeronidemoragas\/etapes-educatives\/educacio-infantil\/","title":{"rendered":"Educaci\u00f3 Infantil"},"content":{"rendered":"<p>L\u2019etapa d\u2019infantil compr\u00e8n alumes d\u2019entre <strong>3 i 6 anys<\/strong> amb diferents tipus de necessitats educatives. <span data-ccp-props=\"{&quot;201341983&quot;:0,&quot;335551550&quot;:6,&quot;335551620&quot;:6,&quot;335559739&quot;:160,&quot;335559740&quot;:360}\">\u00a0<\/span><\/p>\n<p><span data-contrast=\"auto\">En aquesta etapa el treball es focalitza en l\u2019<strong>aprenentatge a trav\u00e9s de l\u2019experimentaci\u00f3<\/strong> i la viv\u00e8ncia, per tal que l\u2019aprenentatge sigui significatiu i funcional. Tamb\u00e9 es potencia l\u2019<strong>adquisici\u00f3 de l\u2019autonomia<\/strong> a trav\u00e9s del treball d\u2019h\u00e0bits i rutines. <\/span><span data-ccp-props=\"{&quot;201341983&quot;:0,&quot;335551550&quot;:6,&quot;335551620&quot;:6,&quot;335559739&quot;:160,&quot;335559740&quot;:360}\">\u00a0Sobretot, d<\/span><span data-contrast=\"auto\">urant aquesta etapa \u00e9s fonamental <strong>garantir el benestar emocional<\/strong> dels alumnes.<\/span><span data-ccp-props=\"{&quot;201341983&quot;:0,&quot;335551550&quot;:6,&quot;335551620&quot;:6,&quot;335559739&quot;:160,&quot;335559740&quot;:360}\">\u00a0<\/span><\/p>\n<p>Realitzem un <strong>treball per projectes<\/strong> per tal de dur a terme un treball globalitzat de tots els \u00e0mbits o \u00e0rees d&#8217;intervenci\u00f3. Respectem els <strong>diversos ritmes d\u2019aprenentatge<\/strong> mitjan\u00e7ant els canals d\u2019informaci\u00f3 recollits en el Disseny Universal (DU) i el <strong>Disseny Universal per a l&#8217;Aaprenentatge<\/strong> (DUA) tenint en compte i potenciant les <strong>intel\u00b7lig\u00e8ncies m\u00faltiples<\/strong> de cadascun dels i les alumnes.<\/p>\n<p>El curr\u00edculum forma part de la nostra ess\u00e8ncia de treball; adequant els seus continguts i compet\u00e8ncies a les particularitats de l&#8217;alumnat i p<span data-ccp-props=\"{&quot;201341983&quot;:0,&quot;335551550&quot;:6,&quot;335551620&quot;:6,&quot;335559739&quot;:160,&quot;335559740&quot;:360}\">artint d\u2019un <strong>eix motivador i significatiu<\/strong>, <\/span>treballem globalment tots \u00e0mbits curriculars.<\/p>\n<p>Al llarg de tota l\u2019escolaritzaci\u00f3, sobretot per aquell alumnat que presenta <strong>grans necessitats de suport generalitzades<\/strong> i que requereixen d\u2019una atenci\u00f3 m\u00e9s especialitzada, emprem i vivim el concepte de l\u2019<strong>estimulaci\u00f3 basal i multisensorial<\/strong>. La seva finalitat \u00e9s acompanyar l\u2019alumnat en les seves necessitats segons el seu moment de vida. Partim de la idea que qualsevol persona t\u00e9 capacitat per aprendre, comunicar-se i percebre l\u2019entorn partint del seu propi cos, per aix\u00f2, acompanyem els nens i nenes en diverses d\u2019activitats:<\/p>\n<ul>\n<li>Estimulaci\u00f3 sensorial (experi\u00e8ncies som\u00e0tiques, vibrat\u00f2ries i vestibulars, auditives, manipulatives&#8230;), passejos,\u00a0 d\u2019entreteniment l\u00fadic, etc.<\/li>\n<li>Educaci\u00f3 emocional (relaci\u00f3 amb els companys i adults, crear ambients de benestar i confian\u00e7a, etc.).<\/li>\n<li>Comunicatives (expressar emocions, fer peticions, escollir, guanyar autonomia&#8230;).<\/li>\n<li>Motrius (afavorir la marxa, activitats manipulatives per guanyar autonomia&#8230;).<\/li>\n<\/ul>\n<p>&nbsp;<\/p>\n<p><strong>Equip docent d&#8217;infantil i prim\u00e0ria<\/strong><\/p>\n<p><a href=\"https:\/\/agora.xtec.cat\/escolajeronidemoragas\/wp-content\/uploads\/usu2509\/2025\/10\/IMG_6635.jpg\"><img loading=\"lazy\" decoding=\"async\" class=\"size-large wp-image-4558 aligncenter\" src=\"https:\/\/agora.xtec.cat\/escolajeronidemoragas\/wp-content\/uploads\/usu2509\/2025\/10\/IMG_6635-1024x1024.jpg\" alt=\"\" width=\"1024\" height=\"1024\" srcset=\"https:\/\/agora.xtec.cat\/escolajeronidemoragas\/wp-content\/uploads\/usu2509\/2025\/10\/IMG_6635-1024x1024.jpg 1024w, https:\/\/agora.xtec.cat\/escolajeronidemoragas\/wp-content\/uploads\/usu2509\/2025\/10\/IMG_6635-300x300.jpg 300w, https:\/\/agora.xtec.cat\/escolajeronidemoragas\/wp-content\/uploads\/usu2509\/2025\/10\/IMG_6635-150x150.jpg 150w, https:\/\/agora.xtec.cat\/escolajeronidemoragas\/wp-content\/uploads\/usu2509\/2025\/10\/IMG_6635-768x768.jpg 768w, https:\/\/agora.xtec.cat\/escolajeronidemoragas\/wp-content\/uploads\/usu2509\/2025\/10\/IMG_6635.jpg 1280w\" sizes=\"auto, (max-width: 1024px) 100vw, 1024px\" \/><\/a><\/p>\n<p>&nbsp;<\/p>\n<p>&nbsp;<\/p>\n<p>&nbsp;<\/p>\n<p>&nbsp;<\/p>\n<p>&nbsp;<\/p>\n<p>&nbsp;<\/p>\n<p>&nbsp;<\/p>\n<p>&nbsp;<\/p>\n<p>&nbsp;<\/p>\n<p>&nbsp;<\/p>\n<p>&nbsp;<\/p>\n<p>&nbsp;<\/p>\n<p>&nbsp;<\/p>\n<p>&nbsp;<\/p>\n<p>&nbsp;<\/p>\n<p>&nbsp;<\/p>\n<p>&nbsp;<\/p>\n<p>&nbsp;<\/p>\n","protected":false},"excerpt":{"rendered":"<p>L\u2019etapa d\u2019infantil compr\u00e8n alumes d\u2019entre 3 i 6 anys amb diferents tipus de necessitats educatives. \u00a0<br \/>\nEn aquesta etapa el treball es focalitza en l\u2019aprenentatge a trav\u00e9s de l\u2019experimentaci\u00f3 i la viv\u00e8ncia, per tal que l\u2019aprenentatge sigui significatiu i funcional. Tamb\u00e9 es potencia l\u2019adquisici\u00f3 de l\u2019autonomia&hellip;  <a href=\"https:\/\/agora.xtec.cat\/escolajeronidemoragas\/etapes-educatives\/educacio-infantil\/\" title=\"Read Educaci\u00f3 Infantil\">Llegeix m\u00e9s\u00bb<\/a><\/p>\n","protected":false},"author":1,"featured_media":0,"parent":590,"menu_order":0,"comment_status":"closed","ping_status":"closed","template":"","meta":{"_bbp_topic_count":0,"_bbp_reply_count":0,"_bbp_total_topic_count":0,"_bbp_total_reply_count":0,"_bbp_voice_count":0,"_bbp_anonymous_reply_count":0,"_bbp_topic_count_hidden":0,"_bbp_reply_count_hidden":0,"_bbp_forum_subforum_count":0,"footnotes":""},"class_list":["post-837","page","type-page","status-publish","hentry"],"post_mailing_queue_ids":[],"_links":{"self":[{"href":"https:\/\/agora.xtec.cat\/escolajeronidemoragas\/wp-json\/wp\/v2\/pages\/837","targetHints":{"allow":["GET"]}}],"collection":[{"href":"https:\/\/agora.xtec.cat\/escolajeronidemoragas\/wp-json\/wp\/v2\/pages"}],"about":[{"href":"https:\/\/agora.xtec.cat\/escolajeronidemoragas\/wp-json\/wp\/v2\/types\/page"}],"author":[{"embeddable":true,"href":"https:\/\/agora.xtec.cat\/escolajeronidemoragas\/wp-json\/wp\/v2\/users\/1"}],"replies":[{"embeddable":true,"href":"https:\/\/agora.xtec.cat\/escolajeronidemoragas\/wp-json\/wp\/v2\/comments?post=837"}],"version-history":[{"count":6,"href":"https:\/\/agora.xtec.cat\/escolajeronidemoragas\/wp-json\/wp\/v2\/pages\/837\/revisions"}],"predecessor-version":[{"id":4559,"href":"https:\/\/agora.xtec.cat\/escolajeronidemoragas\/wp-json\/wp\/v2\/pages\/837\/revisions\/4559"}],"up":[{"embeddable":true,"href":"https:\/\/agora.xtec.cat\/escolajeronidemoragas\/wp-json\/wp\/v2\/pages\/590"}],"wp:attachment":[{"href":"https:\/\/agora.xtec.cat\/escolajeronidemoragas\/wp-json\/wp\/v2\/media?parent=837"}],"curies":[{"name":"wp","href":"https:\/\/api.w.org\/{rel}","templated":true}]}}

Educació Infantil

<p>L’etapa d’infantil comprèn alumes d’entre <strong>3 i 6 anys</strong> amb diferents tipus de necessitats educatives. <span data-ccp-props="{&quot;201341983&quot;:0,&quot;335551550&quot;:6,&quot;335551620&quot;:6,&quot;335559739&quot;:160,&quot;335559740&quot;:360}"> </span></p>
<p><span data-contrast="auto">En aquesta etapa el treball es focalitza en l’<strong>aprenentatge a través de l’experimentació</strong> i la vivència, per tal que l’aprenentatge sigui significatiu i funcional. També es potencia l’<strong>adquisició de l’autonomia</strong> a través del treball d’hàbits i rutines. </span><span data-ccp-props="{&quot;201341983&quot;:0,&quot;335551550&quot;:6,&quot;335551620&quot;:6,&quot;335559739&quot;:160,&quot;335559740&quot;:360}"> Sobretot, d</span><span data-contrast="auto">urant aquesta etapa és fonamental <strong>garantir el benestar emocional</strong> dels alumnes.</span><span data-ccp-props="{&quot;201341983&quot;:0,&quot;335551550&quot;:6,&quot;335551620&quot;:6,&quot;335559739&quot;:160,&quot;335559740&quot;:360}"> </span></p>
<p>Realitzem un <strong>treball per projectes</strong> per tal de dur a terme un treball globalitzat de tots els àmbits o àrees d&#8217;intervenció. Respectem els <strong>diversos ritmes d’aprenentatge</strong> mitjançant els canals d’informació recollits en el Disseny Universal (DU) i el <strong>Disseny Universal per a l&#8217;Aaprenentatge</strong> (DUA) tenint en compte i potenciant les <strong>intel·ligències múltiples</strong> de cadascun dels i les alumnes.</p>
<p>El currículum forma part de la nostra essència de treball; adequant els seus continguts i competències a les particularitats de l&#8217;alumnat i p<span data-ccp-props="{&quot;201341983&quot;:0,&quot;335551550&quot;:6,&quot;335551620&quot;:6,&quot;335559739&quot;:160,&quot;335559740&quot;:360}">artint d’un <strong>eix motivador i significatiu</strong>, </span>treballem globalment tots àmbits curriculars.</p>
<p>Al llarg de tota l’escolarització, sobretot per aquell alumnat que presenta <strong>grans necessitats de suport generalitzades</strong> i que requereixen d’una atenció més especialitzada, emprem i vivim el concepte de l’<strong>estimulació basal i multisensorial</strong>. La seva finalitat és acompanyar l’alumnat en les seves necessitats segons el seu moment de vida. Partim de la idea que qualsevol persona té capacitat per aprendre, comunicar-se i percebre l’entorn partint del seu propi cos, per això, acompanyem els nens i nenes en diverses d’activitats:</p>
<ul>
<li>Estimulació sensorial (experiències somàtiques, vibratòries i vestibulars, auditives, manipulatives&#8230;), passejos,  d’entreteniment lúdic, etc.</li>
<li>Educació emocional (relació amb els companys i adults, crear ambients de benestar i confiança, etc.).</li>
<li>Comunicatives (expressar emocions, fer peticions, escollir, guanyar autonomia&#8230;).</li>
<li>Motrius (afavorir la marxa, activitats manipulatives per guanyar autonomia&#8230;).</li>
</ul>
<p>&nbsp;</p>
<p><strong>Equip docent d&#8217;infantil i primària</strong></p>
<p><a href="https://agora.xtec.cat/escolajeronidemoragas/wp-content/uploads/usu2509/2025/10/IMG_6635.jpg"><img loading="lazy" decoding="async" class="size-large wp-image-4558 aligncenter" src="https://agora.xtec.cat/escolajeronidemoragas/wp-content/uploads/usu2509/2025/10/IMG_6635-1024x1024.jpg" alt="" width="1024" height="1024" srcset="https://agora.xtec.cat/escolajeronidemoragas/wp-content/uploads/usu2509/2025/10/IMG_6635-1024x1024.jpg 1024w, https://agora.xtec.cat/escolajeronidemoragas/wp-content/uploads/usu2509/2025/10/IMG_6635-300x300.jpg 300w, https://agora.xtec.cat/escolajeronidemoragas/wp-content/uploads/usu2509/2025/10/IMG_6635-150x150.jpg 150w, https://agora.xtec.cat/escolajeronidemoragas/wp-content/uploads/usu2509/2025/10/IMG_6635-768x768.jpg 768w, https://agora.xtec.cat/escolajeronidemoragas/wp-content/uploads/usu2509/2025/10/IMG_6635.jpg 1280w" sizes="auto, (max-width: 1024px) 100vw, 1024px" /></a></p>
<p>&nbsp;</p>
<p>&nbsp;</p>
<p>&nbsp;</p>
<p>&nbsp;</p>
<p>&nbsp;</p>
<p>&nbsp;</p>
<p>&nbsp;</p>
<p>&nbsp;</p>
<p>&nbsp;</p>
<p>&nbsp;</p>
<p>&nbsp;</p>
<p>&nbsp;</p>
<p>&nbsp;</p>
<p>&nbsp;</p>
<p>&nbsp;</p>
<p>&nbsp;</p>
<p>&nbsp;</p>
<p>&nbsp;</p>

<p>L’etapa d’infantil comprèn alumes d’entre 3 i 6 anys amb diferents tipus de necessitats educatives.  <br />
En aquesta etapa el treball es focalitza en l’aprenentatge a través de l’experimentació i la vivència, per tal que l’aprenentatge sigui significatiu i funcional. També es potencia l’adquisició de l’autonomia&hellip;  <a href="https://agora.xtec.cat/escolajeronidemoragas/etapes-educatives/educacio-infantil/" title="Read Educació Infantil">Llegeix més»</a></p>
