{"id":829,"date":"2022-03-10T20:00:18","date_gmt":"2022-03-10T19:00:18","guid":{"rendered":"https:\/\/agora.xtec.cat\/escolajeronidemoragas\/?page_id=829"},"modified":"2025-10-22T16:25:25","modified_gmt":"2025-10-22T14:25:25","slug":"eso","status":"publish","type":"page","link":"https:\/\/agora.xtec.cat\/escolajeronidemoragas\/etapes-educatives\/eso\/","title":{"rendered":"ESO"},"content":{"rendered":"<p>L\u2019Educaci\u00f3 Secund\u00e0ria Obligat\u00f2ria (<strong>ESO<\/strong>) \u00e9s l\u2019etapa educativa que compr\u00e8n l\u2019alumnat dels <strong>12 als 18 anys<\/strong>.<span data-ccp-props=\"{&quot;201341983&quot;:0,&quot;335551550&quot;:6,&quot;335551620&quot;:6,&quot;335559739&quot;:200,&quot;335559740&quot;:276}\">\u00a0<\/span><\/p>\n<ul>\n<li><span data-contrast=\"auto\"> Ens basem en el <strong>treball per projectes<\/strong> afavorint l\u2019aprenentatge significatiu i vivencial i tenint en compte les <strong>intel\u00b7lig\u00e8ncies m\u00faltiples<\/strong> de cada alumne.<\/span><\/li>\n<li><span data-contrast=\"auto\"> Adaptem el curr\u00edculum i les activitats a les necessitats de l&#8217;alumnat <strong>oferint els suports i recursos necessaris<\/strong>.<\/span><\/li>\n<li><span data-contrast=\"auto\"> Realitzem <strong>agrupaments flexibles<\/strong> on agrupem els alumnes de diferents aules ens permeten treballar les \u00e0rees de <strong>llengua i matem\u00e0tiques<\/strong> afavorint un treball m\u00e9s individualitzat i ajustat al seu nivell d\u2019aprenentatge.\u00a0<\/span><\/li>\n<li><span data-contrast=\"auto\"> Oferim <strong>tallers optatius<\/strong> on cada alumne escull trimestralment aquells que m\u00e9s s\u2019adapten als seus interessos i inquietuds.<\/span><\/li>\n<li><span data-contrast=\"auto\"> A nivell d\u2019etapa es decideix un <strong>projecte transversal<\/strong> per treballar durant tot el curs de manera conjunta.<\/span><\/li>\n<li><span data-contrast=\"auto\"> L\u2019<strong>educaci\u00f3 emocional<\/strong> est\u00e0 present di\u00e0riament a l\u2019aula afavorint el benestar dels alumnes i facilitant el seu aprenentatge.<\/span><\/li>\n<\/ul>\n<p>Igual que en les etapes anteriors, al llarg de tota l\u2019escolaritzaci\u00f3, sobretot per aquell alumnat que presenta <strong>grans necessitats de suport generalitzades<\/strong>\u00a0i que requereixen d\u2019una atenci\u00f3 m\u00e9s especialitzada, emprem i vivim el concepte de l\u2019<strong>estimulaci\u00f3 basal i multisensorial<\/strong>. La seva finalitat \u00e9s acompanyar l\u2019alumnat en les seves necessitats segons el seu moment de vida. Partim de la idea que qualsevol persona t\u00e9 capacitat per aprendre, comunicar-se i percebre l\u2019entorn partint del seu propi cos, per aix\u00f2, acompanyem els nens i nenes en diverses d\u2019activitats:<\/p>\n<ul>\n<li>Estimulaci\u00f3 sensorial (experi\u00e8ncies som\u00e0tiques, vibrat\u00f2ries i vestibulars, auditives, manipulatives\u2026), passejos,\u00a0 d\u2019entreteniment l\u00fadic, etc.<\/li>\n<li>Educaci\u00f3 emocional (relaci\u00f3 amb els companys i adults, crear ambients de benestar i confian\u00e7a, etc.).<\/li>\n<li>Comunicatives (expressar emocions, fer peticions, escollir, guanyar autonomia\u2026).<\/li>\n<li>Motrius (afavorir la marxa, activitats manipulatives per guanyar autonomia\u2026).<\/li>\n<\/ul>\n<p>&nbsp;<\/p>\n<p><strong>Equip docent de secund\u00e0ria<\/strong><\/p>\n<p><a href=\"https:\/\/agora.xtec.cat\/escolajeronidemoragas\/wp-content\/uploads\/usu2509\/2025\/10\/IMG_6616.jpg\"><img loading=\"lazy\" decoding=\"async\" class=\"size-large wp-image-4555 aligncenter\" src=\"https:\/\/agora.xtec.cat\/escolajeronidemoragas\/wp-content\/uploads\/usu2509\/2025\/10\/IMG_6616-1024x1024.jpg\" alt=\"\" width=\"1024\" height=\"1024\" srcset=\"https:\/\/agora.xtec.cat\/escolajeronidemoragas\/wp-content\/uploads\/usu2509\/2025\/10\/IMG_6616-1024x1024.jpg 1024w, https:\/\/agora.xtec.cat\/escolajeronidemoragas\/wp-content\/uploads\/usu2509\/2025\/10\/IMG_6616-300x300.jpg 300w, https:\/\/agora.xtec.cat\/escolajeronidemoragas\/wp-content\/uploads\/usu2509\/2025\/10\/IMG_6616-150x150.jpg 150w, https:\/\/agora.xtec.cat\/escolajeronidemoragas\/wp-content\/uploads\/usu2509\/2025\/10\/IMG_6616-768x768.jpg 768w, https:\/\/agora.xtec.cat\/escolajeronidemoragas\/wp-content\/uploads\/usu2509\/2025\/10\/IMG_6616.jpg 1280w\" sizes=\"auto, (max-width: 1024px) 100vw, 1024px\" \/><\/a><\/p>\n<p>&nbsp;<\/p>\n<p>&nbsp;<\/p>\n<p>&nbsp;<\/p>\n<p>&nbsp;<\/p>\n<p>&nbsp;<\/p>\n<p>&nbsp;<\/p>\n<p>&nbsp;<\/p>\n<p>&nbsp;<\/p>\n<p>&nbsp;<\/p>\n<p>&nbsp;<\/p>\n<p>&nbsp;<\/p>\n<p>&nbsp;<\/p>\n<p>&nbsp;<\/p>\n<p>&nbsp;<\/p>\n<p>&nbsp;<\/p>\n<p>&nbsp;<\/p>\n<p>&nbsp;<\/p>\n<p>&nbsp;<\/p>\n","protected":false},"excerpt":{"rendered":"<p>L\u2019Educaci\u00f3 Secund\u00e0ria Obligat\u00f2ria (ESO) \u00e9s l\u2019etapa educativa que compr\u00e8n l\u2019alumnat dels 12 als 18 anys.\u00a0<\/p>\n<ul>\n<li> Ens basem en el treball per projectes afavorint l\u2019aprenentatge significatiu i vivencial i tenint en compte les intel\u00b7lig\u00e8ncies m\u00faltiples de cada alumne.<\/li>\n<li> Adaptem el curr\u00edculum i les activitats a les&hellip;  <a href=\"https:\/\/agora.xtec.cat\/escolajeronidemoragas\/etapes-educatives\/eso\/\" title=\"Read ESO\">Llegeix m\u00e9s\u00bb<\/a><br \/>\n","protected":false},"author":1,"featured_media":0,"parent":590,"menu_order":0,"comment_status":"closed","ping_status":"closed","template":"","meta":{"_bbp_topic_count":0,"_bbp_reply_count":0,"_bbp_total_topic_count":0,"_bbp_total_reply_count":0,"_bbp_voice_count":0,"_bbp_anonymous_reply_count":0,"_bbp_topic_count_hidden":0,"_bbp_reply_count_hidden":0,"_bbp_forum_subforum_count":0,"footnotes":""},"class_list":["post-829","page","type-page","status-publish","hentry"],"post_mailing_queue_ids":[],"_links":{"self":[{"href":"https:\/\/agora.xtec.cat\/escolajeronidemoragas\/wp-json\/wp\/v2\/pages\/829","targetHints":{"allow":["GET"]}}],"collection":[{"href":"https:\/\/agora.xtec.cat\/escolajeronidemoragas\/wp-json\/wp\/v2\/pages"}],"about":[{"href":"https:\/\/agora.xtec.cat\/escolajeronidemoragas\/wp-json\/wp\/v2\/types\/page"}],"author":[{"embeddable":true,"href":"https:\/\/agora.xtec.cat\/escolajeronidemoragas\/wp-json\/wp\/v2\/users\/1"}],"replies":[{"embeddable":true,"href":"https:\/\/agora.xtec.cat\/escolajeronidemoragas\/wp-json\/wp\/v2\/comments?post=829"}],"version-history":[{"count":7,"href":"https:\/\/agora.xtec.cat\/escolajeronidemoragas\/wp-json\/wp\/v2\/pages\/829\/revisions"}],"predecessor-version":[{"id":4570,"href":"https:\/\/agora.xtec.cat\/escolajeronidemoragas\/wp-json\/wp\/v2\/pages\/829\/revisions\/4570"}],"up":[{"embeddable":true,"href":"https:\/\/agora.xtec.cat\/escolajeronidemoragas\/wp-json\/wp\/v2\/pages\/590"}],"wp:attachment":[{"href":"https:\/\/agora.xtec.cat\/escolajeronidemoragas\/wp-json\/wp\/v2\/media?parent=829"}],"curies":[{"name":"wp","href":"https:\/\/api.w.org\/{rel}","templated":true}]}}

<p>L’Educació Secundària Obligatòria (<strong>ESO</strong>) és l’etapa educativa que comprèn l’alumnat dels <strong>12 als 18 anys</strong>.<span data-ccp-props="{&quot;201341983&quot;:0,&quot;335551550&quot;:6,&quot;335551620&quot;:6,&quot;335559739&quot;:200,&quot;335559740&quot;:276}"> </span></p>
<ul>
<li><span data-contrast="auto"> Ens basem en el <strong>treball per projectes</strong> afavorint l’aprenentatge significatiu i vivencial i tenint en compte les <strong>intel·ligències múltiples</strong> de cada alumne.</span></li>
<li><span data-contrast="auto"> Adaptem el currículum i les activitats a les necessitats de l&#8217;alumnat <strong>oferint els suports i recursos necessaris</strong>.</span></li>
<li><span data-contrast="auto"> Realitzem <strong>agrupaments flexibles</strong> on agrupem els alumnes de diferents aules ens permeten treballar les àrees de <strong>llengua i matemàtiques</strong> afavorint un treball més individualitzat i ajustat al seu nivell d’aprenentatge. </span></li>
<li><span data-contrast="auto"> Oferim <strong>tallers optatius</strong> on cada alumne escull trimestralment aquells que més s’adapten als seus interessos i inquietuds.</span></li>
<li><span data-contrast="auto"> A nivell d’etapa es decideix un <strong>projecte transversal</strong> per treballar durant tot el curs de manera conjunta.</span></li>
<li><span data-contrast="auto"> L’<strong>educació emocional</strong> està present diàriament a l’aula afavorint el benestar dels alumnes i facilitant el seu aprenentatge.</span></li>
</ul>
<p>Igual que en les etapes anteriors, al llarg de tota l’escolarització, sobretot per aquell alumnat que presenta <strong>grans necessitats de suport generalitzades</strong> i que requereixen d’una atenció més especialitzada, emprem i vivim el concepte de l’<strong>estimulació basal i multisensorial</strong>. La seva finalitat és acompanyar l’alumnat en les seves necessitats segons el seu moment de vida. Partim de la idea que qualsevol persona té capacitat per aprendre, comunicar-se i percebre l’entorn partint del seu propi cos, per això, acompanyem els nens i nenes en diverses d’activitats:</p>
<ul>
<li>Estimulació sensorial (experiències somàtiques, vibratòries i vestibulars, auditives, manipulatives…), passejos,  d’entreteniment lúdic, etc.</li>
<li>Educació emocional (relació amb els companys i adults, crear ambients de benestar i confiança, etc.).</li>
<li>Comunicatives (expressar emocions, fer peticions, escollir, guanyar autonomia…).</li>
<li>Motrius (afavorir la marxa, activitats manipulatives per guanyar autonomia…).</li>
</ul>
<p>&nbsp;</p>
<p><strong>Equip docent de secundària</strong></p>
<p><a href="https://agora.xtec.cat/escolajeronidemoragas/wp-content/uploads/usu2509/2025/10/IMG_6616.jpg"><img loading="lazy" decoding="async" class="size-large wp-image-4555 aligncenter" src="https://agora.xtec.cat/escolajeronidemoragas/wp-content/uploads/usu2509/2025/10/IMG_6616-1024x1024.jpg" alt="" width="1024" height="1024" srcset="https://agora.xtec.cat/escolajeronidemoragas/wp-content/uploads/usu2509/2025/10/IMG_6616-1024x1024.jpg 1024w, https://agora.xtec.cat/escolajeronidemoragas/wp-content/uploads/usu2509/2025/10/IMG_6616-300x300.jpg 300w, https://agora.xtec.cat/escolajeronidemoragas/wp-content/uploads/usu2509/2025/10/IMG_6616-150x150.jpg 150w, https://agora.xtec.cat/escolajeronidemoragas/wp-content/uploads/usu2509/2025/10/IMG_6616-768x768.jpg 768w, https://agora.xtec.cat/escolajeronidemoragas/wp-content/uploads/usu2509/2025/10/IMG_6616.jpg 1280w" sizes="auto, (max-width: 1024px) 100vw, 1024px" /></a></p>
<p>&nbsp;</p>
<p>&nbsp;</p>
<p>&nbsp;</p>
<p>&nbsp;</p>
<p>&nbsp;</p>
<p>&nbsp;</p>
<p>&nbsp;</p>
<p>&nbsp;</p>
<p>&nbsp;</p>
<p>&nbsp;</p>
<p>&nbsp;</p>
<p>&nbsp;</p>
<p>&nbsp;</p>
<p>&nbsp;</p>
<p>&nbsp;</p>
<p>&nbsp;</p>
<p>&nbsp;</p>
<p>&nbsp;</p>

<p>L’Educació Secundària Obligatòria (ESO) és l’etapa educativa que comprèn l’alumnat dels 12 als 18 anys. </p>
<ul>
<li> Ens basem en el treball per projectes afavorint l’aprenentatge significatiu i vivencial i tenint en compte les intel·ligències múltiples de cada alumne.</li>
<li> Adaptem el currículum i les activitats a les&hellip;  <a href="https://agora.xtec.cat/escolajeronidemoragas/etapes-educatives/eso/" title="Read ESO">Llegeix més»</a><br />
