{"id":82,"date":"2014-09-18T14:10:51","date_gmt":"2014-09-18T13:10:51","guid":{"rendered":"http:\/\/agora.xtec.cat\/escolajeronidemoragas\/?page_id=82"},"modified":"2025-09-09T11:49:26","modified_gmt":"2025-09-09T09:49:26","slug":"casal-destiu","status":"publish","type":"page","link":"https:\/\/agora.xtec.cat\/escolajeronidemoragas\/serveis\/casal-destiu\/","title":{"rendered":"Escola d&#8217;estiu"},"content":{"rendered":"<div id=\"contents_col\">\n<div class=\"item-page\">\n<p><strong>L\u2019Escola d\u2019Estiu \u00e9s un servei que ofereix activitats de lleure infantil i juvenil, dins l\u2019educaci\u00f3 \u00a0no formal ampliant la oferta educativa, que el centre ofereix, un cop ha acabat el curs lectiu, durant 4 setmanes entre juny i juliol. En el nostre \u201cCasal d\u2019Estiu\u201d els participants\u00a0 poden gaudir d\u2019un munt d\u2019activitats d\u2019oci i a l\u2019aire lliure : piscina, tallers, excursions, jocs, esports\u2026 per viure l\u2019estiu mentre ens divertim i aprenem!<\/strong><\/p>\n<p>&nbsp;<\/p>\n<\/div>\n<p><strong>ESCOLA D&#8217;ESTIU 26&#8242;<\/strong><\/p>\n<div class=\"item-page\">\n<ul>\n<li><strong>Localitzaci\u00f3:<\/strong> Escola Jeroni de Moragas<span style=\"color: #2795b6;\"><a style=\"color: #2795b6;\" href=\"https:\/\/agora.xtec.cat\/escolajeronidemoragas\/wp-content\/uploads\/usu2509\/2022\/05\/WhatsApp-Image-2021-07-14-at-18.11.28.jpeg\"><img loading=\"lazy\" decoding=\"async\" class=\"wp-image-975 alignright\" src=\"https:\/\/agora.xtec.cat\/escolajeronidemoragas\/wp-content\/uploads\/usu2509\/2022\/05\/WhatsApp-Image-2021-07-14-at-18.11.28-300x169.jpeg\" alt=\"\" width=\"400\" height=\"226\" srcset=\"https:\/\/agora.xtec.cat\/escolajeronidemoragas\/wp-content\/uploads\/usu2509\/2022\/05\/WhatsApp-Image-2021-07-14-at-18.11.28-300x169.jpeg 300w, https:\/\/agora.xtec.cat\/escolajeronidemoragas\/wp-content\/uploads\/usu2509\/2022\/05\/WhatsApp-Image-2021-07-14-at-18.11.28-1024x576.jpeg 1024w, https:\/\/agora.xtec.cat\/escolajeronidemoragas\/wp-content\/uploads\/usu2509\/2022\/05\/WhatsApp-Image-2021-07-14-at-18.11.28-768x432.jpeg 768w, https:\/\/agora.xtec.cat\/escolajeronidemoragas\/wp-content\/uploads\/usu2509\/2022\/05\/WhatsApp-Image-2021-07-14-at-18.11.28-1536x864.jpeg 1536w, https:\/\/agora.xtec.cat\/escolajeronidemoragas\/wp-content\/uploads\/usu2509\/2022\/05\/WhatsApp-Image-2021-07-14-at-18.11.28.jpeg 2000w\" sizes=\"auto, (max-width: 400px) 100vw, 400px\" \/><\/a><\/span><\/li>\n<li><strong>Per\u00edode:<\/strong> del 22 de juny al 17 de juliol<\/li>\n<li><strong style=\"font-family: inherit; font-size: 1em;\">Horari:<\/strong><span style=\"font-family: inherit; font-size: 1em;\"> De dilluns a divendres de 9:30h a 17:30h<\/span><\/li>\n<\/ul>\n<p><em>*Hi ha servei de menjador i transport durant l\u2019escola d\u2019estiu.<\/em><\/p>\n<\/div>\n<\/div>\n<p>&nbsp;<\/p>\n<p>&nbsp;<\/p>\n<p>&nbsp;<\/p>\n<div id=\"contents_col\">\n<div class=\"item-page\">\n<p><em><a href=\"https:\/\/agora.xtec.cat\/escolajeronidemoragas\/wp-content\/uploads\/usu2509\/2022\/05\/WhatsApp-Image-2021-07-16-at-14.17.41.jpeg\"><img loading=\"lazy\" decoding=\"async\" class=\"wp-image-974 alignleft\" src=\"https:\/\/agora.xtec.cat\/escolajeronidemoragas\/wp-content\/uploads\/usu2509\/2022\/05\/WhatsApp-Image-2021-07-16-at-14.17.41-300x225.jpeg\" alt=\"\" width=\"308\" height=\"231\" srcset=\"https:\/\/agora.xtec.cat\/escolajeronidemoragas\/wp-content\/uploads\/usu2509\/2022\/05\/WhatsApp-Image-2021-07-16-at-14.17.41-300x225.jpeg 300w, https:\/\/agora.xtec.cat\/escolajeronidemoragas\/wp-content\/uploads\/usu2509\/2022\/05\/WhatsApp-Image-2021-07-16-at-14.17.41-1024x768.jpeg 1024w, https:\/\/agora.xtec.cat\/escolajeronidemoragas\/wp-content\/uploads\/usu2509\/2022\/05\/WhatsApp-Image-2021-07-16-at-14.17.41-768x576.jpeg 768w, https:\/\/agora.xtec.cat\/escolajeronidemoragas\/wp-content\/uploads\/usu2509\/2022\/05\/WhatsApp-Image-2021-07-16-at-14.17.41-1536x1152.jpeg 1536w, https:\/\/agora.xtec.cat\/escolajeronidemoragas\/wp-content\/uploads\/usu2509\/2022\/05\/WhatsApp-Image-2021-07-16-at-14.17.41-200x150.jpeg 200w, https:\/\/agora.xtec.cat\/escolajeronidemoragas\/wp-content\/uploads\/usu2509\/2022\/05\/WhatsApp-Image-2021-07-16-at-14.17.41.jpeg 1600w\" sizes=\"auto, (max-width: 308px) 100vw, 308px\" \/><\/a>L\u2019Escola d\u2019Estiu compleix amb tota la normativa vigent de les activitats de lleure infantils i juvenils que marca la Secretaria General de Joventut de la Generalitat de Catalunya. El centre compleix amb totes les mesures a nivell sanitari i de higiene que venen donades pel Departament de Salut.<\/em><\/p>\n<p>Aquest Servei est\u00e1 adre\u00e7at als alumnes del centre de les etapes educatives obligatories dels 3 als 16 anys.<\/p>\n<p>La inscripci\u00f3 es realitza telem\u00e0ticament a trav\u00e9s del \u00a0correu electr\u00f2nic que s\u2019envia a les fam\u00edlies amb l\u2019aplicatiu Dinantia.<\/p>\n<p>&nbsp;<\/p>\n<p>&nbsp;<\/p>\n<\/div>\n<\/div>\n<div class=\"custom\"><\/div>\n","protected":false},"excerpt":{"rendered":"<p>L\u2019Escola d\u2019Estiu \u00e9s un servei que ofereix activitats de lleure infantil i juvenil, dins l\u2019educaci\u00f3 \u00a0no formal ampliant la oferta educativa, que el centre ofereix, un cop ha acabat el curs lectiu, durant 4 setmanes entre juny i juliol. En el nostre \u201cCasal d\u2019Estiu\u201d els&hellip;  <a href=\"https:\/\/agora.xtec.cat\/escolajeronidemoragas\/serveis\/casal-destiu\/\" title=\"Read Escola d&#8217;estiu\">Llegeix m\u00e9s\u00bb<\/a><\/p>\n","protected":false},"author":1,"featured_media":0,"parent":66,"menu_order":50,"comment_status":"closed","ping_status":"closed","template":"page-templates\/side-menu.php","meta":{"_bbp_topic_count":0,"_bbp_reply_count":0,"_bbp_total_topic_count":0,"_bbp_total_reply_count":0,"_bbp_voice_count":0,"_bbp_anonymous_reply_count":0,"_bbp_topic_count_hidden":0,"_bbp_reply_count_hidden":0,"_bbp_forum_subforum_count":0,"footnotes":""},"class_list":["post-82","page","type-page","status-publish","hentry"],"post_mailing_queue_ids":[],"_links":{"self":[{"href":"https:\/\/agora.xtec.cat\/escolajeronidemoragas\/wp-json\/wp\/v2\/pages\/82","targetHints":{"allow":["GET"]}}],"collection":[{"href":"https:\/\/agora.xtec.cat\/escolajeronidemoragas\/wp-json\/wp\/v2\/pages"}],"about":[{"href":"https:\/\/agora.xtec.cat\/escolajeronidemoragas\/wp-json\/wp\/v2\/types\/page"}],"author":[{"embeddable":true,"href":"https:\/\/agora.xtec.cat\/escolajeronidemoragas\/wp-json\/wp\/v2\/users\/1"}],"replies":[{"embeddable":true,"href":"https:\/\/agora.xtec.cat\/escolajeronidemoragas\/wp-json\/wp\/v2\/comments?post=82"}],"version-history":[{"count":5,"href":"https:\/\/agora.xtec.cat\/escolajeronidemoragas\/wp-json\/wp\/v2\/pages\/82\/revisions"}],"predecessor-version":[{"id":4402,"href":"https:\/\/agora.xtec.cat\/escolajeronidemoragas\/wp-json\/wp\/v2\/pages\/82\/revisions\/4402"}],"up":[{"embeddable":true,"href":"https:\/\/agora.xtec.cat\/escolajeronidemoragas\/wp-json\/wp\/v2\/pages\/66"}],"wp:attachment":[{"href":"https:\/\/agora.xtec.cat\/escolajeronidemoragas\/wp-json\/wp\/v2\/media?parent=82"}],"curies":[{"name":"wp","href":"https:\/\/api.w.org\/{rel}","templated":true}]}}

<div id="contents_col">
<div class="item-page">
<p><strong>L’Escola d’Estiu és un servei que ofereix activitats de lleure infantil i juvenil, dins l’educació  no formal ampliant la oferta educativa, que el centre ofereix, un cop ha acabat el curs lectiu, durant 4 setmanes entre juny i juliol. En el nostre “Casal d’Estiu” els participants  poden gaudir d’un munt d’activitats d’oci i a l’aire lliure : piscina, tallers, excursions, jocs, esports… per viure l’estiu mentre ens divertim i aprenem!</strong></p>
<p>&nbsp;</p>
</div>
<p><strong>ESCOLA D&#8217;ESTIU 26&#8242;</strong></p>
<div class="item-page">
<ul>
<li><strong>Localització:</strong> Escola Jeroni de Moragas<span style="color: #2795b6;"><a style="color: #2795b6;" href="https://agora.xtec.cat/escolajeronidemoragas/wp-content/uploads/usu2509/2022/05/WhatsApp-Image-2021-07-14-at-18.11.28.jpeg"><img loading="lazy" decoding="async" class="wp-image-975 alignright" src="https://agora.xtec.cat/escolajeronidemoragas/wp-content/uploads/usu2509/2022/05/WhatsApp-Image-2021-07-14-at-18.11.28-300x169.jpeg" alt="" width="400" height="226" srcset="https://agora.xtec.cat/escolajeronidemoragas/wp-content/uploads/usu2509/2022/05/WhatsApp-Image-2021-07-14-at-18.11.28-300x169.jpeg 300w, https://agora.xtec.cat/escolajeronidemoragas/wp-content/uploads/usu2509/2022/05/WhatsApp-Image-2021-07-14-at-18.11.28-1024x576.jpeg 1024w, https://agora.xtec.cat/escolajeronidemoragas/wp-content/uploads/usu2509/2022/05/WhatsApp-Image-2021-07-14-at-18.11.28-768x432.jpeg 768w, https://agora.xtec.cat/escolajeronidemoragas/wp-content/uploads/usu2509/2022/05/WhatsApp-Image-2021-07-14-at-18.11.28-1536x864.jpeg 1536w, https://agora.xtec.cat/escolajeronidemoragas/wp-content/uploads/usu2509/2022/05/WhatsApp-Image-2021-07-14-at-18.11.28.jpeg 2000w" sizes="auto, (max-width: 400px) 100vw, 400px" /></a></span></li>
<li><strong>Període:</strong> del 22 de juny al 17 de juliol</li>
<li><strong style="font-family: inherit; font-size: 1em;">Horari:</strong><span style="font-family: inherit; font-size: 1em;"> De dilluns a divendres de 9:30h a 17:30h</span></li>
</ul>
<p><em>*Hi ha servei de menjador i transport durant l’escola d’estiu.</em></p>
</div>
</div>
<p>&nbsp;</p>
<p>&nbsp;</p>
<p>&nbsp;</p>
<div id="contents_col">
<div class="item-page">
<p><em><a href="https://agora.xtec.cat/escolajeronidemoragas/wp-content/uploads/usu2509/2022/05/WhatsApp-Image-2021-07-16-at-14.17.41.jpeg"><img loading="lazy" decoding="async" class="wp-image-974 alignleft" src="https://agora.xtec.cat/escolajeronidemoragas/wp-content/uploads/usu2509/2022/05/WhatsApp-Image-2021-07-16-at-14.17.41-300x225.jpeg" alt="" width="308" height="231" srcset="https://agora.xtec.cat/escolajeronidemoragas/wp-content/uploads/usu2509/2022/05/WhatsApp-Image-2021-07-16-at-14.17.41-300x225.jpeg 300w, https://agora.xtec.cat/escolajeronidemoragas/wp-content/uploads/usu2509/2022/05/WhatsApp-Image-2021-07-16-at-14.17.41-1024x768.jpeg 1024w, https://agora.xtec.cat/escolajeronidemoragas/wp-content/uploads/usu2509/2022/05/WhatsApp-Image-2021-07-16-at-14.17.41-768x576.jpeg 768w, https://agora.xtec.cat/escolajeronidemoragas/wp-content/uploads/usu2509/2022/05/WhatsApp-Image-2021-07-16-at-14.17.41-1536x1152.jpeg 1536w, https://agora.xtec.cat/escolajeronidemoragas/wp-content/uploads/usu2509/2022/05/WhatsApp-Image-2021-07-16-at-14.17.41-200x150.jpeg 200w, https://agora.xtec.cat/escolajeronidemoragas/wp-content/uploads/usu2509/2022/05/WhatsApp-Image-2021-07-16-at-14.17.41.jpeg 1600w" sizes="auto, (max-width: 308px) 100vw, 308px" /></a>L’Escola d’Estiu compleix amb tota la normativa vigent de les activitats de lleure infantils i juvenils que marca la Secretaria General de Joventut de la Generalitat de Catalunya. El centre compleix amb totes les mesures a nivell sanitari i de higiene que venen donades pel Departament de Salut.</em></p>
<p>Aquest Servei está adreçat als alumnes del centre de les etapes educatives obligatories dels 3 als 16 anys.</p>
<p>La inscripció es realitza telemàticament a través del  correu electrònic que s’envia a les famílies amb l’aplicatiu Dinantia.</p>
<p>&nbsp;</p>
<p>&nbsp;</p>
</div>
</div>
<div class="custom"></div>

<p>L’Escola d’Estiu és un servei que ofereix activitats de lleure infantil i juvenil, dins l’educació  no formal ampliant la oferta educativa, que el centre ofereix, un cop ha acabat el curs lectiu, durant 4 setmanes entre juny i juliol. En el nostre “Casal d’Estiu” els&hellip;  <a href="https://agora.xtec.cat/escolajeronidemoragas/serveis/casal-destiu/" title="Read Escola d&#8217;estiu">Llegeix més»</a></p>
