{"id":80,"date":"2014-09-18T14:09:48","date_gmt":"2014-09-18T13:09:48","guid":{"rendered":"http:\/\/agora.xtec.cat\/escolajeronidemoragas\/?page_id=80"},"modified":"2025-10-30T13:17:00","modified_gmt":"2025-10-30T12:17:00","slug":"transport-escolar","status":"publish","type":"page","link":"https:\/\/agora.xtec.cat\/escolajeronidemoragas\/serveis\/transport-escolar\/","title":{"rendered":"Transport Escolar"},"content":{"rendered":"<p><a href=\"https:\/\/agora.xtec.cat\/escolajeronidemoragas\/wp-content\/uploads\/usu2509\/2022\/05\/autobus.png\"><img loading=\"lazy\" decoding=\"async\" class=\"wp-image-1034 alignleft\" src=\"https:\/\/agora.xtec.cat\/escolajeronidemoragas\/wp-content\/uploads\/usu2509\/2022\/05\/autobus.png\" alt=\"\" width=\"226\" height=\"226\" srcset=\"https:\/\/agora.xtec.cat\/escolajeronidemoragas\/wp-content\/uploads\/usu2509\/2022\/05\/autobus.png 500w, https:\/\/agora.xtec.cat\/escolajeronidemoragas\/wp-content\/uploads\/usu2509\/2022\/05\/autobus-300x300.png 300w, https:\/\/agora.xtec.cat\/escolajeronidemoragas\/wp-content\/uploads\/usu2509\/2022\/05\/autobus-150x150.png 150w\" sizes=\"auto, (max-width: 226px) 100vw, 226px\" \/><\/a><\/p>\n<div data-olk-copy-source=\"MessageBody\"><\/div>\n<div data-olk-copy-source=\"MessageBody\"><\/div>\n<div class=\"x_elementToProof\" style=\"text-align: justify;\" data-olk-copy-source=\"MessageBody\">\n<p>&nbsp;<\/p>\n<p>Des del <strong>Departament d\u2019Educaci\u00f3<\/strong> es proporciona transport a tots els estudiants d\u2019educaci\u00f3 obligat\u00f2ria que han de cursar els seus estudis fora del seu municipi de resid\u00e8ncia.<\/p>\n<p>Actualment, el servei est\u00e0 gestionat pel <strong>Consell Comarcal<\/strong>, que ha subcontractat a l\u2019empresa <strong>Sagal\u00e9s<\/strong> la seva gesti\u00f3.<\/p>\n<p><strong>\u00a0<\/strong><\/p>\n<p><strong>Contactes:\u00a0 \u00a0<\/strong><\/p>\n<ul>\n<li>Consell Comarcal: 936 930 350<\/li>\n<li>Servei Educatiu i Cultural: 936 930 357\/936 930 393<\/li>\n<\/ul>\n<\/div>\n<p>&nbsp;<\/p>\n<p>&nbsp;<\/p>\n<p>&nbsp;<\/p>\n","protected":false},"excerpt":{"rendered":"<p><a href=\"https:\/\/agora.xtec.cat\/escolajeronidemoragas\/wp-content\/uploads\/usu2509\/2022\/05\/autobus.png\"><\/a><\/p>\n<p>&nbsp;<br \/>\nDes del Departament d\u2019Educaci\u00f3 es proporciona transport a tots els estudiants d\u2019educaci\u00f3 obligat\u00f2ria que han de cursar els seus estudis fora del seu municipi de resid\u00e8ncia.<br \/>\nActualment, el servei est\u00e0 gestionat pel Consell Comarcal, que ha subcontractat a l\u2019empresa Sagal\u00e9s la seva gesti\u00f3.<br \/>\n\u00a0<br \/>\nContactes:\u00a0 \u00a0<\/p>\n<ul>\n<li>Consell Comarcal:&hellip;  <a href=\"https:\/\/agora.xtec.cat\/escolajeronidemoragas\/serveis\/transport-escolar\/\" title=\"Read Transport Escolar\">Llegeix m\u00e9s\u00bb<\/a><br \/>\n","protected":false},"author":1,"featured_media":0,"parent":66,"menu_order":40,"comment_status":"closed","ping_status":"closed","template":"page-templates\/side-menu.php","meta":{"_bbp_topic_count":0,"_bbp_reply_count":0,"_bbp_total_topic_count":0,"_bbp_total_reply_count":0,"_bbp_voice_count":0,"_bbp_anonymous_reply_count":0,"_bbp_topic_count_hidden":0,"_bbp_reply_count_hidden":0,"_bbp_forum_subforum_count":0,"footnotes":""},"class_list":["post-80","page","type-page","status-publish","hentry"],"post_mailing_queue_ids":[],"_links":{"self":[{"href":"https:\/\/agora.xtec.cat\/escolajeronidemoragas\/wp-json\/wp\/v2\/pages\/80","targetHints":{"allow":["GET"]}}],"collection":[{"href":"https:\/\/agora.xtec.cat\/escolajeronidemoragas\/wp-json\/wp\/v2\/pages"}],"about":[{"href":"https:\/\/agora.xtec.cat\/escolajeronidemoragas\/wp-json\/wp\/v2\/types\/page"}],"author":[{"embeddable":true,"href":"https:\/\/agora.xtec.cat\/escolajeronidemoragas\/wp-json\/wp\/v2\/users\/1"}],"replies":[{"embeddable":true,"href":"https:\/\/agora.xtec.cat\/escolajeronidemoragas\/wp-json\/wp\/v2\/comments?post=80"}],"version-history":[{"count":7,"href":"https:\/\/agora.xtec.cat\/escolajeronidemoragas\/wp-json\/wp\/v2\/pages\/80\/revisions"}],"predecessor-version":[{"id":4656,"href":"https:\/\/agora.xtec.cat\/escolajeronidemoragas\/wp-json\/wp\/v2\/pages\/80\/revisions\/4656"}],"up":[{"embeddable":true,"href":"https:\/\/agora.xtec.cat\/escolajeronidemoragas\/wp-json\/wp\/v2\/pages\/66"}],"wp:attachment":[{"href":"https:\/\/agora.xtec.cat\/escolajeronidemoragas\/wp-json\/wp\/v2\/media?parent=80"}],"curies":[{"name":"wp","href":"https:\/\/api.w.org\/{rel}","templated":true}]}}

<p><a href="https://agora.xtec.cat/escolajeronidemoragas/wp-content/uploads/usu2509/2022/05/autobus.png"><img loading="lazy" decoding="async" class="wp-image-1034 alignleft" src="https://agora.xtec.cat/escolajeronidemoragas/wp-content/uploads/usu2509/2022/05/autobus.png" alt="" width="226" height="226" srcset="https://agora.xtec.cat/escolajeronidemoragas/wp-content/uploads/usu2509/2022/05/autobus.png 500w, https://agora.xtec.cat/escolajeronidemoragas/wp-content/uploads/usu2509/2022/05/autobus-300x300.png 300w, https://agora.xtec.cat/escolajeronidemoragas/wp-content/uploads/usu2509/2022/05/autobus-150x150.png 150w" sizes="auto, (max-width: 226px) 100vw, 226px" /></a></p>
<div data-olk-copy-source="MessageBody"></div>
<div data-olk-copy-source="MessageBody"></div>
<div class="x_elementToProof" style="text-align: justify;" data-olk-copy-source="MessageBody">
<p>&nbsp;</p>
<p>Des del <strong>Departament d’Educació</strong> es proporciona transport a tots els estudiants d’educació obligatòria que han de cursar els seus estudis fora del seu municipi de residència.</p>
<p>Actualment, el servei està gestionat pel <strong>Consell Comarcal</strong>, que ha subcontractat a l’empresa <strong>Sagalés</strong> la seva gestió.</p>
<p><strong> </strong></p>
<p><strong>Contactes:   </strong></p>
<ul>
<li>Consell Comarcal: 936 930 350</li>
<li>Servei Educatiu i Cultural: 936 930 357/936 930 393</li>
</ul>
</div>
<p>&nbsp;</p>
<p>&nbsp;</p>
<p>&nbsp;</p>

<p><a href="https://agora.xtec.cat/escolajeronidemoragas/wp-content/uploads/usu2509/2022/05/autobus.png"></a></p>
<p>&nbsp;<br />
Des del Departament d’Educació es proporciona transport a tots els estudiants d’educació obligatòria que han de cursar els seus estudis fora del seu municipi de residència.<br />
Actualment, el servei està gestionat pel Consell Comarcal, que ha subcontractat a l’empresa Sagalés la seva gestió.<br />
 <br />
Contactes:   </p>
<ul>
<li>Consell Comarcal:&hellip;  <a href="https://agora.xtec.cat/escolajeronidemoragas/serveis/transport-escolar/" title="Read Transport Escolar">Llegeix més»</a><br />
