{"id":77,"date":"2014-09-18T14:05:08","date_gmt":"2014-09-18T13:05:08","guid":{"rendered":"http:\/\/agora.xtec.cat\/escolajeronidemoragas\/?page_id=77"},"modified":"2022-05-24T13:20:57","modified_gmt":"2022-05-24T11:20:57","slug":"acollida","status":"publish","type":"page","link":"https:\/\/agora.xtec.cat\/escolajeronidemoragas\/serveis\/acollida\/","title":{"rendered":"Acollida matinal"},"content":{"rendered":"<p><a href=\"https:\/\/agora.xtec.cat\/escolajeronidemoragas\/wp-content\/uploads\/usu2509\/2022\/05\/acollida-matinal.jpg\"><img loading=\"lazy\" decoding=\"async\" class=\"wp-image-1026 alignleft\" src=\"https:\/\/agora.xtec.cat\/escolajeronidemoragas\/wp-content\/uploads\/usu2509\/2022\/05\/acollida-matinal.jpg\" alt=\"\" width=\"206\" height=\"144\" srcset=\"https:\/\/agora.xtec.cat\/escolajeronidemoragas\/wp-content\/uploads\/usu2509\/2022\/05\/acollida-matinal.jpg 612w, https:\/\/agora.xtec.cat\/escolajeronidemoragas\/wp-content\/uploads\/usu2509\/2022\/05\/acollida-matinal-300x209.jpg 300w\" sizes=\"auto, (max-width: 206px) 100vw, 206px\" \/><\/a>L&#8217;<strong>Acollida Matinal<\/strong> \u00e9s el servei despertador que l&#8217;escola ofereix a les fam\u00edlies per a facilitar una millor conciliaci\u00f3 familiar i laboral. \u00c9s un espai de lleure que t\u00e9 per objectiu que els infants i joves es diverteixin, juguin i aprenguin en un ambient dist\u00e8s abans de comen\u00e7ar la jornada escolar.<\/p>\n<p>Horari del servei d&#8217;Acollida Matinal:\u00a0<strong>8:45h a les 9:30h<\/strong><\/p>\n<p>&nbsp;<\/p>\n<p>&nbsp;<\/p>\n<p>&nbsp;<\/p>\n","protected":false},"excerpt":{"rendered":"<p><a href=\"https:\/\/agora.xtec.cat\/escolajeronidemoragas\/wp-content\/uploads\/usu2509\/2022\/05\/acollida-matinal.jpg\"><\/a>L&#8217;Acollida Matinal \u00e9s el servei despertador que l&#8217;escola ofereix a les fam\u00edlies per a facilitar una millor conciliaci\u00f3 familiar i laboral. \u00c9s un espai de lleure que t\u00e9 per objectiu que els infants i joves es diverteixin, juguin i aprenguin en un ambient dist\u00e8s&hellip;  <a href=\"https:\/\/agora.xtec.cat\/escolajeronidemoragas\/serveis\/acollida\/\" title=\"Read Acollida matinal\">Llegeix m\u00e9s\u00bb<\/a><\/p>\n","protected":false},"author":1,"featured_media":0,"parent":66,"menu_order":20,"comment_status":"closed","ping_status":"closed","template":"page-templates\/side-menu.php","meta":{"_bbp_topic_count":0,"_bbp_reply_count":0,"_bbp_total_topic_count":0,"_bbp_total_reply_count":0,"_bbp_voice_count":0,"_bbp_anonymous_reply_count":0,"_bbp_topic_count_hidden":0,"_bbp_reply_count_hidden":0,"_bbp_forum_subforum_count":0,"footnotes":""},"class_list":["post-77","page","type-page","status-publish","hentry"],"post_mailing_queue_ids":[],"_links":{"self":[{"href":"https:\/\/agora.xtec.cat\/escolajeronidemoragas\/wp-json\/wp\/v2\/pages\/77","targetHints":{"allow":["GET"]}}],"collection":[{"href":"https:\/\/agora.xtec.cat\/escolajeronidemoragas\/wp-json\/wp\/v2\/pages"}],"about":[{"href":"https:\/\/agora.xtec.cat\/escolajeronidemoragas\/wp-json\/wp\/v2\/types\/page"}],"author":[{"embeddable":true,"href":"https:\/\/agora.xtec.cat\/escolajeronidemoragas\/wp-json\/wp\/v2\/users\/1"}],"replies":[{"embeddable":true,"href":"https:\/\/agora.xtec.cat\/escolajeronidemoragas\/wp-json\/wp\/v2\/comments?post=77"}],"version-history":[{"count":4,"href":"https:\/\/agora.xtec.cat\/escolajeronidemoragas\/wp-json\/wp\/v2\/pages\/77\/revisions"}],"predecessor-version":[{"id":1029,"href":"https:\/\/agora.xtec.cat\/escolajeronidemoragas\/wp-json\/wp\/v2\/pages\/77\/revisions\/1029"}],"up":[{"embeddable":true,"href":"https:\/\/agora.xtec.cat\/escolajeronidemoragas\/wp-json\/wp\/v2\/pages\/66"}],"wp:attachment":[{"href":"https:\/\/agora.xtec.cat\/escolajeronidemoragas\/wp-json\/wp\/v2\/media?parent=77"}],"curies":[{"name":"wp","href":"https:\/\/api.w.org\/{rel}","templated":true}]}}

<p><a href="https://agora.xtec.cat/escolajeronidemoragas/wp-content/uploads/usu2509/2022/05/acollida-matinal.jpg"><img loading="lazy" decoding="async" class="wp-image-1026 alignleft" src="https://agora.xtec.cat/escolajeronidemoragas/wp-content/uploads/usu2509/2022/05/acollida-matinal.jpg" alt="" width="206" height="144" srcset="https://agora.xtec.cat/escolajeronidemoragas/wp-content/uploads/usu2509/2022/05/acollida-matinal.jpg 612w, https://agora.xtec.cat/escolajeronidemoragas/wp-content/uploads/usu2509/2022/05/acollida-matinal-300x209.jpg 300w" sizes="auto, (max-width: 206px) 100vw, 206px" /></a>L&#8217;<strong>Acollida Matinal</strong> és el servei despertador que l&#8217;escola ofereix a les famílies per a facilitar una millor conciliació familiar i laboral. És un espai de lleure que té per objectiu que els infants i joves es diverteixin, juguin i aprenguin en un ambient distès abans de començar la jornada escolar.</p>
<p>Horari del servei d&#8217;Acollida Matinal: <strong>8:45h a les 9:30h</strong></p>
<p>&nbsp;</p>
<p>&nbsp;</p>
<p>&nbsp;</p>

<p><a href="https://agora.xtec.cat/escolajeronidemoragas/wp-content/uploads/usu2509/2022/05/acollida-matinal.jpg"></a>L&#8217;Acollida Matinal és el servei despertador que l&#8217;escola ofereix a les famílies per a facilitar una millor conciliació familiar i laboral. És un espai de lleure que té per objectiu que els infants i joves es diverteixin, juguin i aprenguin en un ambient distès&hellip;  <a href="https://agora.xtec.cat/escolajeronidemoragas/serveis/acollida/" title="Read Acollida matinal">Llegeix més»</a></p>
