{"id":73,"date":"2014-09-18T14:01:51","date_gmt":"2014-09-18T13:01:51","guid":{"rendered":"http:\/\/agora.xtec.cat\/escolajeronidemoragas\/?page_id=73"},"modified":"2023-01-18T18:53:14","modified_gmt":"2023-01-18T17:53:14","slug":"menjador-escolar","status":"publish","type":"page","link":"https:\/\/agora.xtec.cat\/escolajeronidemoragas\/serveis\/menjador-escolar\/","title":{"rendered":"Menjador escolar"},"content":{"rendered":"<p><a href=\"https:\/\/agora.xtec.cat\/escolajeronidemoragas\/wp-content\/uploads\/usu2509\/2022\/05\/menjador.jpg\"><img loading=\"lazy\" decoding=\"async\" class=\"wp-image-996 alignleft\" src=\"https:\/\/agora.xtec.cat\/escolajeronidemoragas\/wp-content\/uploads\/usu2509\/2022\/05\/menjador.jpg\" alt=\"\" width=\"170\" height=\"170\" srcset=\"https:\/\/agora.xtec.cat\/escolajeronidemoragas\/wp-content\/uploads\/usu2509\/2022\/05\/menjador.jpg 612w, https:\/\/agora.xtec.cat\/escolajeronidemoragas\/wp-content\/uploads\/usu2509\/2022\/05\/menjador-300x300.jpg 300w, https:\/\/agora.xtec.cat\/escolajeronidemoragas\/wp-content\/uploads\/usu2509\/2022\/05\/menjador-150x150.jpg 150w\" sizes=\"auto, (max-width: 170px) 100vw, 170px\" \/><\/a><\/p>\n<p>Entenem el menjador escolar com a espai idoni per treballar tot un seguit d\u2019actituds i h\u00e0bits relacionats amb la higiene, l\u2019alimentaci\u00f3, la sostenibilitat, el consum responsable, l\u2019ordre i la conviv\u00e8ncia. El nostre projecte de menjador inclou uns objectius relacionats amb l\u2019educaci\u00f3 dels h\u00e0bits, els quals tenen\u00a0un car\u00e0cter continu, \u00e9s a dir, es van consolidant al llarg de la vida escolar dels alumnes.<\/p>\n<p>Tots els nostres alumnes dinen a l\u2019escola, distribu\u00efts en diferents torns de menjador, de manera que els objectius a assolir estan en concordan\u00e7a a la seva edat i necessitats individuals.<\/p>\n<p>Els alumnes en proc\u00e9s d\u2019aprenentatge o b\u00e9 m\u00e9s sensibles als est\u00edmuls externs dinen a les seves aules que es transformen, als migdies, en espais adequats per a fer-hi un \u00e0pat. Els alumnes m\u00e9s grans dinen al menjador de l\u2019escola, amb capacitat per unes 100 persones.<\/p>\n<p>&nbsp;<\/p>\n<p><strong>\u00a0 \u00a0 \u00a0 \u00a0 Jeroni de Moragas: <\/strong><a href=\"https:\/\/view.genial.ly\/623b4a252ebc9f00111ee900\/interactive-content-menus-de-lescola\">MEN\u00daS D&#8217;AQUEST MES<\/a>\u00a0 \u00a0 \u00a0 \u00a0 \u00a0 \u00a0 \u00a0 \u00a0 \u00a0 \u00a0 \u00a0 \u00a0 \u00a0 \u00a0 \u00a0 \u00a0 \u00a0 \u00a0 \u00a0 \u00a0 \u00a0 \u00a0 \u00a0 \u00a0 \u00a0 \u00a0 \u00a0 \u00a0<strong>Els Companys:<\/strong> <a href=\"https:\/\/view.genial.ly\/63c830c76a82010017d95191\/presentation-presentacion-digital-basica\">MEN\u00da D&#8217;AQUEST MES<\/a><\/p>\n<p>&nbsp;<\/p>\n<p>&nbsp;<\/p>\n<p>&nbsp;<\/p>\n","protected":false},"excerpt":{"rendered":"<p><a href=\"https:\/\/agora.xtec.cat\/escolajeronidemoragas\/wp-content\/uploads\/usu2509\/2022\/05\/menjador.jpg\"><\/a><br \/>\nEntenem el menjador escolar com a espai idoni per treballar tot un seguit d\u2019actituds i h\u00e0bits relacionats amb la higiene, l\u2019alimentaci\u00f3, la sostenibilitat, el consum responsable, l\u2019ordre i la conviv\u00e8ncia. El nostre projecte de menjador inclou uns objectius relacionats amb l\u2019educaci\u00f3 dels h\u00e0bits, els&hellip;  <a href=\"https:\/\/agora.xtec.cat\/escolajeronidemoragas\/serveis\/menjador-escolar\/\" title=\"Read Menjador escolar\">Llegeix m\u00e9s\u00bb<\/a><\/p>\n","protected":false},"author":1,"featured_media":0,"parent":66,"menu_order":30,"comment_status":"closed","ping_status":"closed","template":"page-templates\/side-menu.php","meta":{"_bbp_topic_count":0,"_bbp_reply_count":0,"_bbp_total_topic_count":0,"_bbp_total_reply_count":0,"_bbp_voice_count":0,"_bbp_anonymous_reply_count":0,"_bbp_topic_count_hidden":0,"_bbp_reply_count_hidden":0,"_bbp_forum_subforum_count":0,"footnotes":""},"class_list":["post-73","page","type-page","status-publish","hentry"],"post_mailing_queue_ids":[],"_links":{"self":[{"href":"https:\/\/agora.xtec.cat\/escolajeronidemoragas\/wp-json\/wp\/v2\/pages\/73","targetHints":{"allow":["GET"]}}],"collection":[{"href":"https:\/\/agora.xtec.cat\/escolajeronidemoragas\/wp-json\/wp\/v2\/pages"}],"about":[{"href":"https:\/\/agora.xtec.cat\/escolajeronidemoragas\/wp-json\/wp\/v2\/types\/page"}],"author":[{"embeddable":true,"href":"https:\/\/agora.xtec.cat\/escolajeronidemoragas\/wp-json\/wp\/v2\/users\/1"}],"replies":[{"embeddable":true,"href":"https:\/\/agora.xtec.cat\/escolajeronidemoragas\/wp-json\/wp\/v2\/comments?post=73"}],"version-history":[{"count":3,"href":"https:\/\/agora.xtec.cat\/escolajeronidemoragas\/wp-json\/wp\/v2\/pages\/73\/revisions"}],"predecessor-version":[{"id":1310,"href":"https:\/\/agora.xtec.cat\/escolajeronidemoragas\/wp-json\/wp\/v2\/pages\/73\/revisions\/1310"}],"up":[{"embeddable":true,"href":"https:\/\/agora.xtec.cat\/escolajeronidemoragas\/wp-json\/wp\/v2\/pages\/66"}],"wp:attachment":[{"href":"https:\/\/agora.xtec.cat\/escolajeronidemoragas\/wp-json\/wp\/v2\/media?parent=73"}],"curies":[{"name":"wp","href":"https:\/\/api.w.org\/{rel}","templated":true}]}}