{"id":66,"date":"2014-09-18T12:40:47","date_gmt":"2014-09-18T11:40:47","guid":{"rendered":"http:\/\/agora.xtec.cat\/escolajeronidemoragas\/?page_id=66"},"modified":"2022-06-03T13:59:21","modified_gmt":"2022-06-03T11:59:21","slug":"serveis","status":"publish","type":"page","link":"https:\/\/agora.xtec.cat\/escolajeronidemoragas\/serveis\/","title":{"rendered":"Serveis"},"content":{"rendered":"<p>En aquest apartat de la web, aprofitem per explicar la diversitat de serveis que us oferim, com a centre educatiu, tenint en compte que la nostra missi\u00f3 com a centre no es limita nom\u00e9s a l&#8217;eix curricular, sin\u00f3 que disposem d&#8217;altres activitats i serveis que complementen aquesta tasca:<\/p>\n<ul>\n<li><a href=\"https:\/\/agora.xtec.cat\/escolajeronidemoragas\/serveis\/acollida\/\">Acollida matinal<\/a><\/li>\n<li><a href=\"https:\/\/agora.xtec.cat\/escolajeronidemoragas\/serveis\/transport-escolar\/\">Transport<\/a><\/li>\n<li><a href=\"https:\/\/agora.xtec.cat\/escolajeronidemoragas\/serveis\/pati-i-menjador\/\">Pati<\/a><\/li>\n<li><a href=\"https:\/\/agora.xtec.cat\/escolajeronidemoragas\/serveis\/menjador-escolar\/\">Menjador<\/a><\/li>\n<li><a href=\"https:\/\/agora.xtec.cat\/escolajeronidemoragas\/serveis\/casal-destiu\/\">Escola d&#8217;estiu<\/a><\/li>\n<\/ul>\n<p>A banda dels serveis que oferim en el propi centre educatiu, tamb\u00e9 disposem de:<\/p>\n<ul>\n<li><a href=\"https:\/\/agora.xtec.cat\/escolajeronidemoragas\/serveis\/respirs-dincat\/\">Respirs DINCAT<\/a><\/li>\n<li><a href=\"https:\/\/agora.xtec.cat\/escolajeronidemoragas\/serveis\/fundacio-tutelar-2\/\">Fundaci\u00f3 tutelar<\/a><\/li>\n<\/ul>\n<p>&nbsp;<\/p>\n<p>&nbsp;<\/p>\n","protected":false},"excerpt":{"rendered":"<p>En aquest apartat de la web, aprofitem per explicar la diversitat de serveis que us oferim, com a centre educatiu, tenint en compte que la nostra missi\u00f3 com a centre no es limita nom\u00e9s a l&#8217;eix curricular, sin\u00f3 que disposem d&#8217;altres activitats i serveis que&hellip;  <a href=\"https:\/\/agora.xtec.cat\/escolajeronidemoragas\/serveis\/\" title=\"Read Serveis\">Llegeix m\u00e9s\u00bb<\/a><\/p>\n","protected":false},"author":1,"featured_media":0,"parent":0,"menu_order":0,"comment_status":"closed","ping_status":"closed","template":"page-templates\/side-menu.php","meta":{"_bbp_topic_count":0,"_bbp_reply_count":0,"_bbp_total_topic_count":0,"_bbp_total_reply_count":0,"_bbp_voice_count":0,"_bbp_anonymous_reply_count":0,"_bbp_topic_count_hidden":0,"_bbp_reply_count_hidden":0,"_bbp_forum_subforum_count":0,"footnotes":""},"class_list":["post-66","page","type-page","status-publish","hentry"],"post_mailing_queue_ids":[],"_links":{"self":[{"href":"https:\/\/agora.xtec.cat\/escolajeronidemoragas\/wp-json\/wp\/v2\/pages\/66","targetHints":{"allow":["GET"]}}],"collection":[{"href":"https:\/\/agora.xtec.cat\/escolajeronidemoragas\/wp-json\/wp\/v2\/pages"}],"about":[{"href":"https:\/\/agora.xtec.cat\/escolajeronidemoragas\/wp-json\/wp\/v2\/types\/page"}],"author":[{"embeddable":true,"href":"https:\/\/agora.xtec.cat\/escolajeronidemoragas\/wp-json\/wp\/v2\/users\/1"}],"replies":[{"embeddable":true,"href":"https:\/\/agora.xtec.cat\/escolajeronidemoragas\/wp-json\/wp\/v2\/comments?post=66"}],"version-history":[{"count":4,"href":"https:\/\/agora.xtec.cat\/escolajeronidemoragas\/wp-json\/wp\/v2\/pages\/66\/revisions"}],"predecessor-version":[{"id":1179,"href":"https:\/\/agora.xtec.cat\/escolajeronidemoragas\/wp-json\/wp\/v2\/pages\/66\/revisions\/1179"}],"wp:attachment":[{"href":"https:\/\/agora.xtec.cat\/escolajeronidemoragas\/wp-json\/wp\/v2\/media?parent=66"}],"curies":[{"name":"wp","href":"https:\/\/api.w.org\/{rel}","templated":true}]}}

<p>En aquest apartat de la web, aprofitem per explicar la diversitat de serveis que us oferim, com a centre educatiu, tenint en compte que la nostra missió com a centre no es limita només a l&#8217;eix curricular, sinó que disposem d&#8217;altres activitats i serveis que complementen aquesta tasca:</p>
<ul>
<li><a href="https://agora.xtec.cat/escolajeronidemoragas/serveis/acollida/">Acollida matinal</a></li>
<li><a href="https://agora.xtec.cat/escolajeronidemoragas/serveis/transport-escolar/">Transport</a></li>
<li><a href="https://agora.xtec.cat/escolajeronidemoragas/serveis/pati-i-menjador/">Pati</a></li>
<li><a href="https://agora.xtec.cat/escolajeronidemoragas/serveis/menjador-escolar/">Menjador</a></li>
<li><a href="https://agora.xtec.cat/escolajeronidemoragas/serveis/casal-destiu/">Escola d&#8217;estiu</a></li>
</ul>
<p>A banda dels serveis que oferim en el propi centre educatiu, també disposem de:</p>
<ul>
<li><a href="https://agora.xtec.cat/escolajeronidemoragas/serveis/respirs-dincat/">Respirs DINCAT</a></li>
<li><a href="https://agora.xtec.cat/escolajeronidemoragas/serveis/fundacio-tutelar-2/">Fundació tutelar</a></li>
</ul>
<p>&nbsp;</p>
<p>&nbsp;</p>

<p>En aquest apartat de la web, aprofitem per explicar la diversitat de serveis que us oferim, com a centre educatiu, tenint en compte que la nostra missió com a centre no es limita només a l&#8217;eix curricular, sinó que disposem d&#8217;altres activitats i serveis que&hellip;  <a href="https://agora.xtec.cat/escolajeronidemoragas/serveis/" title="Read Serveis">Llegeix més»</a></p>
