{"id":597,"date":"2021-09-14T16:33:16","date_gmt":"2021-09-14T14:33:16","guid":{"rendered":"https:\/\/agora.xtec.cat\/escolajeronidemoragas\/?page_id=597"},"modified":"2022-05-24T16:22:49","modified_gmt":"2022-05-24T14:22:49","slug":"escoles-verdes","status":"publish","type":"page","link":"https:\/\/agora.xtec.cat\/escolajeronidemoragas\/publicacions\/escoles-verdes\/","title":{"rendered":"Capit\u00e0 bombeta"},"content":{"rendered":"<p><a href=\"https:\/\/agora.xtec.cat\/escolajeronidemoragas\/wp-content\/uploads\/usu2509\/2022\/05\/capita-bombeta.png\"><img loading=\"lazy\" decoding=\"async\" class=\"alignnone wp-image-962 alignleft\" src=\"https:\/\/agora.xtec.cat\/escolajeronidemoragas\/wp-content\/uploads\/usu2509\/2022\/05\/capita-bombeta.png\" alt=\"\" width=\"193\" height=\"274\" \/><\/a><\/p>\n<p>&nbsp;<\/p>\n<p>Dins del Programa d&#8217;Escoles Verdes, hi ha l&#8217;equip del Capit\u00e0 Bombeta que fa avaluaci\u00f3 setmanal de com es gestionen la recollida selectiva i del rebuig, l&#8217;\u00fas dels aparells el\u00e8ctrics, de la llum, de l&#8217;aigua&#8230;etc. els resultats d&#8217;aquesta valoraci\u00f3 s\u00f3n publicats en el Infome Bombeta, per aquest equip i enviats a trav\u00e9s del correu electr\u00f2nic a tota l&#8217;escola. D&#8217;aquesta manera les aules tamb\u00e9 tenen un retorn i poden\u00a0 analitzar els desenvolupament\u00a0 dels indicadors de sostenibilitat que passa el &#8220;Capit\u00e0 Bombeta&#8221;. Aix\u00f2 ajuda com a centre a millorar\u00a0 i seguir treballant els Objectius de Desenvolupament sostenible 2030 (ODS).<\/p>\n<p>&nbsp;<\/p>\n<p>&nbsp;<\/p>\n<p>&nbsp;<\/p>\n<p>&nbsp;<\/p>\n","protected":false},"excerpt":{"rendered":"<p><a href=\"https:\/\/agora.xtec.cat\/escolajeronidemoragas\/wp-content\/uploads\/usu2509\/2022\/05\/capita-bombeta.png\"><\/a><br \/>\n&nbsp;<br \/>\nDins del Programa d&#8217;Escoles Verdes, hi ha l&#8217;equip del Capit\u00e0 Bombeta que fa avaluaci\u00f3 setmanal de com es gestionen la recollida selectiva i del rebuig, l&#8217;\u00fas dels aparells el\u00e8ctrics, de la llum, de l&#8217;aigua&#8230;etc. els resultats d&#8217;aquesta valoraci\u00f3 s\u00f3n publicats en el Infome Bombeta,&hellip;  <a href=\"https:\/\/agora.xtec.cat\/escolajeronidemoragas\/publicacions\/escoles-verdes\/\" title=\"Read Capit\u00e0 bombeta\">Llegeix m\u00e9s\u00bb<\/a><\/p>\n","protected":false},"author":1,"featured_media":0,"parent":594,"menu_order":0,"comment_status":"closed","ping_status":"closed","template":"","meta":{"_bbp_topic_count":0,"_bbp_reply_count":0,"_bbp_total_topic_count":0,"_bbp_total_reply_count":0,"_bbp_voice_count":0,"_bbp_anonymous_reply_count":0,"_bbp_topic_count_hidden":0,"_bbp_reply_count_hidden":0,"_bbp_forum_subforum_count":0,"footnotes":""},"class_list":["post-597","page","type-page","status-publish","hentry"],"post_mailing_queue_ids":[],"_links":{"self":[{"href":"https:\/\/agora.xtec.cat\/escolajeronidemoragas\/wp-json\/wp\/v2\/pages\/597","targetHints":{"allow":["GET"]}}],"collection":[{"href":"https:\/\/agora.xtec.cat\/escolajeronidemoragas\/wp-json\/wp\/v2\/pages"}],"about":[{"href":"https:\/\/agora.xtec.cat\/escolajeronidemoragas\/wp-json\/wp\/v2\/types\/page"}],"author":[{"embeddable":true,"href":"https:\/\/agora.xtec.cat\/escolajeronidemoragas\/wp-json\/wp\/v2\/users\/1"}],"replies":[{"embeddable":true,"href":"https:\/\/agora.xtec.cat\/escolajeronidemoragas\/wp-json\/wp\/v2\/comments?post=597"}],"version-history":[{"count":4,"href":"https:\/\/agora.xtec.cat\/escolajeronidemoragas\/wp-json\/wp\/v2\/pages\/597\/revisions"}],"predecessor-version":[{"id":1044,"href":"https:\/\/agora.xtec.cat\/escolajeronidemoragas\/wp-json\/wp\/v2\/pages\/597\/revisions\/1044"}],"up":[{"embeddable":true,"href":"https:\/\/agora.xtec.cat\/escolajeronidemoragas\/wp-json\/wp\/v2\/pages\/594"}],"wp:attachment":[{"href":"https:\/\/agora.xtec.cat\/escolajeronidemoragas\/wp-json\/wp\/v2\/media?parent=597"}],"curies":[{"name":"wp","href":"https:\/\/api.w.org\/{rel}","templated":true}]}}

Capità bombeta

<p><a href="https://agora.xtec.cat/escolajeronidemoragas/wp-content/uploads/usu2509/2022/05/capita-bombeta.png"><img loading="lazy" decoding="async" class="alignnone wp-image-962 alignleft" src="https://agora.xtec.cat/escolajeronidemoragas/wp-content/uploads/usu2509/2022/05/capita-bombeta.png" alt="" width="193" height="274" /></a></p>
<p>&nbsp;</p>
<p>Dins del Programa d&#8217;Escoles Verdes, hi ha l&#8217;equip del Capità Bombeta que fa avaluació setmanal de com es gestionen la recollida selectiva i del rebuig, l&#8217;ús dels aparells elèctrics, de la llum, de l&#8217;aigua&#8230;etc. els resultats d&#8217;aquesta valoració són publicats en el Infome Bombeta, per aquest equip i enviats a través del correu electrònic a tota l&#8217;escola. D&#8217;aquesta manera les aules també tenen un retorn i poden  analitzar els desenvolupament  dels indicadors de sostenibilitat que passa el &#8220;Capità Bombeta&#8221;. Això ajuda com a centre a millorar  i seguir treballant els Objectius de Desenvolupament sostenible 2030 (ODS).</p>
<p>&nbsp;</p>
<p>&nbsp;</p>
<p>&nbsp;</p>
<p>&nbsp;</p>

<p><a href="https://agora.xtec.cat/escolajeronidemoragas/wp-content/uploads/usu2509/2022/05/capita-bombeta.png"></a><br />
&nbsp;<br />
Dins del Programa d&#8217;Escoles Verdes, hi ha l&#8217;equip del Capità Bombeta que fa avaluació setmanal de com es gestionen la recollida selectiva i del rebuig, l&#8217;ús dels aparells elèctrics, de la llum, de l&#8217;aigua&#8230;etc. els resultats d&#8217;aquesta valoració són publicats en el Infome Bombeta,&hellip;  <a href="https://agora.xtec.cat/escolajeronidemoragas/publicacions/escoles-verdes/" title="Read Capità bombeta">Llegeix més»</a></p>
