{"id":596,"date":"2021-09-14T16:33:16","date_gmt":"2021-09-14T14:33:16","guid":{"rendered":"https:\/\/agora.xtec.cat\/escolajeronidemoragas\/?page_id=596"},"modified":"2022-06-16T16:32:21","modified_gmt":"2022-06-16T14:32:21","slug":"jeroni-informa","status":"publish","type":"page","link":"https:\/\/agora.xtec.cat\/escolajeronidemoragas\/publicacions\/jeroni-informa\/","title":{"rendered":"JeroniLand"},"content":{"rendered":"<p style=\"margin: 0cm;\"><span style=\"font-size: 16.0pt; font-family: 'Arial',sans-serif; color: black;\">JeroniLand \u00e9s una revista digital que neix amb la intenci\u00f3 d\u2019explicar el que passa a l\u2019escola i parlar de temes que ens interessen.<\/span><\/p>\n<p style=\"margin: 0cm;\"><span style=\"font-size: 16.0pt; font-family: 'Arial',sans-serif; color: black;\">Som l\u2019aula D3 de TVA (Transici\u00f3 a la Vida Adulta): el Nadir, el Joel A, el Joel M, el Mart\u00ed, el Good\u2019stime, el Gerard i el Llu\u00eds. Tamb\u00e9 ens ajuden una mestra i una logopeda: la N\u00faria i la Montse.<\/span><\/p>\n<p style=\"margin: 0cm;\"><span style=\"font-size: 16.0pt; font-family: 'Arial',sans-serif; color: black;\">Esperem que us agradi.<\/span><\/p>\n<p>&nbsp;<\/p>\n<p><strong>PUBLICACIONS:<\/strong><\/p>\n<p><a href=\"https:\/\/sites.google.com\/view\/aulad3\/inicio\"><strong>. Publicaci\u00f3 octubre<\/strong><\/a><\/p>\n<p><a href=\"https:\/\/sites.google.com\/view\/jeronilandnovembredesembre\/inicio?authuser=1\"><strong>. Publicaci\u00f3 novembre-desembre<\/strong><\/a><\/p>\n<p><a href=\"https:\/\/sites.google.com\/view\/jeronilandgener-febrer\/inici\"><strong>. Publicaci\u00f3 gener-febrer<\/strong><\/a><\/p>\n<p><a href=\"https:\/\/sites.google.com\/view\/jeronilandgener-febrer\/inici\/festa-de-la-llum\">\u00a0. Festa de la Llum<\/a><\/p>\n<p><a href=\"https:\/\/sites.google.com\/view\/jocsd3\/novetats-en-gaming\">\u00a0. Videojocs<\/a><\/p>\n<p><a href=\"https:\/\/sites.google.com\/view\/marcabril22\/inici\"><strong>. Publicaci\u00f3 mar\u00e7-abril<\/strong><\/a><\/p>\n<p><a href=\"https:\/\/sites.google.com\/view\/jeroni-land-maig-i-juny22\/inicio?authuser=1\"><strong>. Publicaci\u00f3 maig-juny<\/strong><\/a><\/p>\n<p>&nbsp;<\/p>\n<p>&nbsp;<\/p>\n","protected":false},"excerpt":{"rendered":"<p>JeroniLand \u00e9s una revista digital que neix amb la intenci\u00f3 d\u2019explicar el que passa a l\u2019escola i parlar de temes que ens interessen.<br \/>\nSom l\u2019aula D3 de TVA (Transici\u00f3 a la Vida Adulta): el Nadir, el Joel A, el Joel M, el Mart\u00ed, el Good\u2019stime, el&hellip;  <a href=\"https:\/\/agora.xtec.cat\/escolajeronidemoragas\/publicacions\/jeroni-informa\/\" title=\"Read JeroniLand\">Llegeix m\u00e9s\u00bb<\/a><\/p>\n","protected":false},"author":1,"featured_media":0,"parent":594,"menu_order":0,"comment_status":"closed","ping_status":"closed","template":"","meta":{"_bbp_topic_count":0,"_bbp_reply_count":0,"_bbp_total_topic_count":0,"_bbp_total_reply_count":0,"_bbp_voice_count":0,"_bbp_anonymous_reply_count":0,"_bbp_topic_count_hidden":0,"_bbp_reply_count_hidden":0,"_bbp_forum_subforum_count":0,"footnotes":""},"class_list":["post-596","page","type-page","status-publish","hentry"],"post_mailing_queue_ids":[],"_links":{"self":[{"href":"https:\/\/agora.xtec.cat\/escolajeronidemoragas\/wp-json\/wp\/v2\/pages\/596","targetHints":{"allow":["GET"]}}],"collection":[{"href":"https:\/\/agora.xtec.cat\/escolajeronidemoragas\/wp-json\/wp\/v2\/pages"}],"about":[{"href":"https:\/\/agora.xtec.cat\/escolajeronidemoragas\/wp-json\/wp\/v2\/types\/page"}],"author":[{"embeddable":true,"href":"https:\/\/agora.xtec.cat\/escolajeronidemoragas\/wp-json\/wp\/v2\/users\/1"}],"replies":[{"embeddable":true,"href":"https:\/\/agora.xtec.cat\/escolajeronidemoragas\/wp-json\/wp\/v2\/comments?post=596"}],"version-history":[{"count":4,"href":"https:\/\/agora.xtec.cat\/escolajeronidemoragas\/wp-json\/wp\/v2\/pages\/596\/revisions"}],"predecessor-version":[{"id":1187,"href":"https:\/\/agora.xtec.cat\/escolajeronidemoragas\/wp-json\/wp\/v2\/pages\/596\/revisions\/1187"}],"up":[{"embeddable":true,"href":"https:\/\/agora.xtec.cat\/escolajeronidemoragas\/wp-json\/wp\/v2\/pages\/594"}],"wp:attachment":[{"href":"https:\/\/agora.xtec.cat\/escolajeronidemoragas\/wp-json\/wp\/v2\/media?parent=596"}],"curies":[{"name":"wp","href":"https:\/\/api.w.org\/{rel}","templated":true}]}}

<p style="margin: 0cm;"><span style="font-size: 16.0pt; font-family: 'Arial',sans-serif; color: black;">JeroniLand és una revista digital que neix amb la intenció d’explicar el que passa a l’escola i parlar de temes que ens interessen.</span></p>
<p style="margin: 0cm;"><span style="font-size: 16.0pt; font-family: 'Arial',sans-serif; color: black;">Som l’aula D3 de TVA (Transició a la Vida Adulta): el Nadir, el Joel A, el Joel M, el Martí, el Good’stime, el Gerard i el Lluís. També ens ajuden una mestra i una logopeda: la Núria i la Montse.</span></p>
<p style="margin: 0cm;"><span style="font-size: 16.0pt; font-family: 'Arial',sans-serif; color: black;">Esperem que us agradi.</span></p>
<p>&nbsp;</p>
<p><strong>PUBLICACIONS:</strong></p>
<p><a href="https://sites.google.com/view/aulad3/inicio"><strong>. Publicació octubre</strong></a></p>
<p><a href="https://sites.google.com/view/jeronilandnovembredesembre/inicio?authuser=1"><strong>. Publicació novembre-desembre</strong></a></p>
<p><a href="https://sites.google.com/view/jeronilandgener-febrer/inici"><strong>. Publicació gener-febrer</strong></a></p>
<p><a href="https://sites.google.com/view/jeronilandgener-febrer/inici/festa-de-la-llum"> . Festa de la Llum</a></p>
<p><a href="https://sites.google.com/view/jocsd3/novetats-en-gaming"> . Videojocs</a></p>
<p><a href="https://sites.google.com/view/marcabril22/inici"><strong>. Publicació març-abril</strong></a></p>
<p><a href="https://sites.google.com/view/jeroni-land-maig-i-juny22/inicio?authuser=1"><strong>. Publicació maig-juny</strong></a></p>
<p>&nbsp;</p>
<p>&nbsp;</p>

<p>JeroniLand és una revista digital que neix amb la intenció d’explicar el que passa a l’escola i parlar de temes que ens interessen.<br />
Som l’aula D3 de TVA (Transició a la Vida Adulta): el Nadir, el Joel A, el Joel M, el Martí, el Good’stime, el&hellip;  <a href="https://agora.xtec.cat/escolajeronidemoragas/publicacions/jeroni-informa/" title="Read JeroniLand">Llegeix més»</a></p>
