{"id":593,"date":"2021-09-14T16:33:15","date_gmt":"2021-09-14T14:33:15","guid":{"rendered":"https:\/\/agora.xtec.cat\/escolajeronidemoragas\/?page_id=593"},"modified":"2025-10-30T12:54:54","modified_gmt":"2025-10-30T11:54:54","slug":"festes","status":"publish","type":"page","link":"https:\/\/agora.xtec.cat\/escolajeronidemoragas\/festes\/","title":{"rendered":"Batecs enfora"},"content":{"rendered":"<p>Des de l&#8217;escola sempre hi ha hagut la voluntat de fer projectes que tinguessin visibilitat i projecci\u00f3 cap el nostre entorn i territori, amb l&#8217;objectiu de fer arribar el nostre talent, sense deixar d&#8217;aprendre i treballar les compet\u00e8ncies i<span style=\"font-family: inherit; font-size: 1em;\"> les \u00e0rees o mat\u00e8ries\u00a0 pr\u00f2pies de cada etapa.<\/span><\/p>\n<p>Des de l&#8217;escola tenim diferents activitats que porten el nom de la nostra escola m\u00e9s enll\u00e0 de Comabella.<\/p>\n<p>Una de les activitats m\u00e9s recents \u00e9s &#8220;ELS PREMIS DRAC&#8221;!!<\/p>\n<p style=\"padding-left: 40px;\"><span id=\"page1R_mcid3\" class=\"markedContent\"><span dir=\"ltr\" role=\"presentation\"><a href=\"https:\/\/agora.xtec.cat\/escolajeronidemoragas\/wp-content\/uploads\/usu2509\/2023\/02\/Logo-Premis-Drac-copia.png\"><img loading=\"lazy\" decoding=\"async\" class=\"wp-image-1407 alignleft\" src=\"https:\/\/agora.xtec.cat\/escolajeronidemoragas\/wp-content\/uploads\/usu2509\/2023\/02\/Logo-Premis-Drac-copia.png\" alt=\"\" width=\"247\" height=\"247\" srcset=\"https:\/\/agora.xtec.cat\/escolajeronidemoragas\/wp-content\/uploads\/usu2509\/2023\/02\/Logo-Premis-Drac-copia.png 1000w, https:\/\/agora.xtec.cat\/escolajeronidemoragas\/wp-content\/uploads\/usu2509\/2023\/02\/Logo-Premis-Drac-copia-300x300.png 300w, https:\/\/agora.xtec.cat\/escolajeronidemoragas\/wp-content\/uploads\/usu2509\/2023\/02\/Logo-Premis-Drac-copia-150x150.png 150w, https:\/\/agora.xtec.cat\/escolajeronidemoragas\/wp-content\/uploads\/usu2509\/2023\/02\/Logo-Premis-Drac-copia-768x768.png 768w\" sizes=\"auto, (max-width: 247px) 100vw, 247px\" \/><\/a>Els premis Drac s\u00f3n un concurs literari que fem a l\u2019escola Jeroni de Moragas des del 2016<\/span><\/span><span id=\"page1R_mcid4\" class=\"markedContent\"><br role=\"presentation\" \/><span dir=\"ltr\" role=\"presentation\">per Sant Jordi. \u00c9s un concurs organitzat i adre\u00e7at a l\u2019alumnat d\u2019ESO, i cada any es basa en un <\/span><\/span><span id=\"page1R_mcid5\" class=\"markedContent\"><span dir=\"ltr\" role=\"presentation\">g\u00e8nere literari diferent. Fins ara, els premis han estat dedicats a: el conte, el c\u00f2mic, el poema <\/span><\/span><span id=\"page1R_mcid6\" class=\"markedContent\"><span dir=\"ltr\" role=\"presentation\">visual, les endevinalles, el conte audiovisual i l\u2019auca.<\/span><\/span><span id=\"page1R_mcid7\" class=\"markedContent\"><br role=\"presentation\" \/><span dir=\"ltr\" role=\"presentation\">Fins ara aquesta feina ha sigut visible per la resta d\u2019alumnes i mestres de la nostra escola i per <\/span><\/span><span id=\"page1R_mcid8\" class=\"markedContent\"><span dir=\"ltr\" role=\"presentation\">les fam\u00edlies, per\u00f2 el qu\u00e8 pretenem ara \u00e9s projectar la feina que fan els nostres alumnes a nivell munici<\/span><\/span><span id=\"page1R_mcid10\" class=\"markedContent\"><span dir=\"ltr\" role=\"presentation\">pal i, a m\u00e9s a m\u00e9s, fer una activitat completament integradora i inclusiva amb totes les escoles <\/span><\/span><span id=\"page1R_mcid11\" class=\"markedContent\"><span dir=\"ltr\" role=\"presentation\">de Santpedor.\u00a0 La finalitat \u00e9s promoure i dinamitzar la creaci\u00f3 art\u00edstica i liter\u00e0ria en catal\u00e0 <\/span><\/span><span id=\"page1R_mcid12\" class=\"markedContent\"><span dir=\"ltr\" role=\"presentation\">i la participaci\u00f3 de tot l\u2019alumnat. <\/span><\/span><span id=\"page1R_mcid13\" class=\"markedContent\"><span dir=\"ltr\" role=\"presentation\">Per tant, proposem fer extensius aquests premis celebrats per la diada de Sant Jordi a tots els <\/span><\/span><span id=\"page1R_mcid14\" class=\"markedContent\"><span dir=\"ltr\" role=\"presentation\">i les alumnes de les escoles de prim\u00e0ria i secund\u00e0ria de Santpedor.<\/span><\/span><\/p>\n<p style=\"padding-left: 80px;\"><strong>\u00a0 \u00a0 \u00a0 \u00a0 \u00a0 \u00a0 \u00a0 \u00a0 \u00a0 \u00a0 \u00a0 \u00a0 \u00a0 \u00a0 \u00a0 \u00a0 \u00a0 \u00a0 \u00a0 \u00a0 \u00a0 \u00a0 \u00a0<a href=\"https:\/\/agora.xtec.cat\/escolajeronidemoragas\/wp-content\/uploads\/usu2509\/2023\/02\/Bases-Reguladores-Premis-Drac.pdf\">Bases Reguladores Premis Drac<\/a>\u00a0 \u00a0 \u00a0 \u00a0 \u00a0 \u00a0 \u00a0 \u00a0 \u00a0 \u00a0 \u00a0 \u00a0 \u00a0 <a href=\"https:\/\/agora.xtec.cat\/escolajeronidemoragas\/wp-content\/uploads\/usu2509\/2024\/10\/CONVOCATORIA-24-ok.pdf\">Convocat\u00f2ria Premis Drac 2025<\/a><\/strong><\/p>\n<p>&nbsp;<\/p>\n<p>&nbsp;<\/p>\n<p style=\"text-align: left; padding-left: 40px;\"><strong><a href=\"https:\/\/agora.xtec.cat\/escolajeronidemoragas\/wp-content\/uploads\/usu2509\/2025\/09\/nou-logo-coral-scaled.jpg\"><img loading=\"lazy\" decoding=\"async\" class=\"wp-image-4413 alignleft\" src=\"https:\/\/agora.xtec.cat\/escolajeronidemoragas\/wp-content\/uploads\/usu2509\/2025\/09\/nou-logo-coral-1024x956.jpg\" alt=\"\" width=\"250\" height=\"233\" srcset=\"https:\/\/agora.xtec.cat\/escolajeronidemoragas\/wp-content\/uploads\/usu2509\/2025\/09\/nou-logo-coral-1024x956.jpg 1024w, https:\/\/agora.xtec.cat\/escolajeronidemoragas\/wp-content\/uploads\/usu2509\/2025\/09\/nou-logo-coral-300x280.jpg 300w, https:\/\/agora.xtec.cat\/escolajeronidemoragas\/wp-content\/uploads\/usu2509\/2025\/09\/nou-logo-coral-768x717.jpg 768w, https:\/\/agora.xtec.cat\/escolajeronidemoragas\/wp-content\/uploads\/usu2509\/2025\/09\/nou-logo-coral-1536x1435.jpg 1536w, https:\/\/agora.xtec.cat\/escolajeronidemoragas\/wp-content\/uploads\/usu2509\/2025\/09\/nou-logo-coral-2048x1913.jpg 2048w\" sizes=\"auto, (max-width: 250px) 100vw, 250px\" \/><\/a> <\/strong><\/p>\n<p>&nbsp;<\/p>\n<p style=\"text-align: left; padding-left: 40px;\"><strong>El Cor del Jeroni<\/strong> (Coral juvenil d&#8217;alumnes): La Coral juvenil de l&#8217;escola \u00e9s una idea i un projecte sorgit a la comissi\u00f3 de m\u00fasica i pensat per poder donar un espai fora de les hores d&#8217;aula on fer una activitat musical i d&#8217;equip, que ajuda a treballar diferents h\u00e0bits i actituds (oralitat, musicalitat, escolta activa, expressi\u00f3 corporal, correcci\u00f3 postural, coneixement del cos i la respiraci\u00f3&#8230;) mentre els alumnes es diverteixen\u00a0 mentre canten i harmonitzen amb actuacions dins i fora de l&#8217;escola! En els darrers mesos les nostres docents s&#8217;han animat i tamb\u00e9 tenim una coral de mestres! <a href=\"https:\/\/www.youtube.com\/watch?v=y3hFncw3jl8\">Accediu al v\u00eddeo<\/a><\/p>\n<p>&nbsp;<\/p>\n<p>&nbsp;<\/p>\n<p>&nbsp;<\/p>\n<p style=\"text-align: left;\"><strong>El gronxador<\/strong> (<a href=\"https:\/\/santpedor.net\/radio\/el-gronxador\/\">Radio Santpedor<\/a>) Els nens i nen<a href=\"https:\/\/agora.xtec.cat\/escolajeronidemoragas\/wp-content\/uploads\/usu2509\/2025\/10\/programa_cap_el_gronxador-e1761825212684.jpg\"><img loading=\"lazy\" decoding=\"async\" class=\"wp-image-4636  alignleft\" src=\"https:\/\/agora.xtec.cat\/escolajeronidemoragas\/wp-content\/uploads\/usu2509\/2025\/10\/programa_cap_el_gronxador-e1761825212684.jpg\" alt=\"\" width=\"296\" height=\"122\" srcset=\"https:\/\/agora.xtec.cat\/escolajeronidemoragas\/wp-content\/uploads\/usu2509\/2025\/10\/programa_cap_el_gronxador-e1761825212684.jpg 423w, https:\/\/agora.xtec.cat\/escolajeronidemoragas\/wp-content\/uploads\/usu2509\/2025\/10\/programa_cap_el_gronxador-e1761825212684-300x123.jpg 300w\" sizes=\"auto, (max-width: 296px) 100vw, 296px\" \/><\/a>es de Santpedor i Castellnou s\u2019introdueixen al llenguatge radiof\u00f2nic a trav\u00e9s d\u2019<strong>El Gronxador<\/strong>. En aquest programa hi descobrirem les veus dels m\u00e9s petits a trav\u00e9s de not\u00edcies, entrevistes i diferents treballs culturals que ells mateixos ens explicaran. Durant una hora els petits ens parlaran d\u2019algunes de les not\u00edcies m\u00e9s importants del mes i ens mostraran retalls de les diverses activitats d\u2019aprenentatge que realitzen a les seves escoles.<\/p>\n<p>&nbsp;<\/p>\n<p>&nbsp;<\/p>\n<p>&nbsp;<\/p>\n<p><strong><a href=\"https:\/\/agora.xtec.cat\/escolajeronidemoragas\/wp-content\/uploads\/usu2509\/2022\/05\/1635847349654.jpg\"><img loading=\"lazy\" decoding=\"async\" class=\"wp-image-1141 alignleft\" src=\"https:\/\/agora.xtec.cat\/escolajeronidemoragas\/wp-content\/uploads\/usu2509\/2022\/05\/1635847349654-1024x461.jpg\" alt=\"\" width=\"300\" height=\"135\" srcset=\"https:\/\/agora.xtec.cat\/escolajeronidemoragas\/wp-content\/uploads\/usu2509\/2022\/05\/1635847349654-1024x461.jpg 1024w, https:\/\/agora.xtec.cat\/escolajeronidemoragas\/wp-content\/uploads\/usu2509\/2022\/05\/1635847349654-300x135.jpg 300w, https:\/\/agora.xtec.cat\/escolajeronidemoragas\/wp-content\/uploads\/usu2509\/2022\/05\/1635847349654-768x346.jpg 768w, https:\/\/agora.xtec.cat\/escolajeronidemoragas\/wp-content\/uploads\/usu2509\/2022\/05\/1635847349654-1536x691.jpg 1536w, https:\/\/agora.xtec.cat\/escolajeronidemoragas\/wp-content\/uploads\/usu2509\/2022\/05\/1635847349654-2048x922.jpg 2048w\" sizes=\"auto, (max-width: 300px) 100vw, 300px\" \/><\/a>Basquet per Tothom La Salle &#8211; AMPANS<\/strong> (Equip de Basquet del Club La Salle de Manresa):\u00a0 la col.laboraci\u00f3 de la Fundaci\u00f3 Ampans amb entitats de la comarca ha sigut molt habitual i fruct\u00edfera. Gr\u00e0cies a aix\u00f2 el 2013 es firma un conveni de col.laboraci\u00f3 amb el Club Basquet la Salle ( un dels m\u00e9s grans i amb m\u00e9s tradici\u00f3 del Bages), per crear un equip amb jugadors de diferents centres d&#8217;AMPANS, entre ells l&#8217;escola, que entren\u00e9s a les seves instal.lacions i fos un equip m\u00e9s del club. Amb el nom de Basquet per Tothom, La Salle- AMPANS\u00a0 competeix en diferents campionats arreu de Catalunya, fent possible que alguns alumnes puguin gaudir del Basquet, l&#8217;esport i tots els valors que aquest aporta.<\/p>\n<p>&nbsp;<\/p>\n","protected":false},"excerpt":{"rendered":"<p>Des de l&#8217;escola sempre hi ha hagut la voluntat de fer projectes que tinguessin visibilitat i projecci\u00f3 cap el nostre entorn i territori, amb l&#8217;objectiu de fer arribar el nostre talent, sense deixar d&#8217;aprendre i treballar les compet\u00e8ncies i les \u00e0rees o mat\u00e8ries\u00a0 pr\u00f2pies de&hellip;  <a href=\"https:\/\/agora.xtec.cat\/escolajeronidemoragas\/festes\/\" title=\"Read Batecs enfora\">Llegeix m\u00e9s\u00bb<\/a><\/p>\n","protected":false},"author":1,"featured_media":0,"parent":0,"menu_order":0,"comment_status":"closed","ping_status":"closed","template":"","meta":{"_bbp_topic_count":0,"_bbp_reply_count":0,"_bbp_total_topic_count":0,"_bbp_total_reply_count":0,"_bbp_voice_count":0,"_bbp_anonymous_reply_count":0,"_bbp_topic_count_hidden":0,"_bbp_reply_count_hidden":0,"_bbp_forum_subforum_count":0,"footnotes":""},"class_list":["post-593","page","type-page","status-publish","hentry"],"post_mailing_queue_ids":[],"_links":{"self":[{"href":"https:\/\/agora.xtec.cat\/escolajeronidemoragas\/wp-json\/wp\/v2\/pages\/593","targetHints":{"allow":["GET"]}}],"collection":[{"href":"https:\/\/agora.xtec.cat\/escolajeronidemoragas\/wp-json\/wp\/v2\/pages"}],"about":[{"href":"https:\/\/agora.xtec.cat\/escolajeronidemoragas\/wp-json\/wp\/v2\/types\/page"}],"author":[{"embeddable":true,"href":"https:\/\/agora.xtec.cat\/escolajeronidemoragas\/wp-json\/wp\/v2\/users\/1"}],"replies":[{"embeddable":true,"href":"https:\/\/agora.xtec.cat\/escolajeronidemoragas\/wp-json\/wp\/v2\/comments?post=593"}],"version-history":[{"count":6,"href":"https:\/\/agora.xtec.cat\/escolajeronidemoragas\/wp-json\/wp\/v2\/pages\/593\/revisions"}],"predecessor-version":[{"id":4638,"href":"https:\/\/agora.xtec.cat\/escolajeronidemoragas\/wp-json\/wp\/v2\/pages\/593\/revisions\/4638"}],"wp:attachment":[{"href":"https:\/\/agora.xtec.cat\/escolajeronidemoragas\/wp-json\/wp\/v2\/media?parent=593"}],"curies":[{"name":"wp","href":"https:\/\/api.w.org\/{rel}","templated":true}]}}

<p>Des de l&#8217;escola sempre hi ha hagut la voluntat de fer projectes que tinguessin visibilitat i projecció cap el nostre entorn i territori, amb l&#8217;objectiu de fer arribar el nostre talent, sense deixar d&#8217;aprendre i treballar les competències i<span style="font-family: inherit; font-size: 1em;"> les àrees o matèries  pròpies de cada etapa.</span></p>
<p>Des de l&#8217;escola tenim diferents activitats que porten el nom de la nostra escola més enllà de Comabella.</p>
<p>Una de les activitats més recents és &#8220;ELS PREMIS DRAC&#8221;!!</p>
<p style="padding-left: 40px;"><span id="page1R_mcid3" class="markedContent"><span dir="ltr" role="presentation"><a href="https://agora.xtec.cat/escolajeronidemoragas/wp-content/uploads/usu2509/2023/02/Logo-Premis-Drac-copia.png"><img loading="lazy" decoding="async" class="wp-image-1407 alignleft" src="https://agora.xtec.cat/escolajeronidemoragas/wp-content/uploads/usu2509/2023/02/Logo-Premis-Drac-copia.png" alt="" width="247" height="247" srcset="https://agora.xtec.cat/escolajeronidemoragas/wp-content/uploads/usu2509/2023/02/Logo-Premis-Drac-copia.png 1000w, https://agora.xtec.cat/escolajeronidemoragas/wp-content/uploads/usu2509/2023/02/Logo-Premis-Drac-copia-300x300.png 300w, https://agora.xtec.cat/escolajeronidemoragas/wp-content/uploads/usu2509/2023/02/Logo-Premis-Drac-copia-150x150.png 150w, https://agora.xtec.cat/escolajeronidemoragas/wp-content/uploads/usu2509/2023/02/Logo-Premis-Drac-copia-768x768.png 768w" sizes="auto, (max-width: 247px) 100vw, 247px" /></a>Els premis Drac són un concurs literari que fem a l’escola Jeroni de Moragas des del 2016</span></span><span id="page1R_mcid4" class="markedContent"><br role="presentation" /><span dir="ltr" role="presentation">per Sant Jordi. És un concurs organitzat i adreçat a l’alumnat d’ESO, i cada any es basa en un </span></span><span id="page1R_mcid5" class="markedContent"><span dir="ltr" role="presentation">gènere literari diferent. Fins ara, els premis han estat dedicats a: el conte, el còmic, el poema </span></span><span id="page1R_mcid6" class="markedContent"><span dir="ltr" role="presentation">visual, les endevinalles, el conte audiovisual i l’auca.</span></span><span id="page1R_mcid7" class="markedContent"><br role="presentation" /><span dir="ltr" role="presentation">Fins ara aquesta feina ha sigut visible per la resta d’alumnes i mestres de la nostra escola i per </span></span><span id="page1R_mcid8" class="markedContent"><span dir="ltr" role="presentation">les famílies, però el què pretenem ara és projectar la feina que fan els nostres alumnes a nivell munici</span></span><span id="page1R_mcid10" class="markedContent"><span dir="ltr" role="presentation">pal i, a més a més, fer una activitat completament integradora i inclusiva amb totes les escoles </span></span><span id="page1R_mcid11" class="markedContent"><span dir="ltr" role="presentation">de Santpedor.  La finalitat és promoure i dinamitzar la creació artística i literària en català </span></span><span id="page1R_mcid12" class="markedContent"><span dir="ltr" role="presentation">i la participació de tot l’alumnat. </span></span><span id="page1R_mcid13" class="markedContent"><span dir="ltr" role="presentation">Per tant, proposem fer extensius aquests premis celebrats per la diada de Sant Jordi a tots els </span></span><span id="page1R_mcid14" class="markedContent"><span dir="ltr" role="presentation">i les alumnes de les escoles de primària i secundària de Santpedor.</span></span></p>
<p style="padding-left: 80px;"><strong>                                             <a href="https://agora.xtec.cat/escolajeronidemoragas/wp-content/uploads/usu2509/2023/02/Bases-Reguladores-Premis-Drac.pdf">Bases Reguladores Premis Drac</a>                          <a href="https://agora.xtec.cat/escolajeronidemoragas/wp-content/uploads/usu2509/2024/10/CONVOCATORIA-24-ok.pdf">Convocatòria Premis Drac 2025</a></strong></p>
<p>&nbsp;</p>
<p>&nbsp;</p>
<p style="text-align: left; padding-left: 40px;"><strong><a href="https://agora.xtec.cat/escolajeronidemoragas/wp-content/uploads/usu2509/2025/09/nou-logo-coral-scaled.jpg"><img loading="lazy" decoding="async" class="wp-image-4413 alignleft" src="https://agora.xtec.cat/escolajeronidemoragas/wp-content/uploads/usu2509/2025/09/nou-logo-coral-1024x956.jpg" alt="" width="250" height="233" srcset="https://agora.xtec.cat/escolajeronidemoragas/wp-content/uploads/usu2509/2025/09/nou-logo-coral-1024x956.jpg 1024w, https://agora.xtec.cat/escolajeronidemoragas/wp-content/uploads/usu2509/2025/09/nou-logo-coral-300x280.jpg 300w, https://agora.xtec.cat/escolajeronidemoragas/wp-content/uploads/usu2509/2025/09/nou-logo-coral-768x717.jpg 768w, https://agora.xtec.cat/escolajeronidemoragas/wp-content/uploads/usu2509/2025/09/nou-logo-coral-1536x1435.jpg 1536w, https://agora.xtec.cat/escolajeronidemoragas/wp-content/uploads/usu2509/2025/09/nou-logo-coral-2048x1913.jpg 2048w" sizes="auto, (max-width: 250px) 100vw, 250px" /></a> </strong></p>
<p>&nbsp;</p>
<p style="text-align: left; padding-left: 40px;"><strong>El Cor del Jeroni</strong> (Coral juvenil d&#8217;alumnes): La Coral juvenil de l&#8217;escola és una idea i un projecte sorgit a la comissió de música i pensat per poder donar un espai fora de les hores d&#8217;aula on fer una activitat musical i d&#8217;equip, que ajuda a treballar diferents hàbits i actituds (oralitat, musicalitat, escolta activa, expressió corporal, correcció postural, coneixement del cos i la respiració&#8230;) mentre els alumnes es diverteixen  mentre canten i harmonitzen amb actuacions dins i fora de l&#8217;escola! En els darrers mesos les nostres docents s&#8217;han animat i també tenim una coral de mestres! <a href="https://www.youtube.com/watch?v=y3hFncw3jl8">Accediu al vídeo</a></p>
<p>&nbsp;</p>
<p>&nbsp;</p>
<p>&nbsp;</p>
<p style="text-align: left;"><strong>El gronxador</strong> (<a href="https://santpedor.net/radio/el-gronxador/">Radio Santpedor</a>) Els nens i nen<a href="https://agora.xtec.cat/escolajeronidemoragas/wp-content/uploads/usu2509/2025/10/programa_cap_el_gronxador-e1761825212684.jpg"><img loading="lazy" decoding="async" class="wp-image-4636  alignleft" src="https://agora.xtec.cat/escolajeronidemoragas/wp-content/uploads/usu2509/2025/10/programa_cap_el_gronxador-e1761825212684.jpg" alt="" width="296" height="122" srcset="https://agora.xtec.cat/escolajeronidemoragas/wp-content/uploads/usu2509/2025/10/programa_cap_el_gronxador-e1761825212684.jpg 423w, https://agora.xtec.cat/escolajeronidemoragas/wp-content/uploads/usu2509/2025/10/programa_cap_el_gronxador-e1761825212684-300x123.jpg 300w" sizes="auto, (max-width: 296px) 100vw, 296px" /></a>es de Santpedor i Castellnou s’introdueixen al llenguatge radiofònic a través d’<strong>El Gronxador</strong>. En aquest programa hi descobrirem les veus dels més petits a través de notícies, entrevistes i diferents treballs culturals que ells mateixos ens explicaran. Durant una hora els petits ens parlaran d’algunes de les notícies més importants del mes i ens mostraran retalls de les diverses activitats d’aprenentatge que realitzen a les seves escoles.</p>
<p>&nbsp;</p>
<p>&nbsp;</p>
<p>&nbsp;</p>
<p><strong><a href="https://agora.xtec.cat/escolajeronidemoragas/wp-content/uploads/usu2509/2022/05/1635847349654.jpg"><img loading="lazy" decoding="async" class="wp-image-1141 alignleft" src="https://agora.xtec.cat/escolajeronidemoragas/wp-content/uploads/usu2509/2022/05/1635847349654-1024x461.jpg" alt="" width="300" height="135" srcset="https://agora.xtec.cat/escolajeronidemoragas/wp-content/uploads/usu2509/2022/05/1635847349654-1024x461.jpg 1024w, https://agora.xtec.cat/escolajeronidemoragas/wp-content/uploads/usu2509/2022/05/1635847349654-300x135.jpg 300w, https://agora.xtec.cat/escolajeronidemoragas/wp-content/uploads/usu2509/2022/05/1635847349654-768x346.jpg 768w, https://agora.xtec.cat/escolajeronidemoragas/wp-content/uploads/usu2509/2022/05/1635847349654-1536x691.jpg 1536w, https://agora.xtec.cat/escolajeronidemoragas/wp-content/uploads/usu2509/2022/05/1635847349654-2048x922.jpg 2048w" sizes="auto, (max-width: 300px) 100vw, 300px" /></a>Basquet per Tothom La Salle &#8211; AMPANS</strong> (Equip de Basquet del Club La Salle de Manresa):  la col.laboració de la Fundació Ampans amb entitats de la comarca ha sigut molt habitual i fructífera. Gràcies a això el 2013 es firma un conveni de col.laboració amb el Club Basquet la Salle ( un dels més grans i amb més tradició del Bages), per crear un equip amb jugadors de diferents centres d&#8217;AMPANS, entre ells l&#8217;escola, que entrenés a les seves instal.lacions i fos un equip més del club. Amb el nom de Basquet per Tothom, La Salle- AMPANS  competeix en diferents campionats arreu de Catalunya, fent possible que alguns alumnes puguin gaudir del Basquet, l&#8217;esport i tots els valors que aquest aporta.</p>
<p>&nbsp;</p>

<p>Des de l&#8217;escola sempre hi ha hagut la voluntat de fer projectes que tinguessin visibilitat i projecció cap el nostre entorn i territori, amb l&#8217;objectiu de fer arribar el nostre talent, sense deixar d&#8217;aprendre i treballar les competències i les àrees o matèries  pròpies de&hellip;  <a href="https://agora.xtec.cat/escolajeronidemoragas/festes/" title="Read Batecs enfora">Llegeix més»</a></p>
