{"id":583,"date":"2021-09-14T16:33:13","date_gmt":"2021-09-14T14:33:13","guid":{"rendered":"https:\/\/agora.xtec.cat\/escolajeronidemoragas\/?page_id=583"},"modified":"2022-05-24T16:48:24","modified_gmt":"2022-05-24T14:48:24","slug":"infermeria","status":"publish","type":"page","link":"https:\/\/agora.xtec.cat\/escolajeronidemoragas\/especialistes\/infermeria\/","title":{"rendered":"Treball social"},"content":{"rendered":"<p>Els diversos serveis de l\u2019escola treballen per cobrir tots els fils de la xarxa que impliquen la relaci\u00f3 amb l\u2019alumnat i les seves fam\u00edlies. Si un dels fils es tensa m\u00e9s del compte, corre el risc de desequilibrar-se. La intervenci\u00f3 del Treball Social es centra en detectar, anticipar-se i donar resposta a les necessitats socioeducatives i socioecon\u00f2miques de l\u2019alumnat i la seva fam\u00edlia, amb l\u2019objectiu de buscar i trobar l\u2019equilibri.<\/p>\n<p>Dins la complexitat dels possibles escenaris, des del Treball Social s\u2019actua a diferents nivells per comprendre i atendre la situaci\u00f3 particular de cada cas, treballant conjuntament amb altres professionals interns i externs al centre per tal d\u2019aconseguir el m\u00e0xim benestar possible.<\/p>\n<p>Des del Treball Social s\u2019assessora i s\u2019orienta a les fam\u00edlies al llarg de l\u2019etapa educativa, des de l\u2019acollida i l\u2019alta a l\u2019escola fins a la seva finalitzaci\u00f3 i derivaci\u00f3 a serveis d\u2019adults.<\/p>\n<ul>\n<li>Informa dels recursos socials disponibles per a persones amb discapacitat intel\u00b7lectual, aix\u00ed com tamb\u00e9 de les prestacions existents per atendre les problem\u00e0tiques individuals i familiars concretes.<\/li>\n<li>At\u00e9n i detecta les necessitats socials i econ\u00f2miques de l\u2019alumnat i la seva fam\u00edlia.<\/li>\n<li>Seguiment psicosocial de l&#8217;alumnat amb l\u2019objectiu de prevenir situacions de major risc social.<\/li>\n<li>Seguiment dels reconeixements del grau de discapacitat i de depend\u00e8ncia.<\/li>\n<li>Assessora del recurs legal que representa sol\u00b7licitar el suport a la capacitat jur\u00eddica.<\/li>\n<li>Informa de l\u2019acc\u00e9s a altres serveis: serveis residencials, serveis d\u2019atenci\u00f3 di\u00fcrna, respirs, programa de suport familiar de Dincat, etc.<\/li>\n<li>Gestiona les sol\u00b7licituds del transport i menjador escolar (subvencionat).<\/li>\n<li>Gestiona les beques del Departament d\u2019Educaci\u00f3 i altres ajuts escolars.<\/li>\n<li>Estableix coordinaci\u00f3 i seguiment amb Serveis Socials d\u2019Atenci\u00f3 Prim\u00e0ria i d\u2019atenci\u00f3 Especialitzada (SS.SS, salut, EAIA,&#8230;).<\/li>\n<li>Coordina els grups d\u2019ajuda m\u00fatua adre\u00e7ats a les fam\u00edlies.<\/li>\n<li>Col\u00b7laboraci\u00f3 amb projectes i campanyes de la Fundaci\u00f3 Ampans.<\/li>\n<\/ul>\n<p>&nbsp;<\/p>\n<p><a href=\"https:\/\/agora.xtec.cat\/escolajeronidemoragas\/wp-content\/uploads\/usu2509\/2022\/05\/Alba_Guito.jpg\"><img loading=\"lazy\" decoding=\"async\" class=\"alignnone wp-image-990\" src=\"https:\/\/agora.xtec.cat\/escolajeronidemoragas\/wp-content\/uploads\/usu2509\/2022\/05\/Alba_Guito-1024x951.jpg\" alt=\"\" width=\"201\" height=\"187\" srcset=\"https:\/\/agora.xtec.cat\/escolajeronidemoragas\/wp-content\/uploads\/usu2509\/2022\/05\/Alba_Guito-1024x951.jpg 1024w, https:\/\/agora.xtec.cat\/escolajeronidemoragas\/wp-content\/uploads\/usu2509\/2022\/05\/Alba_Guito-300x279.jpg 300w, https:\/\/agora.xtec.cat\/escolajeronidemoragas\/wp-content\/uploads\/usu2509\/2022\/05\/Alba_Guito-768x713.jpg 768w, https:\/\/agora.xtec.cat\/escolajeronidemoragas\/wp-content\/uploads\/usu2509\/2022\/05\/Alba_Guito.jpg 1197w\" sizes=\"auto, (max-width: 201px) 100vw, 201px\" \/><\/a><\/p>\n<p>Contacte:<\/p>\n<p>Alba Guit\u00f3: aguito@ampans.cat<\/p>\n<p>&nbsp;<\/p>\n","protected":false},"excerpt":{"rendered":"<p>Els diversos serveis de l\u2019escola treballen per cobrir tots els fils de la xarxa que impliquen la relaci\u00f3 amb l\u2019alumnat i les seves fam\u00edlies. Si un dels fils es tensa m\u00e9s del compte, corre el risc de desequilibrar-se. La intervenci\u00f3 del Treball Social es centra&hellip;  <a href=\"https:\/\/agora.xtec.cat\/escolajeronidemoragas\/especialistes\/infermeria\/\" title=\"Read Treball social\">Llegeix m\u00e9s\u00bb<\/a><\/p>\n","protected":false},"author":1,"featured_media":0,"parent":576,"menu_order":0,"comment_status":"closed","ping_status":"closed","template":"","meta":{"_bbp_topic_count":0,"_bbp_reply_count":0,"_bbp_total_topic_count":0,"_bbp_total_reply_count":0,"_bbp_voice_count":0,"_bbp_anonymous_reply_count":0,"_bbp_topic_count_hidden":0,"_bbp_reply_count_hidden":0,"_bbp_forum_subforum_count":0,"footnotes":""},"class_list":["post-583","page","type-page","status-publish","hentry"],"post_mailing_queue_ids":[],"_links":{"self":[{"href":"https:\/\/agora.xtec.cat\/escolajeronidemoragas\/wp-json\/wp\/v2\/pages\/583","targetHints":{"allow":["GET"]}}],"collection":[{"href":"https:\/\/agora.xtec.cat\/escolajeronidemoragas\/wp-json\/wp\/v2\/pages"}],"about":[{"href":"https:\/\/agora.xtec.cat\/escolajeronidemoragas\/wp-json\/wp\/v2\/types\/page"}],"author":[{"embeddable":true,"href":"https:\/\/agora.xtec.cat\/escolajeronidemoragas\/wp-json\/wp\/v2\/users\/1"}],"replies":[{"embeddable":true,"href":"https:\/\/agora.xtec.cat\/escolajeronidemoragas\/wp-json\/wp\/v2\/comments?post=583"}],"version-history":[{"count":3,"href":"https:\/\/agora.xtec.cat\/escolajeronidemoragas\/wp-json\/wp\/v2\/pages\/583\/revisions"}],"predecessor-version":[{"id":1069,"href":"https:\/\/agora.xtec.cat\/escolajeronidemoragas\/wp-json\/wp\/v2\/pages\/583\/revisions\/1069"}],"up":[{"embeddable":true,"href":"https:\/\/agora.xtec.cat\/escolajeronidemoragas\/wp-json\/wp\/v2\/pages\/576"}],"wp:attachment":[{"href":"https:\/\/agora.xtec.cat\/escolajeronidemoragas\/wp-json\/wp\/v2\/media?parent=583"}],"curies":[{"name":"wp","href":"https:\/\/api.w.org\/{rel}","templated":true}]}}

<p>Els diversos serveis de l’escola treballen per cobrir tots els fils de la xarxa que impliquen la relació amb l’alumnat i les seves famílies. Si un dels fils es tensa més del compte, corre el risc de desequilibrar-se. La intervenció del Treball Social es centra en detectar, anticipar-se i donar resposta a les necessitats socioeducatives i socioeconòmiques de l’alumnat i la seva família, amb l’objectiu de buscar i trobar l’equilibri.</p>
<p>Dins la complexitat dels possibles escenaris, des del Treball Social s’actua a diferents nivells per comprendre i atendre la situació particular de cada cas, treballant conjuntament amb altres professionals interns i externs al centre per tal d’aconseguir el màxim benestar possible.</p>
<p>Des del Treball Social s’assessora i s’orienta a les famílies al llarg de l’etapa educativa, des de l’acollida i l’alta a l’escola fins a la seva finalització i derivació a serveis d’adults.</p>
<ul>
<li>Informa dels recursos socials disponibles per a persones amb discapacitat intel·lectual, així com també de les prestacions existents per atendre les problemàtiques individuals i familiars concretes.</li>
<li>Atén i detecta les necessitats socials i econòmiques de l’alumnat i la seva família.</li>
<li>Seguiment psicosocial de l&#8217;alumnat amb l’objectiu de prevenir situacions de major risc social.</li>
<li>Seguiment dels reconeixements del grau de discapacitat i de dependència.</li>
<li>Assessora del recurs legal que representa sol·licitar el suport a la capacitat jurídica.</li>
<li>Informa de l’accés a altres serveis: serveis residencials, serveis d’atenció diürna, respirs, programa de suport familiar de Dincat, etc.</li>
<li>Gestiona les sol·licituds del transport i menjador escolar (subvencionat).</li>
<li>Gestiona les beques del Departament d’Educació i altres ajuts escolars.</li>
<li>Estableix coordinació i seguiment amb Serveis Socials d’Atenció Primària i d’atenció Especialitzada (SS.SS, salut, EAIA,&#8230;).</li>
<li>Coordina els grups d’ajuda mútua adreçats a les famílies.</li>
<li>Col·laboració amb projectes i campanyes de la Fundació Ampans.</li>
</ul>
<p>&nbsp;</p>
<p><a href="https://agora.xtec.cat/escolajeronidemoragas/wp-content/uploads/usu2509/2022/05/Alba_Guito.jpg"><img loading="lazy" decoding="async" class="alignnone wp-image-990" src="https://agora.xtec.cat/escolajeronidemoragas/wp-content/uploads/usu2509/2022/05/Alba_Guito-1024x951.jpg" alt="" width="201" height="187" srcset="https://agora.xtec.cat/escolajeronidemoragas/wp-content/uploads/usu2509/2022/05/Alba_Guito-1024x951.jpg 1024w, https://agora.xtec.cat/escolajeronidemoragas/wp-content/uploads/usu2509/2022/05/Alba_Guito-300x279.jpg 300w, https://agora.xtec.cat/escolajeronidemoragas/wp-content/uploads/usu2509/2022/05/Alba_Guito-768x713.jpg 768w, https://agora.xtec.cat/escolajeronidemoragas/wp-content/uploads/usu2509/2022/05/Alba_Guito.jpg 1197w" sizes="auto, (max-width: 201px) 100vw, 201px" /></a></p>
<p>Contacte:</p>
<p>Alba Guitó: aguito@ampans.cat</p>
<p>&nbsp;</p>

<p>Els diversos serveis de l’escola treballen per cobrir tots els fils de la xarxa que impliquen la relació amb l’alumnat i les seves famílies. Si un dels fils es tensa més del compte, corre el risc de desequilibrar-se. La intervenció del Treball Social es centra&hellip;  <a href="https://agora.xtec.cat/escolajeronidemoragas/especialistes/infermeria/" title="Read Treball social">Llegeix més»</a></p>
