{"id":580,"date":"2021-09-14T16:33:12","date_gmt":"2021-09-14T14:33:12","guid":{"rendered":"https:\/\/agora.xtec.cat\/escolajeronidemoragas\/?page_id=580"},"modified":"2025-10-22T16:22:47","modified_gmt":"2025-10-22T14:22:47","slug":"ceepsir","status":"publish","type":"page","link":"https:\/\/agora.xtec.cat\/escolajeronidemoragas\/etapes-educatives\/ceepsir\/","title":{"rendered":"CEEPSIR"},"content":{"rendered":"<p>La nostra escola es prove\u00efdora de serveis i recursos per als docents d\u2019escoles i centres d\u2019educaci\u00f3 secund\u00e0ria, amb la finalitat d\u2019orientar i concretar les actuacions m\u00e9s ajustades a les necessitats educatives de l\u2019alumnat amb nee i desenvolupar programes espec\u00edfics de suport a l\u2019escolaritzaci\u00f3 dels alumnes, sempre en coordinaci\u00f3 amb els equips directius dels centres i els serveis educatius.<\/p>\n<p>El suport intensiu del CEEPSIR est\u00e0 destinat a l\u2019alumnat escolaritzat a l\u2019escola ordin\u00e0ria per tal de garantir la continu\u00eftat en el sistema. A la vegada entenem el CEEPSIR com la pe\u00e7a clau per l\u2019aven\u00e7 cap a un sistema m\u00e9s inclusiu, perqu\u00e8 promou canvis en les cultures, pol\u00edtiques i pr\u00e0ctiques dels centres.<\/p>\n<p>Prestem programes espec\u00edfics de suport a l\u2019escolaritzaci\u00f3:<\/p>\n<p>\u2022 De col\u00b7laboraci\u00f3 en l\u2019atenci\u00f3 directa als alumnes amb necessitats educatives especials en coordinaci\u00f3 amb el tutor, l\u2019equip docent i el personal d\u2019atenci\u00f3 educativa de l\u2019alumne, l\u2019equip directiu i els serveis educatius.<\/p>\n<p>\u2022 D\u2019aplicaci\u00f3 de programes d\u2019estimulaci\u00f3 de la comunicaci\u00f3 i el llenguatge, les habilitats adaptatives, l\u2019autoregulaci\u00f3 emocional i de la conducta, programes de suport a la motricitat i mobilitat i habilitaci\u00f3 de l\u2019entorn i accessibilitat cognitiva.<\/p>\n<p>\u2022 Tamb\u00e9 de formaci\u00f3 i assessorament als claustres i equips docents.<\/p>\n<p><a href=\"https:\/\/view.genial.ly\/62737933c82a87001128feeb\/interactive-content-ceepsirxerrada-mee\">M\u00c9S INFORMACI\u00d3\u00a0<\/a><\/p>\n<p><a href=\"https:\/\/youtu.be\/fg9QHl-rio0\">Accedeix al v\u00eddeo del CEEPSIR<\/a><\/p>\n<p><a href=\"https:\/\/agora.xtec.cat\/escolajeronidemoragas\/wp-content\/uploads\/usu2509\/2025\/10\/IMG_6653.jpg\"><img loading=\"lazy\" decoding=\"async\" class=\"size-large wp-image-4568 aligncenter\" src=\"https:\/\/agora.xtec.cat\/escolajeronidemoragas\/wp-content\/uploads\/usu2509\/2025\/10\/IMG_6653-1024x1024.jpg\" alt=\"\" width=\"1024\" height=\"1024\" srcset=\"https:\/\/agora.xtec.cat\/escolajeronidemoragas\/wp-content\/uploads\/usu2509\/2025\/10\/IMG_6653-1024x1024.jpg 1024w, https:\/\/agora.xtec.cat\/escolajeronidemoragas\/wp-content\/uploads\/usu2509\/2025\/10\/IMG_6653-300x300.jpg 300w, https:\/\/agora.xtec.cat\/escolajeronidemoragas\/wp-content\/uploads\/usu2509\/2025\/10\/IMG_6653-150x150.jpg 150w, https:\/\/agora.xtec.cat\/escolajeronidemoragas\/wp-content\/uploads\/usu2509\/2025\/10\/IMG_6653-768x768.jpg 768w, https:\/\/agora.xtec.cat\/escolajeronidemoragas\/wp-content\/uploads\/usu2509\/2025\/10\/IMG_6653.jpg 1280w\" sizes=\"auto, (max-width: 1024px) 100vw, 1024px\" \/><\/a><\/p>\n<p>&nbsp;<\/p>\n","protected":false},"excerpt":{"rendered":"<p>La nostra escola es prove\u00efdora de serveis i recursos per als docents d\u2019escoles i centres d\u2019educaci\u00f3 secund\u00e0ria, amb la finalitat d\u2019orientar i concretar les actuacions m\u00e9s ajustades a les necessitats educatives de l\u2019alumnat amb nee i desenvolupar programes espec\u00edfics de suport a l\u2019escolaritzaci\u00f3 dels alumnes,&hellip;  <a href=\"https:\/\/agora.xtec.cat\/escolajeronidemoragas\/etapes-educatives\/ceepsir\/\" title=\"Read CEEPSIR\">Llegeix m\u00e9s\u00bb<\/a><\/p>\n","protected":false},"author":1,"featured_media":0,"parent":590,"menu_order":0,"comment_status":"closed","ping_status":"closed","template":"","meta":{"_bbp_topic_count":0,"_bbp_reply_count":0,"_bbp_total_topic_count":0,"_bbp_total_reply_count":0,"_bbp_voice_count":0,"_bbp_anonymous_reply_count":0,"_bbp_topic_count_hidden":0,"_bbp_reply_count_hidden":0,"_bbp_forum_subforum_count":0,"footnotes":""},"class_list":["post-580","page","type-page","status-publish","hentry"],"post_mailing_queue_ids":[],"_links":{"self":[{"href":"https:\/\/agora.xtec.cat\/escolajeronidemoragas\/wp-json\/wp\/v2\/pages\/580","targetHints":{"allow":["GET"]}}],"collection":[{"href":"https:\/\/agora.xtec.cat\/escolajeronidemoragas\/wp-json\/wp\/v2\/pages"}],"about":[{"href":"https:\/\/agora.xtec.cat\/escolajeronidemoragas\/wp-json\/wp\/v2\/types\/page"}],"author":[{"embeddable":true,"href":"https:\/\/agora.xtec.cat\/escolajeronidemoragas\/wp-json\/wp\/v2\/users\/1"}],"replies":[{"embeddable":true,"href":"https:\/\/agora.xtec.cat\/escolajeronidemoragas\/wp-json\/wp\/v2\/comments?post=580"}],"version-history":[{"count":6,"href":"https:\/\/agora.xtec.cat\/escolajeronidemoragas\/wp-json\/wp\/v2\/pages\/580\/revisions"}],"predecessor-version":[{"id":4569,"href":"https:\/\/agora.xtec.cat\/escolajeronidemoragas\/wp-json\/wp\/v2\/pages\/580\/revisions\/4569"}],"up":[{"embeddable":true,"href":"https:\/\/agora.xtec.cat\/escolajeronidemoragas\/wp-json\/wp\/v2\/pages\/590"}],"wp:attachment":[{"href":"https:\/\/agora.xtec.cat\/escolajeronidemoragas\/wp-json\/wp\/v2\/media?parent=580"}],"curies":[{"name":"wp","href":"https:\/\/api.w.org\/{rel}","templated":true}]}}

<p>La nostra escola es proveïdora de serveis i recursos per als docents d’escoles i centres d’educació secundària, amb la finalitat d’orientar i concretar les actuacions més ajustades a les necessitats educatives de l’alumnat amb nee i desenvolupar programes específics de suport a l’escolarització dels alumnes, sempre en coordinació amb els equips directius dels centres i els serveis educatius.</p>
<p>El suport intensiu del CEEPSIR està destinat a l’alumnat escolaritzat a l’escola ordinària per tal de garantir la continuïtat en el sistema. A la vegada entenem el CEEPSIR com la peça clau per l’avenç cap a un sistema més inclusiu, perquè promou canvis en les cultures, polítiques i pràctiques dels centres.</p>
<p>Prestem programes específics de suport a l’escolarització:</p>
<p>• De col·laboració en l’atenció directa als alumnes amb necessitats educatives especials en coordinació amb el tutor, l’equip docent i el personal d’atenció educativa de l’alumne, l’equip directiu i els serveis educatius.</p>
<p>• D’aplicació de programes d’estimulació de la comunicació i el llenguatge, les habilitats adaptatives, l’autoregulació emocional i de la conducta, programes de suport a la motricitat i mobilitat i habilitació de l’entorn i accessibilitat cognitiva.</p>
<p>• També de formació i assessorament als claustres i equips docents.</p>
<p><a href="https://view.genial.ly/62737933c82a87001128feeb/interactive-content-ceepsirxerrada-mee">MÉS INFORMACIÓ </a></p>
<p><a href="https://youtu.be/fg9QHl-rio0">Accedeix al vídeo del CEEPSIR</a></p>
<p><a href="https://agora.xtec.cat/escolajeronidemoragas/wp-content/uploads/usu2509/2025/10/IMG_6653.jpg"><img loading="lazy" decoding="async" class="size-large wp-image-4568 aligncenter" src="https://agora.xtec.cat/escolajeronidemoragas/wp-content/uploads/usu2509/2025/10/IMG_6653-1024x1024.jpg" alt="" width="1024" height="1024" srcset="https://agora.xtec.cat/escolajeronidemoragas/wp-content/uploads/usu2509/2025/10/IMG_6653-1024x1024.jpg 1024w, https://agora.xtec.cat/escolajeronidemoragas/wp-content/uploads/usu2509/2025/10/IMG_6653-300x300.jpg 300w, https://agora.xtec.cat/escolajeronidemoragas/wp-content/uploads/usu2509/2025/10/IMG_6653-150x150.jpg 150w, https://agora.xtec.cat/escolajeronidemoragas/wp-content/uploads/usu2509/2025/10/IMG_6653-768x768.jpg 768w, https://agora.xtec.cat/escolajeronidemoragas/wp-content/uploads/usu2509/2025/10/IMG_6653.jpg 1280w" sizes="auto, (max-width: 1024px) 100vw, 1024px" /></a></p>
<p>&nbsp;</p>

<p>La nostra escola es proveïdora de serveis i recursos per als docents d’escoles i centres d’educació secundària, amb la finalitat d’orientar i concretar les actuacions més ajustades a les necessitats educatives de l’alumnat amb nee i desenvolupar programes específics de suport a l’escolarització dels alumnes,&hellip;  <a href="https://agora.xtec.cat/escolajeronidemoragas/etapes-educatives/ceepsir/" title="Read CEEPSIR">Llegeix més»</a></p>
