{"id":579,"date":"2021-09-14T16:33:12","date_gmt":"2021-09-14T14:33:12","guid":{"rendered":"https:\/\/agora.xtec.cat\/escolajeronidemoragas\/?page_id=579"},"modified":"2022-05-24T20:05:37","modified_gmt":"2022-05-24T18:05:37","slug":"escolaritat-compartida","status":"publish","type":"page","link":"https:\/\/agora.xtec.cat\/escolajeronidemoragas\/etapes-educatives\/escolaritat-compartida\/","title":{"rendered":"Escolaritat compartida"},"content":{"rendered":"<p>A l\u2019escola duem a terme escolaritats compartides a fi de donar suport a l\u2019alumnat que requereix suports intensius en algunes \u00e0rees del curr\u00edculum, a partir d\u2019una escolaritzaci\u00f3 combinada entre l\u2019escola ordin\u00e0ria i la nostra escola.<br \/>\nDes del moment que s\u2019inicia una escolaritzaci\u00f3 compartida establim una estreta col\u00b7laboraci\u00f3 entre els professionals dels centres ordinari i la nostra escola a fi de garantir la coher\u00e8ncia i la complementarietat de les actuacions.<\/p>\n<p>Abans de l\u2019inici de curs, els professionals d\u2019ambd\u00f3s centres que comparteixen l\u2019atenci\u00f3 educativa de l\u2019alumne\/a, conjuntament amb el professional referent de l\u2019EAP, concreten l\u2019atenci\u00f3 educativa que es plasmar\u00e0 en un \u00fanic Pla d\u2019Atenci\u00f3 Individualitzada (PI), amb les prioritats educatives, els empla\u00e7aments i l&#8217;horari setmanal i es fixen els criteris pel seu seguiment i avaluaci\u00f3.<\/p>\n<p>Per fer el seguiment de l\u2019evoluci\u00f3 de l\u2019alumne\/a i del pla individualitzat introdu\u00efm, si escau, modificacions en l\u2019atenci\u00f3 educativa. Disposem d\u2019una comissi\u00f3 integrada per una coordinadora de la nostra escola (cap d\u2019estudis), un docent de cada centre i el professional referent de l\u2019EAP corresponent.<br \/>\nEl coordinador\/a del pla individualitzat \u00e9s un\/a mestre\/a o un\/a professor\/a del centre on l\u2019alumne\/a est\u00e0 matriculat. El professorat i els professionals d\u2019ambd\u00f3s centres que atenen l\u2019alumne\/a informen a l\u2019equip docent sobre l\u2019evoluci\u00f3 i els seus aprenentatges.<\/p>\n<p>&nbsp;<\/p>\n<p>&nbsp;<\/p>\n","protected":false},"excerpt":{"rendered":"<p>A l\u2019escola duem a terme escolaritats compartides a fi de donar suport a l\u2019alumnat que requereix suports intensius en algunes \u00e0rees del curr\u00edculum, a partir d\u2019una escolaritzaci\u00f3 combinada entre l\u2019escola ordin\u00e0ria i la nostra escola.<br \/>\nDes del moment que s\u2019inicia una escolaritzaci\u00f3 compartida establim una estreta&hellip;  <a href=\"https:\/\/agora.xtec.cat\/escolajeronidemoragas\/etapes-educatives\/escolaritat-compartida\/\" title=\"Read Escolaritat compartida\">Llegeix m\u00e9s\u00bb<\/a><\/p>\n","protected":false},"author":1,"featured_media":0,"parent":590,"menu_order":0,"comment_status":"closed","ping_status":"closed","template":"","meta":{"_bbp_topic_count":0,"_bbp_reply_count":0,"_bbp_total_topic_count":0,"_bbp_total_reply_count":0,"_bbp_voice_count":0,"_bbp_anonymous_reply_count":0,"_bbp_topic_count_hidden":0,"_bbp_reply_count_hidden":0,"_bbp_forum_subforum_count":0,"footnotes":""},"class_list":["post-579","page","type-page","status-publish","hentry"],"post_mailing_queue_ids":[],"_links":{"self":[{"href":"https:\/\/agora.xtec.cat\/escolajeronidemoragas\/wp-json\/wp\/v2\/pages\/579","targetHints":{"allow":["GET"]}}],"collection":[{"href":"https:\/\/agora.xtec.cat\/escolajeronidemoragas\/wp-json\/wp\/v2\/pages"}],"about":[{"href":"https:\/\/agora.xtec.cat\/escolajeronidemoragas\/wp-json\/wp\/v2\/types\/page"}],"author":[{"embeddable":true,"href":"https:\/\/agora.xtec.cat\/escolajeronidemoragas\/wp-json\/wp\/v2\/users\/1"}],"replies":[{"embeddable":true,"href":"https:\/\/agora.xtec.cat\/escolajeronidemoragas\/wp-json\/wp\/v2\/comments?post=579"}],"version-history":[{"count":3,"href":"https:\/\/agora.xtec.cat\/escolajeronidemoragas\/wp-json\/wp\/v2\/pages\/579\/revisions"}],"predecessor-version":[{"id":876,"href":"https:\/\/agora.xtec.cat\/escolajeronidemoragas\/wp-json\/wp\/v2\/pages\/579\/revisions\/876"}],"up":[{"embeddable":true,"href":"https:\/\/agora.xtec.cat\/escolajeronidemoragas\/wp-json\/wp\/v2\/pages\/590"}],"wp:attachment":[{"href":"https:\/\/agora.xtec.cat\/escolajeronidemoragas\/wp-json\/wp\/v2\/media?parent=579"}],"curies":[{"name":"wp","href":"https:\/\/api.w.org\/{rel}","templated":true}]}}

<p>A l’escola duem a terme escolaritats compartides a fi de donar suport a l’alumnat que requereix suports intensius en algunes àrees del currículum, a partir d’una escolarització combinada entre l’escola ordinària i la nostra escola.<br />
Des del moment que s’inicia una escolarització compartida establim una estreta col·laboració entre els professionals dels centres ordinari i la nostra escola a fi de garantir la coherència i la complementarietat de les actuacions.</p>
<p>Abans de l’inici de curs, els professionals d’ambdós centres que comparteixen l’atenció educativa de l’alumne/a, conjuntament amb el professional referent de l’EAP, concreten l’atenció educativa que es plasmarà en un únic Pla d’Atenció Individualitzada (PI), amb les prioritats educatives, els emplaçaments i l&#8217;horari setmanal i es fixen els criteris pel seu seguiment i avaluació.</p>
<p>Per fer el seguiment de l’evolució de l’alumne/a i del pla individualitzat introduïm, si escau, modificacions en l’atenció educativa. Disposem d’una comissió integrada per una coordinadora de la nostra escola (cap d’estudis), un docent de cada centre i el professional referent de l’EAP corresponent.<br />
El coordinador/a del pla individualitzat és un/a mestre/a o un/a professor/a del centre on l’alumne/a està matriculat. El professorat i els professionals d’ambdós centres que atenen l’alumne/a informen a l’equip docent sobre l’evolució i els seus aprenentatges.</p>
<p>&nbsp;</p>
<p>&nbsp;</p>

<p>A l’escola duem a terme escolaritats compartides a fi de donar suport a l’alumnat que requereix suports intensius en algunes àrees del currículum, a partir d’una escolarització combinada entre l’escola ordinària i la nostra escola.<br />
Des del moment que s’inicia una escolarització compartida establim una estreta&hellip;  <a href="https://agora.xtec.cat/escolajeronidemoragas/etapes-educatives/escolaritat-compartida/" title="Read Escolaritat compartida">Llegeix més»</a></p>
