{"id":578,"date":"2021-09-14T16:33:12","date_gmt":"2021-09-14T14:33:12","guid":{"rendered":"https:\/\/agora.xtec.cat\/escolajeronidemoragas\/?page_id=578"},"modified":"2022-05-24T20:06:06","modified_gmt":"2022-05-24T18:06:06","slug":"ais","status":"publish","type":"page","link":"https:\/\/agora.xtec.cat\/escolajeronidemoragas\/etapes-educatives\/ais\/","title":{"rendered":"AIS"},"content":{"rendered":"<p><a href=\"https:\/\/agora.xtec.cat\/escolajeronidemoragas\/wp-content\/uploads\/usu2509\/2022\/05\/AIS-EXTERIOR_redim.jpg\"><img loading=\"lazy\" decoding=\"async\" class=\"wp-image-916 alignleft\" src=\"https:\/\/agora.xtec.cat\/escolajeronidemoragas\/wp-content\/uploads\/usu2509\/2022\/05\/AIS-EXTERIOR_redim-1024x768.jpg\" alt=\"\" width=\"376\" height=\"282\" srcset=\"https:\/\/agora.xtec.cat\/escolajeronidemoragas\/wp-content\/uploads\/usu2509\/2022\/05\/AIS-EXTERIOR_redim-1024x768.jpg 1024w, https:\/\/agora.xtec.cat\/escolajeronidemoragas\/wp-content\/uploads\/usu2509\/2022\/05\/AIS-EXTERIOR_redim-300x225.jpg 300w, https:\/\/agora.xtec.cat\/escolajeronidemoragas\/wp-content\/uploads\/usu2509\/2022\/05\/AIS-EXTERIOR_redim-768x576.jpg 768w, https:\/\/agora.xtec.cat\/escolajeronidemoragas\/wp-content\/uploads\/usu2509\/2022\/05\/AIS-EXTERIOR_redim-1536x1152.jpg 1536w, https:\/\/agora.xtec.cat\/escolajeronidemoragas\/wp-content\/uploads\/usu2509\/2022\/05\/AIS-EXTERIOR_redim-2048x1536.jpg 2048w, https:\/\/agora.xtec.cat\/escolajeronidemoragas\/wp-content\/uploads\/usu2509\/2022\/05\/AIS-EXTERIOR_redim-200x150.jpg 200w\" sizes=\"auto, (max-width: 376px) 100vw, 376px\" \/><\/a>L\u2019aula\/programa integral de suport (AIS) \u00e9s un recurs educatiu i terap\u00e8utic singular que t\u00e9 com a objectiu proporcionar, de forma temporal, una atenci\u00f3 integral i intensiva.<br \/>\nS\u2019adre\u00e7a a alumnes amb necessitats educatives especials associades a trastorns mentals greus que necessiten suport integral i intensiu de forma temporal per poder assolir l\u2019equilibri i el benestar personal suficient pel retorn als contextos escolars ordinaris.<br \/>\nEls alumnes que s\u2019incorporen a l\u2019AIS disposen d\u2019un dictamen i\/o informe de reconeixement de necessitats educatives especials elaborat per l\u2019EAP, d\u2019un l\u2019informe cl\u00ednic del CSMIJ de refer\u00e8ncia i d\u2019un pla individual que doni resposta a les necessitats educatives, terap\u00e8utiques i socials de l\u2019alumne.<\/p>\n<p>El pla de suport individualitzat de l\u2019alumne inclou les actuacions educatives, les terap\u00e8utiques i els indicadors d\u2019avaluaci\u00f3, que s\u00f3n revisats de manera sistem\u00e0tica pels professionals de l\u2019equip de l\u2019aula integral de suport, amb la participaci\u00f3 de l\u2019alumne i la seva fam\u00edlia.<br \/>\nEl model d\u2019atenci\u00f3 es basa en la programaci\u00f3 centrada en l\u2019alumne; l\u2019equip docent s\u2019organitza en funci\u00f3 de les seves necessitats educatives i terap\u00e8utiques. Es promouran espais on hi hagi coordinaci\u00f3 entre<br \/>\nprofessionals de l\u2019\u00e0mbit educatiu i de la salut per tal que junts considerin els cassos, segons les seves necessitats evolutives, educatives i de salut mental; i aix\u00ed fomentar l\u2019aprenentatge mutu.<\/p>\n<p>Disposem del programa integral de suport a l\u2019educaci\u00f3 prim\u00e0ria i a l\u2019educaci\u00f3 secund\u00e0ria.<\/p>\n<p><a href=\"https:\/\/agora.xtec.cat\/escolajeronidemoragas\/wp-content\/uploads\/usu2509\/2022\/05\/foto-AIS-scaled.jpg\">\u00a0 \u00a0 \u00a0 \u00a0 \u00a0 \u00a0 \u00a0 \u00a0 \u00a0 \u00a0 \u00a0 \u00a0 \u00a0<img loading=\"lazy\" decoding=\"async\" class=\"alignnone wp-image-913\" src=\"https:\/\/agora.xtec.cat\/escolajeronidemoragas\/wp-content\/uploads\/usu2509\/2022\/05\/foto-AIS-768x1024.jpg\" alt=\"\" width=\"238\" height=\"318\" srcset=\"https:\/\/agora.xtec.cat\/escolajeronidemoragas\/wp-content\/uploads\/usu2509\/2022\/05\/foto-AIS-768x1024.jpg 768w, https:\/\/agora.xtec.cat\/escolajeronidemoragas\/wp-content\/uploads\/usu2509\/2022\/05\/foto-AIS-225x300.jpg 225w, https:\/\/agora.xtec.cat\/escolajeronidemoragas\/wp-content\/uploads\/usu2509\/2022\/05\/foto-AIS-1152x1536.jpg 1152w, https:\/\/agora.xtec.cat\/escolajeronidemoragas\/wp-content\/uploads\/usu2509\/2022\/05\/foto-AIS-1536x2048.jpg 1536w, https:\/\/agora.xtec.cat\/escolajeronidemoragas\/wp-content\/uploads\/usu2509\/2022\/05\/foto-AIS-scaled.jpg 1920w\" sizes=\"auto, (max-width: 238px) 100vw, 238px\" \/><\/a> \u00a0\u00a0 \u00a0\u00a0 \u00a0<a href=\"https:\/\/agora.xtec.cat\/escolajeronidemoragas\/wp-content\/uploads\/usu2509\/2022\/05\/SALA-BENESTAR-2-scaled.jpg\"><img loading=\"lazy\" decoding=\"async\" class=\"wp-image-914 alignnone\" src=\"https:\/\/agora.xtec.cat\/escolajeronidemoragas\/wp-content\/uploads\/usu2509\/2022\/05\/SALA-BENESTAR-2-1024x768.jpg\" alt=\"\" width=\"422\" height=\"316\" srcset=\"https:\/\/agora.xtec.cat\/escolajeronidemoragas\/wp-content\/uploads\/usu2509\/2022\/05\/SALA-BENESTAR-2-1024x768.jpg 1024w, https:\/\/agora.xtec.cat\/escolajeronidemoragas\/wp-content\/uploads\/usu2509\/2022\/05\/SALA-BENESTAR-2-300x225.jpg 300w, https:\/\/agora.xtec.cat\/escolajeronidemoragas\/wp-content\/uploads\/usu2509\/2022\/05\/SALA-BENESTAR-2-768x576.jpg 768w, https:\/\/agora.xtec.cat\/escolajeronidemoragas\/wp-content\/uploads\/usu2509\/2022\/05\/SALA-BENESTAR-2-1536x1152.jpg 1536w, https:\/\/agora.xtec.cat\/escolajeronidemoragas\/wp-content\/uploads\/usu2509\/2022\/05\/SALA-BENESTAR-2-2048x1536.jpg 2048w, https:\/\/agora.xtec.cat\/escolajeronidemoragas\/wp-content\/uploads\/usu2509\/2022\/05\/SALA-BENESTAR-2-200x150.jpg 200w\" sizes=\"auto, (max-width: 422px) 100vw, 422px\" \/><\/a><\/p>\n<p><em>\u00a0 \u00a0 \u00a0 \u00a0 \u00a0 \u00a0 \u00a0 \u00a0 \u00a0 \u00a0 \u00a0 \u00a0 \u00a0Aula i sala de benestar de l&#8217;AIS<\/em><\/p>\n<p>&nbsp;<\/p>\n<p><a href=\"https:\/\/agora.xtec.cat\/escolajeronidemoragas\/wp-content\/uploads\/usu2509\/2022\/05\/equip-AIS.jpg\"><img loading=\"lazy\" decoding=\"async\" class=\"alignnone wp-image-1124\" src=\"https:\/\/agora.xtec.cat\/escolajeronidemoragas\/wp-content\/uploads\/usu2509\/2022\/05\/equip-AIS-1024x721.jpg\" alt=\"\" width=\"288\" height=\"203\" srcset=\"https:\/\/agora.xtec.cat\/escolajeronidemoragas\/wp-content\/uploads\/usu2509\/2022\/05\/equip-AIS-1024x721.jpg 1024w, https:\/\/agora.xtec.cat\/escolajeronidemoragas\/wp-content\/uploads\/usu2509\/2022\/05\/equip-AIS-300x211.jpg 300w, https:\/\/agora.xtec.cat\/escolajeronidemoragas\/wp-content\/uploads\/usu2509\/2022\/05\/equip-AIS-768x541.jpg 768w, https:\/\/agora.xtec.cat\/escolajeronidemoragas\/wp-content\/uploads\/usu2509\/2022\/05\/equip-AIS-1536x1082.jpg 1536w, https:\/\/agora.xtec.cat\/escolajeronidemoragas\/wp-content\/uploads\/usu2509\/2022\/05\/equip-AIS.jpg 2048w\" sizes=\"auto, (max-width: 288px) 100vw, 288px\" \/><\/a><\/p>\n<p>Contacte:<\/p>\n<p><em>Esther Vicens: evicens@ampans.cat<\/em><\/p>\n<p><em>S\u00f2nia G\u00f3mez: sgomez@ampans.cat<\/em><\/p>\n<p>&nbsp;<\/p>\n<p>&nbsp;<\/p>\n","protected":false},"excerpt":{"rendered":"<p><a href=\"https:\/\/agora.xtec.cat\/escolajeronidemoragas\/wp-content\/uploads\/usu2509\/2022\/05\/AIS-EXTERIOR_redim.jpg\"><\/a>L\u2019aula\/programa integral de suport (AIS) \u00e9s un recurs educatiu i terap\u00e8utic singular que t\u00e9 com a objectiu proporcionar, de forma temporal, una atenci\u00f3 integral i intensiva.<br \/>\nS\u2019adre\u00e7a a alumnes amb necessitats educatives especials associades a trastorns mentals greus que necessiten suport integral i intensiu de&hellip;  <a href=\"https:\/\/agora.xtec.cat\/escolajeronidemoragas\/etapes-educatives\/ais\/\" title=\"Read AIS\">Llegeix m\u00e9s\u00bb<\/a><\/p>\n","protected":false},"author":1,"featured_media":0,"parent":590,"menu_order":0,"comment_status":"closed","ping_status":"closed","template":"","meta":{"_bbp_topic_count":0,"_bbp_reply_count":0,"_bbp_total_topic_count":0,"_bbp_total_reply_count":0,"_bbp_voice_count":0,"_bbp_anonymous_reply_count":0,"_bbp_topic_count_hidden":0,"_bbp_reply_count_hidden":0,"_bbp_forum_subforum_count":0,"footnotes":""},"class_list":["post-578","page","type-page","status-publish","hentry"],"post_mailing_queue_ids":[],"_links":{"self":[{"href":"https:\/\/agora.xtec.cat\/escolajeronidemoragas\/wp-json\/wp\/v2\/pages\/578","targetHints":{"allow":["GET"]}}],"collection":[{"href":"https:\/\/agora.xtec.cat\/escolajeronidemoragas\/wp-json\/wp\/v2\/pages"}],"about":[{"href":"https:\/\/agora.xtec.cat\/escolajeronidemoragas\/wp-json\/wp\/v2\/types\/page"}],"author":[{"embeddable":true,"href":"https:\/\/agora.xtec.cat\/escolajeronidemoragas\/wp-json\/wp\/v2\/users\/1"}],"replies":[{"embeddable":true,"href":"https:\/\/agora.xtec.cat\/escolajeronidemoragas\/wp-json\/wp\/v2\/comments?post=578"}],"version-history":[{"count":3,"href":"https:\/\/agora.xtec.cat\/escolajeronidemoragas\/wp-json\/wp\/v2\/pages\/578\/revisions"}],"predecessor-version":[{"id":1130,"href":"https:\/\/agora.xtec.cat\/escolajeronidemoragas\/wp-json\/wp\/v2\/pages\/578\/revisions\/1130"}],"up":[{"embeddable":true,"href":"https:\/\/agora.xtec.cat\/escolajeronidemoragas\/wp-json\/wp\/v2\/pages\/590"}],"wp:attachment":[{"href":"https:\/\/agora.xtec.cat\/escolajeronidemoragas\/wp-json\/wp\/v2\/media?parent=578"}],"curies":[{"name":"wp","href":"https:\/\/api.w.org\/{rel}","templated":true}]}}

<p><a href="https://agora.xtec.cat/escolajeronidemoragas/wp-content/uploads/usu2509/2022/05/AIS-EXTERIOR_redim.jpg"><img loading="lazy" decoding="async" class="wp-image-916 alignleft" src="https://agora.xtec.cat/escolajeronidemoragas/wp-content/uploads/usu2509/2022/05/AIS-EXTERIOR_redim-1024x768.jpg" alt="" width="376" height="282" srcset="https://agora.xtec.cat/escolajeronidemoragas/wp-content/uploads/usu2509/2022/05/AIS-EXTERIOR_redim-1024x768.jpg 1024w, https://agora.xtec.cat/escolajeronidemoragas/wp-content/uploads/usu2509/2022/05/AIS-EXTERIOR_redim-300x225.jpg 300w, https://agora.xtec.cat/escolajeronidemoragas/wp-content/uploads/usu2509/2022/05/AIS-EXTERIOR_redim-768x576.jpg 768w, https://agora.xtec.cat/escolajeronidemoragas/wp-content/uploads/usu2509/2022/05/AIS-EXTERIOR_redim-1536x1152.jpg 1536w, https://agora.xtec.cat/escolajeronidemoragas/wp-content/uploads/usu2509/2022/05/AIS-EXTERIOR_redim-2048x1536.jpg 2048w, https://agora.xtec.cat/escolajeronidemoragas/wp-content/uploads/usu2509/2022/05/AIS-EXTERIOR_redim-200x150.jpg 200w" sizes="auto, (max-width: 376px) 100vw, 376px" /></a>L’aula/programa integral de suport (AIS) és un recurs educatiu i terapèutic singular que té com a objectiu proporcionar, de forma temporal, una atenció integral i intensiva.<br />
S’adreça a alumnes amb necessitats educatives especials associades a trastorns mentals greus que necessiten suport integral i intensiu de forma temporal per poder assolir l’equilibri i el benestar personal suficient pel retorn als contextos escolars ordinaris.<br />
Els alumnes que s’incorporen a l’AIS disposen d’un dictamen i/o informe de reconeixement de necessitats educatives especials elaborat per l’EAP, d’un l’informe clínic del CSMIJ de referència i d’un pla individual que doni resposta a les necessitats educatives, terapèutiques i socials de l’alumne.</p>
<p>El pla de suport individualitzat de l’alumne inclou les actuacions educatives, les terapèutiques i els indicadors d’avaluació, que són revisats de manera sistemàtica pels professionals de l’equip de l’aula integral de suport, amb la participació de l’alumne i la seva família.<br />
El model d’atenció es basa en la programació centrada en l’alumne; l’equip docent s’organitza en funció de les seves necessitats educatives i terapèutiques. Es promouran espais on hi hagi coordinació entre<br />
professionals de l’àmbit educatiu i de la salut per tal que junts considerin els cassos, segons les seves necessitats evolutives, educatives i de salut mental; i així fomentar l’aprenentatge mutu.</p>
<p>Disposem del programa integral de suport a l’educació primària i a l’educació secundària.</p>
<p><a href="https://agora.xtec.cat/escolajeronidemoragas/wp-content/uploads/usu2509/2022/05/foto-AIS-scaled.jpg">                         <img loading="lazy" decoding="async" class="alignnone wp-image-913" src="https://agora.xtec.cat/escolajeronidemoragas/wp-content/uploads/usu2509/2022/05/foto-AIS-768x1024.jpg" alt="" width="238" height="318" srcset="https://agora.xtec.cat/escolajeronidemoragas/wp-content/uploads/usu2509/2022/05/foto-AIS-768x1024.jpg 768w, https://agora.xtec.cat/escolajeronidemoragas/wp-content/uploads/usu2509/2022/05/foto-AIS-225x300.jpg 225w, https://agora.xtec.cat/escolajeronidemoragas/wp-content/uploads/usu2509/2022/05/foto-AIS-1152x1536.jpg 1152w, https://agora.xtec.cat/escolajeronidemoragas/wp-content/uploads/usu2509/2022/05/foto-AIS-1536x2048.jpg 1536w, https://agora.xtec.cat/escolajeronidemoragas/wp-content/uploads/usu2509/2022/05/foto-AIS-scaled.jpg 1920w" sizes="auto, (max-width: 238px) 100vw, 238px" /></a>        <a href="https://agora.xtec.cat/escolajeronidemoragas/wp-content/uploads/usu2509/2022/05/SALA-BENESTAR-2-scaled.jpg"><img loading="lazy" decoding="async" class="wp-image-914 alignnone" src="https://agora.xtec.cat/escolajeronidemoragas/wp-content/uploads/usu2509/2022/05/SALA-BENESTAR-2-1024x768.jpg" alt="" width="422" height="316" srcset="https://agora.xtec.cat/escolajeronidemoragas/wp-content/uploads/usu2509/2022/05/SALA-BENESTAR-2-1024x768.jpg 1024w, https://agora.xtec.cat/escolajeronidemoragas/wp-content/uploads/usu2509/2022/05/SALA-BENESTAR-2-300x225.jpg 300w, https://agora.xtec.cat/escolajeronidemoragas/wp-content/uploads/usu2509/2022/05/SALA-BENESTAR-2-768x576.jpg 768w, https://agora.xtec.cat/escolajeronidemoragas/wp-content/uploads/usu2509/2022/05/SALA-BENESTAR-2-1536x1152.jpg 1536w, https://agora.xtec.cat/escolajeronidemoragas/wp-content/uploads/usu2509/2022/05/SALA-BENESTAR-2-2048x1536.jpg 2048w, https://agora.xtec.cat/escolajeronidemoragas/wp-content/uploads/usu2509/2022/05/SALA-BENESTAR-2-200x150.jpg 200w" sizes="auto, (max-width: 422px) 100vw, 422px" /></a></p>
<p><em>                         Aula i sala de benestar de l&#8217;AIS</em></p>
<p>&nbsp;</p>
<p><a href="https://agora.xtec.cat/escolajeronidemoragas/wp-content/uploads/usu2509/2022/05/equip-AIS.jpg"><img loading="lazy" decoding="async" class="alignnone wp-image-1124" src="https://agora.xtec.cat/escolajeronidemoragas/wp-content/uploads/usu2509/2022/05/equip-AIS-1024x721.jpg" alt="" width="288" height="203" srcset="https://agora.xtec.cat/escolajeronidemoragas/wp-content/uploads/usu2509/2022/05/equip-AIS-1024x721.jpg 1024w, https://agora.xtec.cat/escolajeronidemoragas/wp-content/uploads/usu2509/2022/05/equip-AIS-300x211.jpg 300w, https://agora.xtec.cat/escolajeronidemoragas/wp-content/uploads/usu2509/2022/05/equip-AIS-768x541.jpg 768w, https://agora.xtec.cat/escolajeronidemoragas/wp-content/uploads/usu2509/2022/05/equip-AIS-1536x1082.jpg 1536w, https://agora.xtec.cat/escolajeronidemoragas/wp-content/uploads/usu2509/2022/05/equip-AIS.jpg 2048w" sizes="auto, (max-width: 288px) 100vw, 288px" /></a></p>
<p>Contacte:</p>
<p><em>Esther Vicens: evicens@ampans.cat</em></p>
<p><em>Sònia Gómez: sgomez@ampans.cat</em></p>
<p>&nbsp;</p>
<p>&nbsp;</p>

<p><a href="https://agora.xtec.cat/escolajeronidemoragas/wp-content/uploads/usu2509/2022/05/AIS-EXTERIOR_redim.jpg"></a>L’aula/programa integral de suport (AIS) és un recurs educatiu i terapèutic singular que té com a objectiu proporcionar, de forma temporal, una atenció integral i intensiva.<br />
S’adreça a alumnes amb necessitats educatives especials associades a trastorns mentals greus que necessiten suport integral i intensiu de&hellip;  <a href="https://agora.xtec.cat/escolajeronidemoragas/etapes-educatives/ais/" title="Read AIS">Llegeix més»</a></p>
