{"id":577,"date":"2021-09-14T16:33:12","date_gmt":"2021-09-14T14:33:12","guid":{"rendered":"https:\/\/agora.xtec.cat\/escolajeronidemoragas\/?page_id=577"},"modified":"2024-03-08T12:19:52","modified_gmt":"2024-03-08T11:19:52","slug":"especialistes-externs","status":"publish","type":"page","link":"https:\/\/agora.xtec.cat\/escolajeronidemoragas\/especialistes-externs\/","title":{"rendered":"Especialistes externs"},"content":{"rendered":"<p><a href=\"https:\/\/agora.xtec.cat\/escolajeronidemoragas\/wp-content\/uploads\/usu2509\/2022\/05\/especialistes-externs.jpg\"><img loading=\"lazy\" decoding=\"async\" class=\"wp-image-999 alignleft\" src=\"https:\/\/agora.xtec.cat\/escolajeronidemoragas\/wp-content\/uploads\/usu2509\/2022\/05\/especialistes-externs.jpg\" alt=\"\" width=\"294\" height=\"169\" srcset=\"https:\/\/agora.xtec.cat\/escolajeronidemoragas\/wp-content\/uploads\/usu2509\/2022\/05\/especialistes-externs.jpg 612w, https:\/\/agora.xtec.cat\/escolajeronidemoragas\/wp-content\/uploads\/usu2509\/2022\/05\/especialistes-externs-300x173.jpg 300w\" sizes=\"auto, (max-width: 294px) 100vw, 294px\" \/><\/a><\/p>\n<p>Des de l&#8217;escola Jeroni de Moragas establim relaci\u00f3 amb diferents especialistes i professionals externs que ens permeten fer un seguiment general i acurat dels nostres alumnes. Les coordinacions amb especialistes de fora de l&#8217;escola, sovint, s\u00f3n necessaries i enriquidores i aquesta relaci\u00f3 ens permet poder actuar amb millor precisi\u00f3 i qualitat, aix\u00ed com fer un seguiment global de les necessitats del nostre alumnat; ja sigui a nivell sanitari, educatiu&#8230;<\/p>\n<p>\u00c9s per aix\u00f2 que establim un contacte m\u00e9s o menys directe amb especialistes de diferents \u00e0mbits i sectors, com per exemple:<\/p>\n<p>&nbsp;<\/p>\n<ul>\n<li>Serveis Educatius: CREDA, CREDV i EAP.<\/li>\n<li>Serveis d&#8217;Atenci\u00f3 Preco\u00e7 i Salut: CDIAP<\/li>\n<li>Serveis m\u00e8dics: CSMIJ, SEMS-DI, ORL, Unitat de disf\u00e0gia, Servei de gastroenterologia, Servei de neurorehabilitaci\u00f3, Servei de traumatologia, Servei de pneumologia, Servei d&#8217;Atenci\u00f3 Prim\u00e0ria<\/li>\n<li>Serveis privats de fisioter\u00e0pia i ortop\u00e8dia, logop\u00e8dia, psicologia, pedagogia i psicopedagogia&#8230; entre d&#8217;altres possibles centres i serveis.<\/li>\n<\/ul>\n<p>En definitiva, ens coordinem amb tots aquells professionals que realitzen una atenci\u00f3 directa al nostre alumnat per tal de compartir objectius, estrat\u00e8gies i millorar la intervenci\u00f3 de manera integral.<\/p>\n<p>&nbsp;<\/p>\n","protected":false},"excerpt":{"rendered":"<p><a href=\"https:\/\/agora.xtec.cat\/escolajeronidemoragas\/wp-content\/uploads\/usu2509\/2022\/05\/especialistes-externs.jpg\"><\/a><br \/>\nDes de l&#8217;escola Jeroni de Moragas establim relaci\u00f3 amb diferents especialistes i professionals externs que ens permeten fer un seguiment general i acurat dels nostres alumnes. Les coordinacions amb especialistes de fora de l&#8217;escola, sovint, s\u00f3n necessaries i enriquidores i aquesta relaci\u00f3 ens permet&hellip;  <a href=\"https:\/\/agora.xtec.cat\/escolajeronidemoragas\/especialistes-externs\/\" title=\"Read Especialistes externs\">Llegeix m\u00e9s\u00bb<\/a><\/p>\n","protected":false},"author":1,"featured_media":0,"parent":0,"menu_order":0,"comment_status":"closed","ping_status":"closed","template":"","meta":{"_bbp_topic_count":0,"_bbp_reply_count":0,"_bbp_total_topic_count":0,"_bbp_total_reply_count":0,"_bbp_voice_count":0,"_bbp_anonymous_reply_count":0,"_bbp_topic_count_hidden":0,"_bbp_reply_count_hidden":0,"_bbp_forum_subforum_count":0,"footnotes":""},"class_list":["post-577","page","type-page","status-publish","hentry"],"post_mailing_queue_ids":[],"_links":{"self":[{"href":"https:\/\/agora.xtec.cat\/escolajeronidemoragas\/wp-json\/wp\/v2\/pages\/577","targetHints":{"allow":["GET"]}}],"collection":[{"href":"https:\/\/agora.xtec.cat\/escolajeronidemoragas\/wp-json\/wp\/v2\/pages"}],"about":[{"href":"https:\/\/agora.xtec.cat\/escolajeronidemoragas\/wp-json\/wp\/v2\/types\/page"}],"author":[{"embeddable":true,"href":"https:\/\/agora.xtec.cat\/escolajeronidemoragas\/wp-json\/wp\/v2\/users\/1"}],"replies":[{"embeddable":true,"href":"https:\/\/agora.xtec.cat\/escolajeronidemoragas\/wp-json\/wp\/v2\/comments?post=577"}],"version-history":[{"count":4,"href":"https:\/\/agora.xtec.cat\/escolajeronidemoragas\/wp-json\/wp\/v2\/pages\/577\/revisions"}],"predecessor-version":[{"id":2180,"href":"https:\/\/agora.xtec.cat\/escolajeronidemoragas\/wp-json\/wp\/v2\/pages\/577\/revisions\/2180"}],"wp:attachment":[{"href":"https:\/\/agora.xtec.cat\/escolajeronidemoragas\/wp-json\/wp\/v2\/media?parent=577"}],"curies":[{"name":"wp","href":"https:\/\/api.w.org\/{rel}","templated":true}]}}

<p><a href="https://agora.xtec.cat/escolajeronidemoragas/wp-content/uploads/usu2509/2022/05/especialistes-externs.jpg"><img loading="lazy" decoding="async" class="wp-image-999 alignleft" src="https://agora.xtec.cat/escolajeronidemoragas/wp-content/uploads/usu2509/2022/05/especialistes-externs.jpg" alt="" width="294" height="169" srcset="https://agora.xtec.cat/escolajeronidemoragas/wp-content/uploads/usu2509/2022/05/especialistes-externs.jpg 612w, https://agora.xtec.cat/escolajeronidemoragas/wp-content/uploads/usu2509/2022/05/especialistes-externs-300x173.jpg 300w" sizes="auto, (max-width: 294px) 100vw, 294px" /></a></p>
<p>Des de l&#8217;escola Jeroni de Moragas establim relació amb diferents especialistes i professionals externs que ens permeten fer un seguiment general i acurat dels nostres alumnes. Les coordinacions amb especialistes de fora de l&#8217;escola, sovint, són necessaries i enriquidores i aquesta relació ens permet poder actuar amb millor precisió i qualitat, així com fer un seguiment global de les necessitats del nostre alumnat; ja sigui a nivell sanitari, educatiu&#8230;</p>
<p>És per això que establim un contacte més o menys directe amb especialistes de diferents àmbits i sectors, com per exemple:</p>
<p>&nbsp;</p>
<ul>
<li>Serveis Educatius: CREDA, CREDV i EAP.</li>
<li>Serveis d&#8217;Atenció Precoç i Salut: CDIAP</li>
<li>Serveis mèdics: CSMIJ, SEMS-DI, ORL, Unitat de disfàgia, Servei de gastroenterologia, Servei de neurorehabilitació, Servei de traumatologia, Servei de pneumologia, Servei d&#8217;Atenció Primària</li>
<li>Serveis privats de fisioteràpia i ortopèdia, logopèdia, psicologia, pedagogia i psicopedagogia&#8230; entre d&#8217;altres possibles centres i serveis.</li>
</ul>
<p>En definitiva, ens coordinem amb tots aquells professionals que realitzen una atenció directa al nostre alumnat per tal de compartir objectius, estratègies i millorar la intervenció de manera integral.</p>
<p>&nbsp;</p>

<p><a href="https://agora.xtec.cat/escolajeronidemoragas/wp-content/uploads/usu2509/2022/05/especialistes-externs.jpg"></a><br />
Des de l&#8217;escola Jeroni de Moragas establim relació amb diferents especialistes i professionals externs que ens permeten fer un seguiment general i acurat dels nostres alumnes. Les coordinacions amb especialistes de fora de l&#8217;escola, sovint, són necessaries i enriquidores i aquesta relació ens permet&hellip;  <a href="https://agora.xtec.cat/escolajeronidemoragas/especialistes-externs/" title="Read Especialistes externs">Llegeix més»</a></p>
