{"id":568,"date":"2021-09-13T17:11:25","date_gmt":"2021-09-13T15:11:25","guid":{"rendered":"https:\/\/agora.xtec.cat\/escolajeronidemoragas\/?page_id=568"},"modified":"2022-05-24T12:59:44","modified_gmt":"2022-05-24T10:59:44","slug":"fundacio-tutelar-2","status":"publish","type":"page","link":"https:\/\/agora.xtec.cat\/escolajeronidemoragas\/serveis\/fundacio-tutelar-2\/","title":{"rendered":"Fundaci\u00f3 tutelar"},"content":{"rendered":"<p><a href=\"https:\/\/agora.xtec.cat\/escolajeronidemoragas\/wp-content\/uploads\/usu2509\/2022\/05\/TUTELA_PORTADA.png\"><img loading=\"lazy\" decoding=\"async\" class=\"wp-image-952 aligncenter\" src=\"https:\/\/agora.xtec.cat\/escolajeronidemoragas\/wp-content\/uploads\/usu2509\/2022\/05\/TUTELA_PORTADA.png\" alt=\"\" width=\"939\" height=\"240\" srcset=\"https:\/\/agora.xtec.cat\/escolajeronidemoragas\/wp-content\/uploads\/usu2509\/2022\/05\/TUTELA_PORTADA.png 939w, https:\/\/agora.xtec.cat\/escolajeronidemoragas\/wp-content\/uploads\/usu2509\/2022\/05\/TUTELA_PORTADA-300x77.png 300w, https:\/\/agora.xtec.cat\/escolajeronidemoragas\/wp-content\/uploads\/usu2509\/2022\/05\/TUTELA_PORTADA-768x196.png 768w\" sizes=\"auto, (max-width: 939px) 100vw, 939px\" \/><\/a><\/p>\n<p>La Fundaci\u00f3 Tutelar Santa Maria de Comabella \u00e9s una entitat sense \u00e0nim de lucre que des de l\u2019any 1994 treballa per tenir cura i protegir i donar suport en la presa de decisions en l&#8217;exercici de la seva capacitat jur\u00eddica a persones amb discapacitat intel\u00b7lectual, malaltia mental o persones que presenten defici\u00e8ncies permanents amb deteriorament cognitiu les quals, judicialment, la Fundaci\u00f3 n\u2019estigui encarregada.<\/p>\n<p>Sota els valors que impregnen l\u2019entitat \u2013 Respecte, amabilitat i tracte hum\u00e0, promoci\u00f3 de l\u2019autodeterminaci\u00f3 i professionalitat -, la Fundaci\u00f3 treballa per donar resposta a una s\u00e8rie de necessitats mitjan\u00e7ant:<\/p>\n<ul>\n<li>La informaci\u00f3 i assessorament en l\u2019actual model de mesures de suport, aix\u00ed com orientaci\u00f3 en els tr\u00e0mits relatius a la seva constituci\u00f3.<\/li>\n<li>L\u2019estudi i seguiment de les persones que requereixen suport i les seves necessitats.<\/li>\n<li>La salvaguarda de les persones, tenint cura de les seves necessitats i desitjos, defensant els seus drets i donant un tracte afectiu i hum\u00e0 que millori la seva qualitat de vida, respectant sempre els dictats de la Convenci\u00f3 Internacional de drets de les persones amb discapacitat de les Nacions Unides.<\/li>\n<li>La protecci\u00f3 dels seus b\u00e9ns patrimonials i la defensa dels seus interessos de forma individualitzada i personalitzada.<\/li>\n<li>La garantia d\u2019oferir sempre el servei m\u00e9s adient i adequat a les necessitats de la persona, cercant els recursos necessaris per millorar el seu benestar.<\/li>\n<\/ul>\n<p><strong>Per a m\u00e9s informaci\u00f3, poden contactar amb el servei d\u2019informaci\u00f3 i assessorament mitjan\u00e7ant el tel\u00e8fon 938 272 300 o l\u2019adre\u00e7a electr\u00f2nica <\/strong><a href=\"mailto:fundacio@comabella.cat\">fundacio@comabella.cat\u00a0<\/a><\/p>\n<p>&nbsp;<\/p>\n","protected":false},"excerpt":{"rendered":"<p><a href=\"https:\/\/agora.xtec.cat\/escolajeronidemoragas\/wp-content\/uploads\/usu2509\/2022\/05\/TUTELA_PORTADA.png\"><\/a><br \/>\nLa Fundaci\u00f3 Tutelar Santa Maria de Comabella \u00e9s una entitat sense \u00e0nim de lucre que des de l\u2019any 1994 treballa per tenir cura i protegir i donar suport en la presa de decisions en l&#8217;exercici de la seva capacitat jur\u00eddica a persones amb discapacitat&hellip;  <a href=\"https:\/\/agora.xtec.cat\/escolajeronidemoragas\/serveis\/fundacio-tutelar-2\/\" title=\"Read Fundaci\u00f3 tutelar\">Llegeix m\u00e9s\u00bb<\/a><\/p>\n","protected":false},"author":1,"featured_media":0,"parent":66,"menu_order":0,"comment_status":"closed","ping_status":"closed","template":"","meta":{"_bbp_topic_count":0,"_bbp_reply_count":0,"_bbp_total_topic_count":0,"_bbp_total_reply_count":0,"_bbp_voice_count":0,"_bbp_anonymous_reply_count":0,"_bbp_topic_count_hidden":0,"_bbp_reply_count_hidden":0,"_bbp_forum_subforum_count":0,"footnotes":""},"class_list":["post-568","page","type-page","status-publish","hentry"],"post_mailing_queue_ids":[],"_links":{"self":[{"href":"https:\/\/agora.xtec.cat\/escolajeronidemoragas\/wp-json\/wp\/v2\/pages\/568","targetHints":{"allow":["GET"]}}],"collection":[{"href":"https:\/\/agora.xtec.cat\/escolajeronidemoragas\/wp-json\/wp\/v2\/pages"}],"about":[{"href":"https:\/\/agora.xtec.cat\/escolajeronidemoragas\/wp-json\/wp\/v2\/types\/page"}],"author":[{"embeddable":true,"href":"https:\/\/agora.xtec.cat\/escolajeronidemoragas\/wp-json\/wp\/v2\/users\/1"}],"replies":[{"embeddable":true,"href":"https:\/\/agora.xtec.cat\/escolajeronidemoragas\/wp-json\/wp\/v2\/comments?post=568"}],"version-history":[{"count":3,"href":"https:\/\/agora.xtec.cat\/escolajeronidemoragas\/wp-json\/wp\/v2\/pages\/568\/revisions"}],"predecessor-version":[{"id":956,"href":"https:\/\/agora.xtec.cat\/escolajeronidemoragas\/wp-json\/wp\/v2\/pages\/568\/revisions\/956"}],"up":[{"embeddable":true,"href":"https:\/\/agora.xtec.cat\/escolajeronidemoragas\/wp-json\/wp\/v2\/pages\/66"}],"wp:attachment":[{"href":"https:\/\/agora.xtec.cat\/escolajeronidemoragas\/wp-json\/wp\/v2\/media?parent=568"}],"curies":[{"name":"wp","href":"https:\/\/api.w.org\/{rel}","templated":true}]}}

Fundació tutelar

<p><a href="https://agora.xtec.cat/escolajeronidemoragas/wp-content/uploads/usu2509/2022/05/TUTELA_PORTADA.png"><img loading="lazy" decoding="async" class="wp-image-952 aligncenter" src="https://agora.xtec.cat/escolajeronidemoragas/wp-content/uploads/usu2509/2022/05/TUTELA_PORTADA.png" alt="" width="939" height="240" srcset="https://agora.xtec.cat/escolajeronidemoragas/wp-content/uploads/usu2509/2022/05/TUTELA_PORTADA.png 939w, https://agora.xtec.cat/escolajeronidemoragas/wp-content/uploads/usu2509/2022/05/TUTELA_PORTADA-300x77.png 300w, https://agora.xtec.cat/escolajeronidemoragas/wp-content/uploads/usu2509/2022/05/TUTELA_PORTADA-768x196.png 768w" sizes="auto, (max-width: 939px) 100vw, 939px" /></a></p>
<p>La Fundació Tutelar Santa Maria de Comabella és una entitat sense ànim de lucre que des de l’any 1994 treballa per tenir cura i protegir i donar suport en la presa de decisions en l&#8217;exercici de la seva capacitat jurídica a persones amb discapacitat intel·lectual, malaltia mental o persones que presenten deficiències permanents amb deteriorament cognitiu les quals, judicialment, la Fundació n’estigui encarregada.</p>
<p>Sota els valors que impregnen l’entitat – Respecte, amabilitat i tracte humà, promoció de l’autodeterminació i professionalitat -, la Fundació treballa per donar resposta a una sèrie de necessitats mitjançant:</p>
<ul>
<li>La informació i assessorament en l’actual model de mesures de suport, així com orientació en els tràmits relatius a la seva constitució.</li>
<li>L’estudi i seguiment de les persones que requereixen suport i les seves necessitats.</li>
<li>La salvaguarda de les persones, tenint cura de les seves necessitats i desitjos, defensant els seus drets i donant un tracte afectiu i humà que millori la seva qualitat de vida, respectant sempre els dictats de la Convenció Internacional de drets de les persones amb discapacitat de les Nacions Unides.</li>
<li>La protecció dels seus béns patrimonials i la defensa dels seus interessos de forma individualitzada i personalitzada.</li>
<li>La garantia d’oferir sempre el servei més adient i adequat a les necessitats de la persona, cercant els recursos necessaris per millorar el seu benestar.</li>
</ul>
<p><strong>Per a més informació, poden contactar amb el servei d’informació i assessorament mitjançant el telèfon 938 272 300 o l’adreça electrònica </strong><a href="mailto:fundacio@comabella.cat">fundacio@comabella.cat </a></p>
<p>&nbsp;</p>

<p><a href="https://agora.xtec.cat/escolajeronidemoragas/wp-content/uploads/usu2509/2022/05/TUTELA_PORTADA.png"></a><br />
La Fundació Tutelar Santa Maria de Comabella és una entitat sense ànim de lucre que des de l’any 1994 treballa per tenir cura i protegir i donar suport en la presa de decisions en l&#8217;exercici de la seva capacitat jurídica a persones amb discapacitat&hellip;  <a href="https://agora.xtec.cat/escolajeronidemoragas/serveis/fundacio-tutelar-2/" title="Read Fundació tutelar">Llegeix més»</a></p>
