{"id":508,"date":"2021-04-21T17:29:28","date_gmt":"2021-04-21T15:29:28","guid":{"rendered":"https:\/\/agora.xtec.cat\/escolajeronidemoragas\/?page_id=508"},"modified":"2025-09-22T16:05:37","modified_gmt":"2025-09-22T14:05:37","slug":"qui-som","status":"publish","type":"page","link":"https:\/\/agora.xtec.cat\/escolajeronidemoragas\/lescola\/qui-som\/","title":{"rendered":"Qui som?"},"content":{"rendered":"<p style=\"text-align: left;\"><strong>L&#8217;escola d&#8217;Educaci\u00f3 Especial Jeroni de Moragas d&#8217;AMPANS som un centre educatiu concertat amb el Departament d&#8217;Educaci\u00f3. Atenem alumnes amb necessitats educatives especials en edats compreses entre els 3 i els 20 anys. Ofereim als infants i joves itineraris educatius personalitzats i adaptats que els ajuda en l&#8217;autonomia personal, social i\/o laboral.<\/strong><\/p>\n<p style=\"text-align: left;\"><strong><img loading=\"lazy\" decoding=\"async\" class=\"aligncenter\" src=\"http:\/\/www.ampans.cat\/images\/Rodonetes-Inclusiva.png\" alt=\"ampans\" width=\"114\" height=\"114\" \/> <\/strong><\/p>\n<h3 style=\"text-align: center;\"><strong>Som Escola Inclusiva<\/strong><\/h3>\n<p style=\"text-align: left;\">Impulsem activitats inclusives orientades a compartir unitats de programaci\u00f3 entre alumnes del nostre centre i de d\u2019altres escoles del Bages. Les activitats, basades en l\u2019aprenentatge col\u00b7laboratiu, cobreixen un ampli ventall d\u2019objectius relacionats amb l\u2019educaci\u00f3 en valors i possibiliten a tots els alumnes un apropament enriquidor que afavoreix vincles i expandeix, en uns i altres, el concepte global de societat on tots hi participem.<strong>\u00a0<\/strong><\/p>\n<p>&nbsp;<\/p>\n<p style=\"text-align: left;\"><strong> <img loading=\"lazy\" decoding=\"async\" class=\"aligncenter\" src=\"http:\/\/www.ampans.cat\/images\/Rodonetes_EscolaCEEPSIR.png\" alt=\"ampans\" width=\"115\" height=\"115\" \/> <\/strong><\/p>\n<h3 style=\"text-align: center;\"><strong>Som <\/strong><strong>Centre d&#8217;Educaci\u00f3 Especial Prove\u00efdor de Serveis i Recursos de Suport a la Inclusi\u00f3 (CEEPSIR)<\/strong><\/h3>\n<p style=\"text-align: left;\">L\u2019Escola Jeroni de Moragas va ser seleccionada en convocat\u00f2ria p\u00fablica del Departament d\u2019Educaci\u00f3 per desenvolupar programes i serveis de suport a l\u2019escolaritzaci\u00f3 d\u2019alumnes amb discapacitat al centres ordinaris.<\/p>\n<p style=\"text-align: left;\">L\u2019escola continua escolaritzant a alumnes que per les seves necessitats de suport necessiten un servei especialitzat. Paral\u00b7lelament es desenvolupen accions de suport com a centre de refer\u00e8ncia als centres ordinaris de la comarca del Bages, Moian\u00e8s i Solson\u00e8s, tamb\u00e9 en l\u2019escolaritzaci\u00f3 inclusiva de l\u2019alumnat amb discapacitat, aplicant programes espec\u00edfics de suport directe a l&#8217;alumnat amb greu discapacitat, escolaritzat en centres ordinaris i tamb\u00e9 serveis educatius espec\u00edfics.<\/p>\n<p><strong>\u00a0<\/strong><\/p>\n<p><strong><img loading=\"lazy\" decoding=\"async\" class=\"aligncenter\" src=\"http:\/\/www.ampans.cat\/images\/BP-capit%C3%A0-bombeta.jpg\" alt=\"ampans\" width=\"112\" height=\"112\" \/><br \/>\n<\/strong><\/p>\n<h3 style=\"text-align: center;\"><strong>Som Escola Verda<\/strong><\/h3>\n<p>Des de l&#8217;any 2003 formem part de la xarxa d&#8217;Escoles Verdes del Departament d\u2019Ensenyament, amb l\u2019objectiu d\u2019avan\u00e7ar cap a la sostenibilitat com escola en tots els sectors i \u00e0mbits, incorporant els Objectius de Desenvolupent Sostenible 2030 com a eixos de treball, que tenim en compte, en els\u00a0 projectes d&#8217;aula i en la tasca curricular dels docents. Des de la Comissi\u00f3 d&#8217;Escoles Verdes es treballa per donar eines, estrat\u00e8gies, activitats que serveixin per aprendre a l&#8217;aula els valors de la sostenibilitat mediambiental i clim\u00e0tica, de la just\u00edcia social, de la igualtat; per a ser\u00a0 ciutadans-es del m\u00f3n\u00a0 compromesos-es amb l&#8217;entorn i el planeta on vivim.<\/p>\n<p>&nbsp;<\/p>\n<p>&nbsp;<\/p>\n","protected":false},"excerpt":{"rendered":"<p>L&#8217;escola d&#8217;Educaci\u00f3 Especial Jeroni de Moragas d&#8217;AMPANS som un centre educatiu concertat amb el Departament d&#8217;Educaci\u00f3. Atenem alumnes amb necessitats educatives especials en edats compreses entre els 3 i els 20 anys. Ofereim als infants i joves itineraris educatius personalitzats i adaptats que els ajuda&hellip;  <a href=\"https:\/\/agora.xtec.cat\/escolajeronidemoragas\/lescola\/qui-som\/\" title=\"Read Qui som?\">Llegeix m\u00e9s\u00bb<\/a><\/p>\n","protected":false},"author":1,"featured_media":0,"parent":22,"menu_order":0,"comment_status":"closed","ping_status":"closed","template":"","meta":{"_bbp_topic_count":0,"_bbp_reply_count":0,"_bbp_total_topic_count":0,"_bbp_total_reply_count":0,"_bbp_voice_count":0,"_bbp_anonymous_reply_count":0,"_bbp_topic_count_hidden":0,"_bbp_reply_count_hidden":0,"_bbp_forum_subforum_count":0,"footnotes":""},"class_list":["post-508","page","type-page","status-publish","hentry"],"post_mailing_queue_ids":[],"_links":{"self":[{"href":"https:\/\/agora.xtec.cat\/escolajeronidemoragas\/wp-json\/wp\/v2\/pages\/508","targetHints":{"allow":["GET"]}}],"collection":[{"href":"https:\/\/agora.xtec.cat\/escolajeronidemoragas\/wp-json\/wp\/v2\/pages"}],"about":[{"href":"https:\/\/agora.xtec.cat\/escolajeronidemoragas\/wp-json\/wp\/v2\/types\/page"}],"author":[{"embeddable":true,"href":"https:\/\/agora.xtec.cat\/escolajeronidemoragas\/wp-json\/wp\/v2\/users\/1"}],"replies":[{"embeddable":true,"href":"https:\/\/agora.xtec.cat\/escolajeronidemoragas\/wp-json\/wp\/v2\/comments?post=508"}],"version-history":[{"count":7,"href":"https:\/\/agora.xtec.cat\/escolajeronidemoragas\/wp-json\/wp\/v2\/pages\/508\/revisions"}],"predecessor-version":[{"id":4412,"href":"https:\/\/agora.xtec.cat\/escolajeronidemoragas\/wp-json\/wp\/v2\/pages\/508\/revisions\/4412"}],"up":[{"embeddable":true,"href":"https:\/\/agora.xtec.cat\/escolajeronidemoragas\/wp-json\/wp\/v2\/pages\/22"}],"wp:attachment":[{"href":"https:\/\/agora.xtec.cat\/escolajeronidemoragas\/wp-json\/wp\/v2\/media?parent=508"}],"curies":[{"name":"wp","href":"https:\/\/api.w.org\/{rel}","templated":true}]}}

<p style="text-align: left;"><strong>L&#8217;escola d&#8217;Educació Especial Jeroni de Moragas d&#8217;AMPANS som un centre educatiu concertat amb el Departament d&#8217;Educació. Atenem alumnes amb necessitats educatives especials en edats compreses entre els 3 i els 20 anys. Ofereim als infants i joves itineraris educatius personalitzats i adaptats que els ajuda en l&#8217;autonomia personal, social i/o laboral.</strong></p>
<p style="text-align: left;"><strong><img loading="lazy" decoding="async" class="aligncenter" src="http://www.ampans.cat/images/Rodonetes-Inclusiva.png" alt="ampans" width="114" height="114" /> </strong></p>
<h3 style="text-align: center;"><strong>Som Escola Inclusiva</strong></h3>
<p style="text-align: left;">Impulsem activitats inclusives orientades a compartir unitats de programació entre alumnes del nostre centre i de d’altres escoles del Bages. Les activitats, basades en l’aprenentatge col·laboratiu, cobreixen un ampli ventall d’objectius relacionats amb l’educació en valors i possibiliten a tots els alumnes un apropament enriquidor que afavoreix vincles i expandeix, en uns i altres, el concepte global de societat on tots hi participem.<strong> </strong></p>
<p>&nbsp;</p>
<p style="text-align: left;"><strong> <img loading="lazy" decoding="async" class="aligncenter" src="http://www.ampans.cat/images/Rodonetes_EscolaCEEPSIR.png" alt="ampans" width="115" height="115" /> </strong></p>
<h3 style="text-align: center;"><strong>Som </strong><strong>Centre d&#8217;Educació Especial Proveïdor de Serveis i Recursos de Suport a la Inclusió (CEEPSIR)</strong></h3>
<p style="text-align: left;">L’Escola Jeroni de Moragas va ser seleccionada en convocatòria pública del Departament d’Educació per desenvolupar programes i serveis de suport a l’escolarització d’alumnes amb discapacitat al centres ordinaris.</p>
<p style="text-align: left;">L’escola continua escolaritzant a alumnes que per les seves necessitats de suport necessiten un servei especialitzat. Paral·lelament es desenvolupen accions de suport com a centre de referència als centres ordinaris de la comarca del Bages, Moianès i Solsonès, també en l’escolarització inclusiva de l’alumnat amb discapacitat, aplicant programes específics de suport directe a l&#8217;alumnat amb greu discapacitat, escolaritzat en centres ordinaris i també serveis educatius específics.</p>
<p><strong> </strong></p>
<p><strong><img loading="lazy" decoding="async" class="aligncenter" src="http://www.ampans.cat/images/BP-capit%C3%A0-bombeta.jpg" alt="ampans" width="112" height="112" /><br />
</strong></p>
<h3 style="text-align: center;"><strong>Som Escola Verda</strong></h3>
<p>Des de l&#8217;any 2003 formem part de la xarxa d&#8217;Escoles Verdes del Departament d’Ensenyament, amb l’objectiu d’avançar cap a la sostenibilitat com escola en tots els sectors i àmbits, incorporant els Objectius de Desenvolupent Sostenible 2030 com a eixos de treball, que tenim en compte, en els  projectes d&#8217;aula i en la tasca curricular dels docents. Des de la Comissió d&#8217;Escoles Verdes es treballa per donar eines, estratègies, activitats que serveixin per aprendre a l&#8217;aula els valors de la sostenibilitat mediambiental i climàtica, de la justícia social, de la igualtat; per a ser  ciutadans-es del món  compromesos-es amb l&#8217;entorn i el planeta on vivim.</p>
<p>&nbsp;</p>
<p>&nbsp;</p>

<p>L&#8217;escola d&#8217;Educació Especial Jeroni de Moragas d&#8217;AMPANS som un centre educatiu concertat amb el Departament d&#8217;Educació. Atenem alumnes amb necessitats educatives especials en edats compreses entre els 3 i els 20 anys. Ofereim als infants i joves itineraris educatius personalitzats i adaptats que els ajuda&hellip;  <a href="https://agora.xtec.cat/escolajeronidemoragas/lescola/qui-som/" title="Read Qui som?">Llegeix més»</a></p>
