{"id":30,"date":"2014-09-18T12:30:23","date_gmt":"2014-09-18T11:30:23","guid":{"rendered":"http:\/\/agora.xtec.cat\/escolajeronidemoragas\/?page_id=30"},"modified":"2022-09-16T09:12:22","modified_gmt":"2022-09-16T07:12:22","slug":"instal%c2%b7lacions","status":"publish","type":"page","link":"https:\/\/agora.xtec.cat\/escolajeronidemoragas\/lescola\/instal%c2%b7lacions\/","title":{"rendered":"Instal\u00b7lacions"},"content":{"rendered":"<p>Estem ubicats a la Ctra, de Manresa a Santpedor, al kil\u00f2metre 4.400. Des del curs 2018-19 hem estrenat el nou edifici, amb espais amplis, lluminosos i un\u00a0espai exterior privilegiat en plena naturalesa.<a href=\"https:\/\/agora.xtec.cat\/escolajeronidemoragas\/wp-content\/uploads\/usu2509\/2021\/09\/inici-nou-curs-1-1-scaled.jpg\"><img loading=\"lazy\" decoding=\"async\" class=\"wp-image-718 alignleft\" src=\"https:\/\/agora.xtec.cat\/escolajeronidemoragas\/wp-content\/uploads\/usu2509\/2021\/09\/inici-nou-curs-1-1-1024x683.jpg\" alt=\"\" width=\"528\" height=\"352\" srcset=\"https:\/\/agora.xtec.cat\/escolajeronidemoragas\/wp-content\/uploads\/usu2509\/2021\/09\/inici-nou-curs-1-1-1024x683.jpg 1024w, https:\/\/agora.xtec.cat\/escolajeronidemoragas\/wp-content\/uploads\/usu2509\/2021\/09\/inici-nou-curs-1-1-300x200.jpg 300w, https:\/\/agora.xtec.cat\/escolajeronidemoragas\/wp-content\/uploads\/usu2509\/2021\/09\/inici-nou-curs-1-1-768x512.jpg 768w, https:\/\/agora.xtec.cat\/escolajeronidemoragas\/wp-content\/uploads\/usu2509\/2021\/09\/inici-nou-curs-1-1-1536x1024.jpg 1536w, https:\/\/agora.xtec.cat\/escolajeronidemoragas\/wp-content\/uploads\/usu2509\/2021\/09\/inici-nou-curs-1-1-2048x1365.jpg 2048w\" sizes=\"auto, (max-width: 528px) 100vw, 528px\" \/><\/a><\/p>\n<p>Tenim un edifici de 2000 metres quadrats constru\u00efts.<\/p>\n<p>Les aules estan distribu\u00efdes en tres espais modulars diferents; un pels alumnes d&#8217;infantil i prim\u00e0ria, un altre pels alumnes de secund\u00e0ria i un tercer per alumnes que requereixen d&#8217;una atenci\u00f3 m\u00e9s especialitzada.<\/p>\n<p>Les instal\u00b7lacions interiors tenen aules \u00e0mplies i assolellades, una sala polivalent per fer activitats, menjador, despatxos i sales de visita.<br \/>\nVetllem per tal que l\u2019espai f\u00edsic s\u2019adeq\u00fci i acompanyi el nostre model pedag\u00f2gic, l&#8217;organitzaci\u00f3 dels espais d\u2019aprenentatge, de lleure i en general el desenvolupament personal de tots els i les alumnes.<\/p>\n<p>Disposem, tamb\u00e9, d&#8217;un edifici annex de 1000 metres quadrats on s&#8217;hi ubiquen les aules dels alumnes de Secund\u00e0ria postobligat\u00f2ria i els estudiants d&#8217;IFE Manresa.<\/p>\n<p>Davant l&#8217;edifici del Centre Ocupacional La Llum hi trobem l&#8217;aula <a href=\"https:\/\/agora.xtec.cat\/escolajeronidemoragas\/etapes-educatives\/ais\/\">AIS<\/a>.<\/p>\n<p><a href=\"https:\/\/agora.xtec.cat\/escolajeronidemoragas\/wp-content\/uploads\/usu2509\/2022\/05\/AIS-EXTERIOR_redim.jpg\"><img loading=\"lazy\" decoding=\"async\" class=\"wp-image-916 aligncenter\" src=\"https:\/\/agora.xtec.cat\/escolajeronidemoragas\/wp-content\/uploads\/usu2509\/2022\/05\/AIS-EXTERIOR_redim-1024x768.jpg\" alt=\"\" width=\"421\" height=\"316\" srcset=\"https:\/\/agora.xtec.cat\/escolajeronidemoragas\/wp-content\/uploads\/usu2509\/2022\/05\/AIS-EXTERIOR_redim-1024x768.jpg 1024w, https:\/\/agora.xtec.cat\/escolajeronidemoragas\/wp-content\/uploads\/usu2509\/2022\/05\/AIS-EXTERIOR_redim-300x225.jpg 300w, https:\/\/agora.xtec.cat\/escolajeronidemoragas\/wp-content\/uploads\/usu2509\/2022\/05\/AIS-EXTERIOR_redim-768x576.jpg 768w, https:\/\/agora.xtec.cat\/escolajeronidemoragas\/wp-content\/uploads\/usu2509\/2022\/05\/AIS-EXTERIOR_redim-1536x1152.jpg 1536w, https:\/\/agora.xtec.cat\/escolajeronidemoragas\/wp-content\/uploads\/usu2509\/2022\/05\/AIS-EXTERIOR_redim-2048x1536.jpg 2048w, https:\/\/agora.xtec.cat\/escolajeronidemoragas\/wp-content\/uploads\/usu2509\/2022\/05\/AIS-EXTERIOR_redim-200x150.jpg 200w\" sizes=\"auto, (max-width: 421px) 100vw, 421px\" \/><\/a><\/p>\n<p>&nbsp;<\/p>\n<p>El curs 21-22 es va inaugurar la Resid\u00e8ncies-Escola &#8220;Els Companys&#8221; ubicada a Sant Fruit\u00f3s de Bages, la qual acull infants i adolescents amb discapacitat intel\u00b7lectual i Trastorn de l&#8217;Espectre Autista d&#8217;altes necessitats.<\/p>\n<p><a href=\"https:\/\/agora.xtec.cat\/escolajeronidemoragas\/wp-content\/uploads\/usu2509\/2022\/05\/DSCF5607.jpg\"><img loading=\"lazy\" decoding=\"async\" class=\"alignnone wp-image-967\" src=\"https:\/\/agora.xtec.cat\/escolajeronidemoragas\/wp-content\/uploads\/usu2509\/2022\/05\/DSCF5607-1024x683.jpg\" alt=\"\" width=\"632\" height=\"421\" srcset=\"https:\/\/agora.xtec.cat\/escolajeronidemoragas\/wp-content\/uploads\/usu2509\/2022\/05\/DSCF5607-1024x683.jpg 1024w, https:\/\/agora.xtec.cat\/escolajeronidemoragas\/wp-content\/uploads\/usu2509\/2022\/05\/DSCF5607-300x200.jpg 300w, https:\/\/agora.xtec.cat\/escolajeronidemoragas\/wp-content\/uploads\/usu2509\/2022\/05\/DSCF5607-768x512.jpg 768w, https:\/\/agora.xtec.cat\/escolajeronidemoragas\/wp-content\/uploads\/usu2509\/2022\/05\/DSCF5607-1536x1024.jpg 1536w, https:\/\/agora.xtec.cat\/escolajeronidemoragas\/wp-content\/uploads\/usu2509\/2022\/05\/DSCF5607.jpg 1560w\" sizes=\"auto, (max-width: 632px) 100vw, 632px\" \/><\/a><\/p>\n<p><em>\u00a0 \u00a0 \u00a0Pla general de la nova escola resid\u00e8ncia &#8220;Els companys, Sant Fruit\u00f3s de Bages.<\/em><\/p>\n<p>&nbsp;<\/p>\n<p>&nbsp;<\/p>\n","protected":false},"excerpt":{"rendered":"<p>Estem ubicats a la Ctra, de Manresa a Santpedor, al kil\u00f2metre 4.400. Des del curs 2018-19 hem estrenat el nou edifici, amb espais amplis, lluminosos i un\u00a0espai exterior privilegiat en plena naturalesa.<a href=\"https:\/\/agora.xtec.cat\/escolajeronidemoragas\/wp-content\/uploads\/usu2509\/2021\/09\/inici-nou-curs-1-1-scaled.jpg\"><\/a><br \/>\nTenim un edifici de 2000 metres quadrats constru\u00efts.<br \/>\nLes aules estan distribu\u00efdes en tres&hellip;  <a href=\"https:\/\/agora.xtec.cat\/escolajeronidemoragas\/lescola\/instal%c2%b7lacions\/\" title=\"Read Instal\u00b7lacions\">Llegeix m\u00e9s\u00bb<\/a><\/p>\n","protected":false},"author":1,"featured_media":0,"parent":22,"menu_order":40,"comment_status":"closed","ping_status":"closed","template":"page-templates\/side-menu.php","meta":{"_bbp_topic_count":0,"_bbp_reply_count":0,"_bbp_total_topic_count":0,"_bbp_total_reply_count":0,"_bbp_voice_count":0,"_bbp_anonymous_reply_count":0,"_bbp_topic_count_hidden":0,"_bbp_reply_count_hidden":0,"_bbp_forum_subforum_count":0,"footnotes":""},"class_list":["post-30","page","type-page","status-publish","hentry"],"post_mailing_queue_ids":[],"_links":{"self":[{"href":"https:\/\/agora.xtec.cat\/escolajeronidemoragas\/wp-json\/wp\/v2\/pages\/30","targetHints":{"allow":["GET"]}}],"collection":[{"href":"https:\/\/agora.xtec.cat\/escolajeronidemoragas\/wp-json\/wp\/v2\/pages"}],"about":[{"href":"https:\/\/agora.xtec.cat\/escolajeronidemoragas\/wp-json\/wp\/v2\/types\/page"}],"author":[{"embeddable":true,"href":"https:\/\/agora.xtec.cat\/escolajeronidemoragas\/wp-json\/wp\/v2\/users\/1"}],"replies":[{"embeddable":true,"href":"https:\/\/agora.xtec.cat\/escolajeronidemoragas\/wp-json\/wp\/v2\/comments?post=30"}],"version-history":[{"count":4,"href":"https:\/\/agora.xtec.cat\/escolajeronidemoragas\/wp-json\/wp\/v2\/pages\/30\/revisions"}],"predecessor-version":[{"id":1247,"href":"https:\/\/agora.xtec.cat\/escolajeronidemoragas\/wp-json\/wp\/v2\/pages\/30\/revisions\/1247"}],"up":[{"embeddable":true,"href":"https:\/\/agora.xtec.cat\/escolajeronidemoragas\/wp-json\/wp\/v2\/pages\/22"}],"wp:attachment":[{"href":"https:\/\/agora.xtec.cat\/escolajeronidemoragas\/wp-json\/wp\/v2\/media?parent=30"}],"curies":[{"name":"wp","href":"https:\/\/api.w.org\/{rel}","templated":true}]}}

<p>Estem ubicats a la Ctra, de Manresa a Santpedor, al kilòmetre 4.400. Des del curs 2018-19 hem estrenat el nou edifici, amb espais amplis, lluminosos i un espai exterior privilegiat en plena naturalesa.<a href="https://agora.xtec.cat/escolajeronidemoragas/wp-content/uploads/usu2509/2021/09/inici-nou-curs-1-1-scaled.jpg"><img loading="lazy" decoding="async" class="wp-image-718 alignleft" src="https://agora.xtec.cat/escolajeronidemoragas/wp-content/uploads/usu2509/2021/09/inici-nou-curs-1-1-1024x683.jpg" alt="" width="528" height="352" srcset="https://agora.xtec.cat/escolajeronidemoragas/wp-content/uploads/usu2509/2021/09/inici-nou-curs-1-1-1024x683.jpg 1024w, https://agora.xtec.cat/escolajeronidemoragas/wp-content/uploads/usu2509/2021/09/inici-nou-curs-1-1-300x200.jpg 300w, https://agora.xtec.cat/escolajeronidemoragas/wp-content/uploads/usu2509/2021/09/inici-nou-curs-1-1-768x512.jpg 768w, https://agora.xtec.cat/escolajeronidemoragas/wp-content/uploads/usu2509/2021/09/inici-nou-curs-1-1-1536x1024.jpg 1536w, https://agora.xtec.cat/escolajeronidemoragas/wp-content/uploads/usu2509/2021/09/inici-nou-curs-1-1-2048x1365.jpg 2048w" sizes="auto, (max-width: 528px) 100vw, 528px" /></a></p>
<p>Tenim un edifici de 2000 metres quadrats construïts.</p>
<p>Les aules estan distribuïdes en tres espais modulars diferents; un pels alumnes d&#8217;infantil i primària, un altre pels alumnes de secundària i un tercer per alumnes que requereixen d&#8217;una atenció més especialitzada.</p>
<p>Les instal·lacions interiors tenen aules àmplies i assolellades, una sala polivalent per fer activitats, menjador, despatxos i sales de visita.<br />
Vetllem per tal que l’espai físic s’adeqüi i acompanyi el nostre model pedagògic, l&#8217;organització dels espais d’aprenentatge, de lleure i en general el desenvolupament personal de tots els i les alumnes.</p>
<p>Disposem, també, d&#8217;un edifici annex de 1000 metres quadrats on s&#8217;hi ubiquen les aules dels alumnes de Secundària postobligatòria i els estudiants d&#8217;IFE Manresa.</p>
<p>Davant l&#8217;edifici del Centre Ocupacional La Llum hi trobem l&#8217;aula <a href="https://agora.xtec.cat/escolajeronidemoragas/etapes-educatives/ais/">AIS</a>.</p>
<p><a href="https://agora.xtec.cat/escolajeronidemoragas/wp-content/uploads/usu2509/2022/05/AIS-EXTERIOR_redim.jpg"><img loading="lazy" decoding="async" class="wp-image-916 aligncenter" src="https://agora.xtec.cat/escolajeronidemoragas/wp-content/uploads/usu2509/2022/05/AIS-EXTERIOR_redim-1024x768.jpg" alt="" width="421" height="316" srcset="https://agora.xtec.cat/escolajeronidemoragas/wp-content/uploads/usu2509/2022/05/AIS-EXTERIOR_redim-1024x768.jpg 1024w, https://agora.xtec.cat/escolajeronidemoragas/wp-content/uploads/usu2509/2022/05/AIS-EXTERIOR_redim-300x225.jpg 300w, https://agora.xtec.cat/escolajeronidemoragas/wp-content/uploads/usu2509/2022/05/AIS-EXTERIOR_redim-768x576.jpg 768w, https://agora.xtec.cat/escolajeronidemoragas/wp-content/uploads/usu2509/2022/05/AIS-EXTERIOR_redim-1536x1152.jpg 1536w, https://agora.xtec.cat/escolajeronidemoragas/wp-content/uploads/usu2509/2022/05/AIS-EXTERIOR_redim-2048x1536.jpg 2048w, https://agora.xtec.cat/escolajeronidemoragas/wp-content/uploads/usu2509/2022/05/AIS-EXTERIOR_redim-200x150.jpg 200w" sizes="auto, (max-width: 421px) 100vw, 421px" /></a></p>
<p>&nbsp;</p>
<p>El curs 21-22 es va inaugurar la Residències-Escola &#8220;Els Companys&#8221; ubicada a Sant Fruitós de Bages, la qual acull infants i adolescents amb discapacitat intel·lectual i Trastorn de l&#8217;Espectre Autista d&#8217;altes necessitats.</p>
<p><a href="https://agora.xtec.cat/escolajeronidemoragas/wp-content/uploads/usu2509/2022/05/DSCF5607.jpg"><img loading="lazy" decoding="async" class="alignnone wp-image-967" src="https://agora.xtec.cat/escolajeronidemoragas/wp-content/uploads/usu2509/2022/05/DSCF5607-1024x683.jpg" alt="" width="632" height="421" srcset="https://agora.xtec.cat/escolajeronidemoragas/wp-content/uploads/usu2509/2022/05/DSCF5607-1024x683.jpg 1024w, https://agora.xtec.cat/escolajeronidemoragas/wp-content/uploads/usu2509/2022/05/DSCF5607-300x200.jpg 300w, https://agora.xtec.cat/escolajeronidemoragas/wp-content/uploads/usu2509/2022/05/DSCF5607-768x512.jpg 768w, https://agora.xtec.cat/escolajeronidemoragas/wp-content/uploads/usu2509/2022/05/DSCF5607-1536x1024.jpg 1536w, https://agora.xtec.cat/escolajeronidemoragas/wp-content/uploads/usu2509/2022/05/DSCF5607.jpg 1560w" sizes="auto, (max-width: 632px) 100vw, 632px" /></a></p>
<p><em>     Pla general de la nova escola residència &#8220;Els companys, Sant Fruitós de Bages.</em></p>
<p>&nbsp;</p>
<p>&nbsp;</p>

<p>Estem ubicats a la Ctra, de Manresa a Santpedor, al kilòmetre 4.400. Des del curs 2018-19 hem estrenat el nou edifici, amb espais amplis, lluminosos i un espai exterior privilegiat en plena naturalesa.<a href="https://agora.xtec.cat/escolajeronidemoragas/wp-content/uploads/usu2509/2021/09/inici-nou-curs-1-1-scaled.jpg"></a><br />
Tenim un edifici de 2000 metres quadrats construïts.<br />
Les aules estan distribuïdes en tres&hellip;  <a href="https://agora.xtec.cat/escolajeronidemoragas/lescola/instal%c2%b7lacions/" title="Read Instal·lacions">Llegeix més»</a></p>
