{"id":1825,"date":"2023-07-04T10:06:30","date_gmt":"2023-07-04T08:06:30","guid":{"rendered":"https:\/\/agora.xtec.cat\/escolajeronidemoragas\/?page_id=1825"},"modified":"2024-03-08T11:55:23","modified_gmt":"2024-03-08T10:55:23","slug":"avaluacio","status":"publish","type":"page","link":"https:\/\/agora.xtec.cat\/escolajeronidemoragas\/estrategia-digital-de-centre\/part-estrategica\/avaluacio\/","title":{"rendered":"Avaluaci\u00f3"},"content":{"rendered":"<p class=\"zfr3Q CDt4Ke \" dir=\"ltr\"><span class=\"C9DxTc \">Almenys un cop al curs es planifica una avaluaci\u00f3 en profunditat de l\u2019EDC. Duem a terme una revisi\u00f3 de cada una de les <\/span><span class=\"C9DxTc \">activitats planificades<\/span><span class=\"C9DxTc \"> i determinem el grau d\u2019acompliment dels indicadors establerts a partir dels criteris establerts. <\/span><span class=\"C9DxTc \">Tamb\u00e9, revisem els <\/span><span class=\"C9DxTc \">objectius establerts<\/span><span class=\"C9DxTc \"> pel curs i el grau d\u2019assoliment aconseguit.<\/span><\/p>\n<p class=\"zfr3Q CDt4Ke \" dir=\"ltr\"><span class=\"C9DxTc \">En aquest proc\u00e9s d&#8217;avaluaci\u00f3 de l&#8217;EDC, la Comissi\u00f3 d\u2019Estrat\u00e8gia Digital del Centre enceta un proc\u00e9s de reflexi\u00f3. Com que enguany, \u00e9s un dels primers cursos d\u2019aplicaci\u00f3 de l\u2019Estrat\u00e8gia Digital de Centre, ens cal revisar amb m\u00e9s deteniment els objectius: la seva definici\u00f3 o la seva temporitzaci\u00f3, aix\u00ed com algunes de les activitats.<\/span><\/p>\n<p class=\"zfr3Q CDt4Ke \" dir=\"ltr\"><span class=\"C9DxTc \">Quan l\u2019EDC arribi al final de la seva planificaci\u00f3, caldr\u00e0 plantejar-se la diagnosi per tal actualitzar-la. Aquesta revisi\u00f3 i actualitzaci\u00f3 implicar\u00e0 un canvi en els objectius i en les activitats.<\/span><\/p>\n<p dir=\"ltr\"><img loading=\"lazy\" decoding=\"async\" class=\"aligncenter\" src=\"https:\/\/projectes.xtec.cat\/edc-suport\/wp-content\/uploads\/usu2435\/2021\/03\/edc6.jpg\" alt=\"Avaluaci\u00f3 de l'EDC\" width=\"614\" height=\"355\" \/><\/p>\n<p dir=\"ltr\"><a href=\"https:\/\/agora.xtec.cat\/escolajeronidemoragas\/wp-content\/uploads\/usu2509\/2024\/03\/avaluacio-de-ledc.jpg\"><img loading=\"lazy\" decoding=\"async\" class=\"alignleft size-large wp-image-2173\" src=\"https:\/\/agora.xtec.cat\/escolajeronidemoragas\/wp-content\/uploads\/usu2509\/2024\/03\/avaluacio-de-ledc-1024x576.jpg\" alt=\"\" width=\"1024\" height=\"576\" srcset=\"https:\/\/agora.xtec.cat\/escolajeronidemoragas\/wp-content\/uploads\/usu2509\/2024\/03\/avaluacio-de-ledc-1024x576.jpg 1024w, https:\/\/agora.xtec.cat\/escolajeronidemoragas\/wp-content\/uploads\/usu2509\/2024\/03\/avaluacio-de-ledc-300x169.jpg 300w, https:\/\/agora.xtec.cat\/escolajeronidemoragas\/wp-content\/uploads\/usu2509\/2024\/03\/avaluacio-de-ledc-768x432.jpg 768w, https:\/\/agora.xtec.cat\/escolajeronidemoragas\/wp-content\/uploads\/usu2509\/2024\/03\/avaluacio-de-ledc.jpg 1280w\" sizes=\"auto, (max-width: 1024px) 100vw, 1024px\" \/><\/a><\/p>\n","protected":false},"excerpt":{"rendered":"<p>Almenys un cop al curs es planifica una avaluaci\u00f3 en profunditat de l\u2019EDC. Duem a terme una revisi\u00f3 de cada una de les activitats planificades i determinem el grau d\u2019acompliment dels indicadors establerts a partir dels criteris establerts. Tamb\u00e9, revisem els objectius establerts pel curs&hellip;  <a href=\"https:\/\/agora.xtec.cat\/escolajeronidemoragas\/estrategia-digital-de-centre\/part-estrategica\/avaluacio\/\" title=\"Read Avaluaci\u00f3\">Llegeix m\u00e9s\u00bb<\/a><\/p>\n","protected":false},"author":1,"featured_media":0,"parent":1815,"menu_order":4,"comment_status":"closed","ping_status":"closed","template":"page-templates\/side-menu.php","meta":{"_bbp_topic_count":0,"_bbp_reply_count":0,"_bbp_total_topic_count":0,"_bbp_total_reply_count":0,"_bbp_voice_count":0,"_bbp_anonymous_reply_count":0,"_bbp_topic_count_hidden":0,"_bbp_reply_count_hidden":0,"_bbp_forum_subforum_count":0,"footnotes":""},"class_list":["post-1825","page","type-page","status-publish","hentry"],"post_mailing_queue_ids":[],"_links":{"self":[{"href":"https:\/\/agora.xtec.cat\/escolajeronidemoragas\/wp-json\/wp\/v2\/pages\/1825","targetHints":{"allow":["GET"]}}],"collection":[{"href":"https:\/\/agora.xtec.cat\/escolajeronidemoragas\/wp-json\/wp\/v2\/pages"}],"about":[{"href":"https:\/\/agora.xtec.cat\/escolajeronidemoragas\/wp-json\/wp\/v2\/types\/page"}],"author":[{"embeddable":true,"href":"https:\/\/agora.xtec.cat\/escolajeronidemoragas\/wp-json\/wp\/v2\/users\/1"}],"replies":[{"embeddable":true,"href":"https:\/\/agora.xtec.cat\/escolajeronidemoragas\/wp-json\/wp\/v2\/comments?post=1825"}],"version-history":[{"count":3,"href":"https:\/\/agora.xtec.cat\/escolajeronidemoragas\/wp-json\/wp\/v2\/pages\/1825\/revisions"}],"predecessor-version":[{"id":2174,"href":"https:\/\/agora.xtec.cat\/escolajeronidemoragas\/wp-json\/wp\/v2\/pages\/1825\/revisions\/2174"}],"up":[{"embeddable":true,"href":"https:\/\/agora.xtec.cat\/escolajeronidemoragas\/wp-json\/wp\/v2\/pages\/1815"}],"wp:attachment":[{"href":"https:\/\/agora.xtec.cat\/escolajeronidemoragas\/wp-json\/wp\/v2\/media?parent=1825"}],"curies":[{"name":"wp","href":"https:\/\/api.w.org\/{rel}","templated":true}]}}

Avaluació

<p class="zfr3Q CDt4Ke " dir="ltr"><span class="C9DxTc ">Almenys un cop al curs es planifica una avaluació en profunditat de l’EDC. Duem a terme una revisió de cada una de les </span><span class="C9DxTc ">activitats planificades</span><span class="C9DxTc "> i determinem el grau d’acompliment dels indicadors establerts a partir dels criteris establerts. </span><span class="C9DxTc ">També, revisem els </span><span class="C9DxTc ">objectius establerts</span><span class="C9DxTc "> pel curs i el grau d’assoliment aconseguit.</span></p>
<p class="zfr3Q CDt4Ke " dir="ltr"><span class="C9DxTc ">En aquest procés d&#8217;avaluació de l&#8217;EDC, la Comissió d’Estratègia Digital del Centre enceta un procés de reflexió. Com que enguany, és un dels primers cursos d’aplicació de l’Estratègia Digital de Centre, ens cal revisar amb més deteniment els objectius: la seva definició o la seva temporització, així com algunes de les activitats.</span></p>
<p class="zfr3Q CDt4Ke " dir="ltr"><span class="C9DxTc ">Quan l’EDC arribi al final de la seva planificació, caldrà plantejar-se la diagnosi per tal actualitzar-la. Aquesta revisió i actualització implicarà un canvi en els objectius i en les activitats.</span></p>
<p dir="ltr"><img loading="lazy" decoding="async" class="aligncenter" src="https://projectes.xtec.cat/edc-suport/wp-content/uploads/usu2435/2021/03/edc6.jpg" alt="Avaluació de l'EDC" width="614" height="355" /></p>
<p dir="ltr"><a href="https://agora.xtec.cat/escolajeronidemoragas/wp-content/uploads/usu2509/2024/03/avaluacio-de-ledc.jpg"><img loading="lazy" decoding="async" class="alignleft size-large wp-image-2173" src="https://agora.xtec.cat/escolajeronidemoragas/wp-content/uploads/usu2509/2024/03/avaluacio-de-ledc-1024x576.jpg" alt="" width="1024" height="576" srcset="https://agora.xtec.cat/escolajeronidemoragas/wp-content/uploads/usu2509/2024/03/avaluacio-de-ledc-1024x576.jpg 1024w, https://agora.xtec.cat/escolajeronidemoragas/wp-content/uploads/usu2509/2024/03/avaluacio-de-ledc-300x169.jpg 300w, https://agora.xtec.cat/escolajeronidemoragas/wp-content/uploads/usu2509/2024/03/avaluacio-de-ledc-768x432.jpg 768w, https://agora.xtec.cat/escolajeronidemoragas/wp-content/uploads/usu2509/2024/03/avaluacio-de-ledc.jpg 1280w" sizes="auto, (max-width: 1024px) 100vw, 1024px" /></a></p>

<p>Almenys un cop al curs es planifica una avaluació en profunditat de l’EDC. Duem a terme una revisió de cada una de les activitats planificades i determinem el grau d’acompliment dels indicadors establerts a partir dels criteris establerts. També, revisem els objectius establerts pel curs&hellip;  <a href="https://agora.xtec.cat/escolajeronidemoragas/estrategia-digital-de-centre/part-estrategica/avaluacio/" title="Read Avaluació">Llegeix més»</a></p>
