{"id":1819,"date":"2023-07-04T10:05:31","date_gmt":"2023-07-04T08:05:31","guid":{"rendered":"https:\/\/agora.xtec.cat\/escolajeronidemoragas\/?page_id=1819"},"modified":"2023-11-24T16:51:32","modified_gmt":"2023-11-24T15:51:32","slug":"diagnosi","status":"publish","type":"page","link":"https:\/\/agora.xtec.cat\/escolajeronidemoragas\/estrategia-digital-de-centre\/part-estrategica\/diagnosi\/","title":{"rendered":"Diagnosi"},"content":{"rendered":"<p><span style=\"font-weight: 400;\">Per a la realitzaci\u00f3 de la <strong>Diagnosi<\/strong> hem utilitzat l\u2019Eina Selfie for Teachers que l\u2019\u00c0rea d\u2019educaci\u00f3\u00a0 de la Comissi\u00f3 Europea posa a disposici\u00f3 dels centres per fer aquesta diagnosi. La diagnosi amb la Selfie es realitza a partir d\u2019enquestes de valoraci\u00f3 que realitzen de forma separada alumnes, docents i equip directiu, permetent tenir una visi\u00f3 global sobre l\u2019estat de les TIC a l\u2019escola.<\/span><\/p>\n<p><span style=\"font-weight: 400;\">Aquesta eina permet tamb\u00e9 analitzar diferents aspectes que incideixen directament en la implementaci\u00f3 i consolidaci\u00f3 d\u2019una estrat\u00e8gia digital de centre.<\/span><\/p>\n<p><span style=\"font-weight: 400;\">A partir d\u2019aquesta diagnosi els resultats van constatar quins apartats s\u00f3n punts forts del centre en l\u2019\u00fas, gesti\u00f3 i treball de les TIC i quines s\u00f3n les de debilitats que caldr\u00e0 prioritzar a l\u2019hora d\u2019establir objectius de treball i avaluaci\u00f3 de cara els cursos vinents, per tal d\u2019avan\u00e7ar en l&#8217;EDC i la Cultura Digital del centre.<\/span><\/p>\n<ul>\n<li><strong>RESULTATS GENERALS DE\u00a0 LA DIAGNOSI:<\/strong><\/li>\n<\/ul>\n<p><a href=\"https:\/\/agora.xtec.cat\/escolajeronidemoragas\/wp-content\/uploads\/usu2509\/2023\/11\/PUNTS-FORTS-I-FEBLES.jpg\"><img loading=\"lazy\" decoding=\"async\" class=\"wp-image-1927 aligncenter\" src=\"https:\/\/agora.xtec.cat\/escolajeronidemoragas\/wp-content\/uploads\/usu2509\/2023\/11\/PUNTS-FORTS-I-FEBLES-1024x576.jpg\" alt=\"\" width=\"728\" height=\"409\" srcset=\"https:\/\/agora.xtec.cat\/escolajeronidemoragas\/wp-content\/uploads\/usu2509\/2023\/11\/PUNTS-FORTS-I-FEBLES-1024x576.jpg 1024w, https:\/\/agora.xtec.cat\/escolajeronidemoragas\/wp-content\/uploads\/usu2509\/2023\/11\/PUNTS-FORTS-I-FEBLES-300x169.jpg 300w, https:\/\/agora.xtec.cat\/escolajeronidemoragas\/wp-content\/uploads\/usu2509\/2023\/11\/PUNTS-FORTS-I-FEBLES-768x432.jpg 768w, https:\/\/agora.xtec.cat\/escolajeronidemoragas\/wp-content\/uploads\/usu2509\/2023\/11\/PUNTS-FORTS-I-FEBLES.jpg 1280w\" sizes=\"auto, (max-width: 728px) 100vw, 728px\" \/><\/a><\/p>\n","protected":false},"excerpt":{"rendered":"<p>Per a la realitzaci\u00f3 de la Diagnosi hem utilitzat l\u2019Eina Selfie for Teachers que l\u2019\u00c0rea d\u2019educaci\u00f3\u00a0 de la Comissi\u00f3 Europea posa a disposici\u00f3 dels centres per fer aquesta diagnosi. La diagnosi amb la Selfie es realitza a partir d\u2019enquestes de valoraci\u00f3 que realitzen de forma&hellip;  <a href=\"https:\/\/agora.xtec.cat\/escolajeronidemoragas\/estrategia-digital-de-centre\/part-estrategica\/diagnosi\/\" title=\"Read Diagnosi\">Llegeix m\u00e9s\u00bb<\/a><\/p>\n","protected":false},"author":1,"featured_media":0,"parent":1815,"menu_order":1,"comment_status":"closed","ping_status":"closed","template":"page-templates\/side-menu.php","meta":{"_bbp_topic_count":0,"_bbp_reply_count":0,"_bbp_total_topic_count":0,"_bbp_total_reply_count":0,"_bbp_voice_count":0,"_bbp_anonymous_reply_count":0,"_bbp_topic_count_hidden":0,"_bbp_reply_count_hidden":0,"_bbp_forum_subforum_count":0,"footnotes":""},"class_list":["post-1819","page","type-page","status-publish","hentry"],"post_mailing_queue_ids":[],"_links":{"self":[{"href":"https:\/\/agora.xtec.cat\/escolajeronidemoragas\/wp-json\/wp\/v2\/pages\/1819","targetHints":{"allow":["GET"]}}],"collection":[{"href":"https:\/\/agora.xtec.cat\/escolajeronidemoragas\/wp-json\/wp\/v2\/pages"}],"about":[{"href":"https:\/\/agora.xtec.cat\/escolajeronidemoragas\/wp-json\/wp\/v2\/types\/page"}],"author":[{"embeddable":true,"href":"https:\/\/agora.xtec.cat\/escolajeronidemoragas\/wp-json\/wp\/v2\/users\/1"}],"replies":[{"embeddable":true,"href":"https:\/\/agora.xtec.cat\/escolajeronidemoragas\/wp-json\/wp\/v2\/comments?post=1819"}],"version-history":[{"count":3,"href":"https:\/\/agora.xtec.cat\/escolajeronidemoragas\/wp-json\/wp\/v2\/pages\/1819\/revisions"}],"predecessor-version":[{"id":1928,"href":"https:\/\/agora.xtec.cat\/escolajeronidemoragas\/wp-json\/wp\/v2\/pages\/1819\/revisions\/1928"}],"up":[{"embeddable":true,"href":"https:\/\/agora.xtec.cat\/escolajeronidemoragas\/wp-json\/wp\/v2\/pages\/1815"}],"wp:attachment":[{"href":"https:\/\/agora.xtec.cat\/escolajeronidemoragas\/wp-json\/wp\/v2\/media?parent=1819"}],"curies":[{"name":"wp","href":"https:\/\/api.w.org\/{rel}","templated":true}]}}

<p><span style="font-weight: 400;">Per a la realització de la <strong>Diagnosi</strong> hem utilitzat l’Eina Selfie for Teachers que l’Àrea d’educació  de la Comissió Europea posa a disposició dels centres per fer aquesta diagnosi. La diagnosi amb la Selfie es realitza a partir d’enquestes de valoració que realitzen de forma separada alumnes, docents i equip directiu, permetent tenir una visió global sobre l’estat de les TIC a l’escola.</span></p>
<p><span style="font-weight: 400;">Aquesta eina permet també analitzar diferents aspectes que incideixen directament en la implementació i consolidació d’una estratègia digital de centre.</span></p>
<p><span style="font-weight: 400;">A partir d’aquesta diagnosi els resultats van constatar quins apartats són punts forts del centre en l’ús, gestió i treball de les TIC i quines són les de debilitats que caldrà prioritzar a l’hora d’establir objectius de treball i avaluació de cara els cursos vinents, per tal d’avançar en l&#8217;EDC i la Cultura Digital del centre.</span></p>
<ul>
<li><strong>RESULTATS GENERALS DE  LA DIAGNOSI:</strong></li>
</ul>
<p><a href="https://agora.xtec.cat/escolajeronidemoragas/wp-content/uploads/usu2509/2023/11/PUNTS-FORTS-I-FEBLES.jpg"><img loading="lazy" decoding="async" class="wp-image-1927 aligncenter" src="https://agora.xtec.cat/escolajeronidemoragas/wp-content/uploads/usu2509/2023/11/PUNTS-FORTS-I-FEBLES-1024x576.jpg" alt="" width="728" height="409" srcset="https://agora.xtec.cat/escolajeronidemoragas/wp-content/uploads/usu2509/2023/11/PUNTS-FORTS-I-FEBLES-1024x576.jpg 1024w, https://agora.xtec.cat/escolajeronidemoragas/wp-content/uploads/usu2509/2023/11/PUNTS-FORTS-I-FEBLES-300x169.jpg 300w, https://agora.xtec.cat/escolajeronidemoragas/wp-content/uploads/usu2509/2023/11/PUNTS-FORTS-I-FEBLES-768x432.jpg 768w, https://agora.xtec.cat/escolajeronidemoragas/wp-content/uploads/usu2509/2023/11/PUNTS-FORTS-I-FEBLES.jpg 1280w" sizes="auto, (max-width: 728px) 100vw, 728px" /></a></p>

<p>Per a la realització de la Diagnosi hem utilitzat l’Eina Selfie for Teachers que l’Àrea d’educació  de la Comissió Europea posa a disposició dels centres per fer aquesta diagnosi. La diagnosi amb la Selfie es realitza a partir d’enquestes de valoració que realitzen de forma&hellip;  <a href="https://agora.xtec.cat/escolajeronidemoragas/estrategia-digital-de-centre/part-estrategica/diagnosi/" title="Read Diagnosi">Llegeix més»</a></p>
