{"id":26,"date":"2014-09-18T12:24:32","date_gmt":"2014-09-18T11:24:32","guid":{"rendered":"http:\/\/agora.xtec.cat\/escolajave\/?page_id=26"},"modified":"2023-09-06T00:15:24","modified_gmt":"2023-09-05T22:15:24","slug":"historia","status":"publish","type":"page","link":"https:\/\/agora.xtec.cat\/escolajave\/lescola\/historia\/","title":{"rendered":"Hist\u00f2ria de l&#8217;escola&#8230;"},"content":{"rendered":"<p>A principis del segle XX, l\u2019escola a la poblaci\u00f3 de La Granada, com altres indrets i municipis, era la casa del mestre, o b\u00e9, la casa d\u2019algun ve\u00ed que pugues acollir a la mainada.<br \/>\nEls mestres, aquells mestres rurals, es trobaven ancorats en un per\u00edode dif\u00edcil de la nostra hist\u00f2ria i amb una mancan\u00e7a palesa de recursos ens van ensenyar les primeres lletres, tot lluitant contra la lacra social del analfabetisme.<br \/>\nPer les dades reflectides en el cens de 1895, de les 208 fam\u00edlies del poble, 140 tenien fills en edat escolar, es a dir, de 5 a 14 anys. El total d\u2019escolars era 252, 133 nens i 119 nenes.<br \/>\nEntre els caps de fam\u00edlia n\u2019hi havia 125 que no sabien llegir ni escriure.<\/p>\n<p>Del llibre d\u2019actes de l\u2019ajuntament hem estret algunes dades interessants. Que exposarem cronol\u00f2gicament.<br \/>\nAix\u00ed el 2 de gener de 1927, el Sr. Manuel Arabit i Llorens, obre un col\u00b7legi anomenat \u201cEspanya\u201d a la casa d\u2019en Josep Colom\u00e9 i Roca, al Carrer de Dalt.<br \/>\nMestre: Josep Bech<br \/>\nEscola de nenes de la pla\u00e7a de la Font. (Cal Cana)<br \/>\nMestressa: Adela R\u00f2des i Oller.<\/p>\n<p class=\"wp-caption-text\"><a href=\"http:\/\/agora.xtec.cat\/escolajave\/wp-content\/uploads\/usu825\/2014\/09\/mestres-rurals-la-granada.jpg\"><img loading=\"lazy\" decoding=\"async\" class=\"alignnone size-full wp-image-471\" src=\"http:\/\/agora.xtec.cat\/escolajave\/wp-content\/uploads\/usu825\/2014\/09\/mestres-rurals-la-granada.jpg\" alt=\"mestres-rurals-la-granada\" width=\"532\" height=\"381\" srcset=\"https:\/\/agora.xtec.cat\/escolajave\/wp-content\/uploads\/usu825\/2014\/09\/mestres-rurals-la-granada.jpg 532w, https:\/\/agora.xtec.cat\/escolajave\/wp-content\/uploads\/usu825\/2014\/09\/mestres-rurals-la-granada-300x215.jpg 300w\" sizes=\"auto, (max-width: 532px) 100vw, 532px\" \/><\/a><\/p>\n<p class=\"wp-caption-text\"><em>1930. Escola de nens a cura del mestre Josep Bech. Lloc: Carrer de Sant Joan, n\u00ba1. Arxiu Municipal.<\/em><\/p>\n<p>El 10 d\u2019octubre de 1931. S\u2019instal\u2022la la primera escola de p\u00e0rvuls a la primera planta a la Casa de la Vila, a la pla\u00e7a de l\u2019Esgl\u00e9sia. La mestressa va ser Sra. Maria Muntanyola i Gasull.<\/p>\n<p>El gener de 1934 s\u2019inauguren les noves escoles. Presideix l\u2019acte el President de la Generalitat de Catalunya, Sr Lluis Companys i Jover. Al nou grup escolar s\u2019imposa el nom del primer president de la Generalitat restasurada, FRANCESC MACI\u00c0, despr\u00e9s de la guerra civil es canvi\u00e0 el nom pel d\u2019OBISPO TORRAS I BAG\u00c9S. Avui dia l\u2019edifici, que fou constru\u00eft sota la direcci\u00f3 de l\u2019arquitecte Barcelon\u00ed Josep M\u00baD\u00e9u i Amat, es la seu de la casa de cultura.<br \/>\n16\/7\/1934 Mestressa de p\u00e0rvuls: Milagros Mar\u00e7al i Orginiu<br \/>\n17\/11\/1934 Mestressa de nenes: Victoria Ros i Leconte<br \/>\nConsten matriculats un total de 162 alumnes, 68 nens, 50 nenes i 44 p\u00e0rvuls.<\/p>\n<p><a href=\"http:\/\/agora.xtec.cat\/escolajave\/wp-content\/uploads\/usu825\/2014\/09\/Escola-casa-cultura-nenes.jpg\"><img loading=\"lazy\" decoding=\"async\" class=\"alignnone size-full wp-image-469\" src=\"http:\/\/agora.xtec.cat\/escolajave\/wp-content\/uploads\/usu825\/2014\/09\/Escola-casa-cultura-nenes.jpg\" alt=\"escola-casa-cultura-nenes\" width=\"532\" height=\"393\" srcset=\"https:\/\/agora.xtec.cat\/escolajave\/wp-content\/uploads\/usu825\/2014\/09\/Escola-casa-cultura-nenes.jpg 532w, https:\/\/agora.xtec.cat\/escolajave\/wp-content\/uploads\/usu825\/2014\/09\/Escola-casa-cultura-nenes-300x222.jpg 300w\" sizes=\"auto, (max-width: 532px) 100vw, 532px\" \/><\/a><\/p>\n<p><em>1934. Escola de nenes a cura de la mestressa Vict\u00f2ria Ros i Leconte. Arxiu municipal<\/em><\/p>\n<p><a href=\"http:\/\/agora.xtec.cat\/escolajave\/wp-content\/uploads\/usu825\/2014\/09\/Casa-Cultura.jpg\"><img loading=\"lazy\" decoding=\"async\" class=\"alignnone size-full wp-image-468\" src=\"http:\/\/agora.xtec.cat\/escolajave\/wp-content\/uploads\/usu825\/2014\/09\/Casa-Cultura.jpg\" alt=\"casa-cultura\" width=\"600\" height=\"386\" srcset=\"https:\/\/agora.xtec.cat\/escolajave\/wp-content\/uploads\/usu825\/2014\/09\/Casa-Cultura.jpg 600w, https:\/\/agora.xtec.cat\/escolajave\/wp-content\/uploads\/usu825\/2014\/09\/Casa-Cultura-300x193.jpg 300w\" sizes=\"auto, (max-width: 600px) 100vw, 600px\" \/><\/a><\/p>\n<p><em>Casa de cultura<\/em><\/p>\n","protected":false},"excerpt":{"rendered":"<p>A principis del segle XX, l\u2019escola a la poblaci\u00f3 de La Granada, com altres indrets i municipis, era la casa del mestre, o b\u00e9, la casa d\u2019algun ve\u00ed que pugues acollir a la mainada.<br \/>\nEls mestres, aquells mestres rurals, es trobaven ancorats en un per\u00edode dif\u00edcil&hellip;  <a href=\"https:\/\/agora.xtec.cat\/escolajave\/lescola\/historia\/\" title=\"Read Hist\u00f2ria de l&#8217;escola&#8230;\">Llegeix m\u00e9s\u00bb<\/a><\/p>\n","protected":false},"author":1,"featured_media":0,"parent":22,"menu_order":2,"comment_status":"closed","ping_status":"closed","template":"page-templates\/side-menu.php","meta":{"_bbp_topic_count":0,"_bbp_reply_count":0,"_bbp_total_topic_count":0,"_bbp_total_reply_count":0,"_bbp_voice_count":0,"_bbp_anonymous_reply_count":0,"_bbp_topic_count_hidden":0,"_bbp_reply_count_hidden":0,"_bbp_forum_subforum_count":0,"footnotes":""},"class_list":["post-26","page","type-page","status-publish","hentry"],"post_mailing_queue_ids":[],"_links":{"self":[{"href":"https:\/\/agora.xtec.cat\/escolajave\/wp-json\/wp\/v2\/pages\/26","targetHints":{"allow":["GET"]}}],"collection":[{"href":"https:\/\/agora.xtec.cat\/escolajave\/wp-json\/wp\/v2\/pages"}],"about":[{"href":"https:\/\/agora.xtec.cat\/escolajave\/wp-json\/wp\/v2\/types\/page"}],"author":[{"embeddable":true,"href":"https:\/\/agora.xtec.cat\/escolajave\/wp-json\/wp\/v2\/users\/1"}],"replies":[{"embeddable":true,"href":"https:\/\/agora.xtec.cat\/escolajave\/wp-json\/wp\/v2\/comments?post=26"}],"version-history":[{"count":4,"href":"https:\/\/agora.xtec.cat\/escolajave\/wp-json\/wp\/v2\/pages\/26\/revisions"}],"predecessor-version":[{"id":5367,"href":"https:\/\/agora.xtec.cat\/escolajave\/wp-json\/wp\/v2\/pages\/26\/revisions\/5367"}],"up":[{"embeddable":true,"href":"https:\/\/agora.xtec.cat\/escolajave\/wp-json\/wp\/v2\/pages\/22"}],"wp:attachment":[{"href":"https:\/\/agora.xtec.cat\/escolajave\/wp-json\/wp\/v2\/media?parent=26"}],"curies":[{"name":"wp","href":"https:\/\/api.w.org\/{rel}","templated":true}]}}