{"id":80,"date":"2014-09-18T14:09:48","date_gmt":"2014-09-18T12:09:48","guid":{"rendered":"http:\/\/agora.xtec.cat\/escolajaumemiret\/?page_id=80"},"modified":"2020-03-29T20:18:53","modified_gmt":"2020-03-29T18:18:53","slug":"tallers-ciencies","status":"publish","type":"page","link":"https:\/\/agora.xtec.cat\/escolajaumemiret\/projectes\/tallers-ciencies\/","title":{"rendered":"Tallers de ci\u00e8ncies"},"content":{"rendered":"<p>Els tallers de ci\u00e8ncies s\u00f3n una metodologia d\u2019aprenentatge que afavoreix que:<\/p>\n<ul>\n<li>Els nens puguin investigar per ells mateixos.<\/li>\n<li>Pensin, formulant hip\u00f2tesis i creant les q\u00fcestions id\u00f2nies per motivar la seva curiositat i posar en funcionament el seu raonament.<\/li>\n<li>Aprenguin en base al m\u00e8tode cient\u00edfic, per tal d\u2019ajudar a descobrir i entendre el m\u00f3n que ens envolta i a estructurar els coneixements.<\/li>\n<li>S\u2019inici\u00efn en l\u2019\u00fas del laboratori: con\u00e8ixer els procediments, la seguretat i familiaritzar-se amb els materials, tot adquirint una major autonomia.<\/li>\n<li>Aprenguin a comunicar els coneixements obtinguts a trav\u00e9s de gr\u00e0fics, dibuixos i de debats en petit o gran grup.<\/li>\n<li>S\u2019inici\u00efn en l\u2019adquisici\u00f3 del llenguatge cient\u00edfic.<\/li>\n<li>Els infants relacionin el que han experimentat amb el que ja saben (coneixements previs).<\/li>\n<\/ul>\n","protected":false},"excerpt":{"rendered":"<p>Els tallers de ci\u00e8ncies s\u00f3n una metodologia d\u2019aprenentatge que afavoreix que:<\/p>\n<ul>\n<li>Els nens puguin investigar per ells mateixos.<\/li>\n<li>Pensin, formulant hip\u00f2tesis i creant les q\u00fcestions id\u00f2nies per motivar la seva curiositat i posar en funcionament el seu raonament.<\/li>\n<li>Aprenguin en base al m\u00e8tode cient\u00edfic, per tal d\u2019ajudar a&hellip;  <a href=\"https:\/\/agora.xtec.cat\/escolajaumemiret\/projectes\/tallers-ciencies\/\" title=\"Read Tallers de ci\u00e8ncies\">Llegeix m\u00e9s\u00bb<\/a><br \/>\n","protected":false},"author":1,"featured_media":0,"parent":66,"menu_order":40,"comment_status":"closed","ping_status":"closed","template":"page-templates\/side-menu.php","meta":{"_bbp_topic_count":0,"_bbp_reply_count":0,"_bbp_total_topic_count":0,"_bbp_total_reply_count":0,"_bbp_voice_count":0,"_bbp_anonymous_reply_count":0,"_bbp_topic_count_hidden":0,"_bbp_reply_count_hidden":0,"_bbp_forum_subforum_count":0,"footnotes":""},"class_list":["post-80","page","type-page","status-publish","hentry"],"post_mailing_queue_ids":[],"_links":{"self":[{"href":"https:\/\/agora.xtec.cat\/escolajaumemiret\/wp-json\/wp\/v2\/pages\/80","targetHints":{"allow":["GET"]}}],"collection":[{"href":"https:\/\/agora.xtec.cat\/escolajaumemiret\/wp-json\/wp\/v2\/pages"}],"about":[{"href":"https:\/\/agora.xtec.cat\/escolajaumemiret\/wp-json\/wp\/v2\/types\/page"}],"author":[{"embeddable":true,"href":"https:\/\/agora.xtec.cat\/escolajaumemiret\/wp-json\/wp\/v2\/users\/1"}],"replies":[{"embeddable":true,"href":"https:\/\/agora.xtec.cat\/escolajaumemiret\/wp-json\/wp\/v2\/comments?post=80"}],"version-history":[{"count":3,"href":"https:\/\/agora.xtec.cat\/escolajaumemiret\/wp-json\/wp\/v2\/pages\/80\/revisions"}],"predecessor-version":[{"id":8595,"href":"https:\/\/agora.xtec.cat\/escolajaumemiret\/wp-json\/wp\/v2\/pages\/80\/revisions\/8595"}],"up":[{"embeddable":true,"href":"https:\/\/agora.xtec.cat\/escolajaumemiret\/wp-json\/wp\/v2\/pages\/66"}],"wp:attachment":[{"href":"https:\/\/agora.xtec.cat\/escolajaumemiret\/wp-json\/wp\/v2\/media?parent=80"}],"curies":[{"name":"wp","href":"https:\/\/api.w.org\/{rel}","templated":true}]}}