{"id":7,"date":"2014-09-17T15:07:41","date_gmt":"2014-09-17T14:07:41","guid":{"rendered":"http:\/\/agora.xtec.cat\/escolajaumeferraniclua\/?page_id=7"},"modified":"2026-04-15T10:27:46","modified_gmt":"2026-04-15T08:27:46","slug":"pagines-dinici","status":"publish","type":"page","link":"https:\/\/agora.xtec.cat\/escolajaumeferraniclua\/","title":{"rendered":"Not\u00edcies"},"content":{"rendered":"<h3><\/h3>\n<h3><a href=\"https:\/\/agora.xtec.cat\/escolajaumeferraniclua\/wp-content\/uploads\/usu754\/2023\/03\/infants-ferran-i-clua.jpeg\"><img loading=\"lazy\" decoding=\"async\" class=\"aligncenter wp-image-5730\" src=\"https:\/\/agora.xtec.cat\/escolajaumeferraniclua\/wp-content\/uploads\/usu754\/2023\/03\/infants-ferran-i-clua.jpeg\" alt=\"\" width=\"784\" height=\"357\" srcset=\"https:\/\/agora.xtec.cat\/escolajaumeferraniclua\/wp-content\/uploads\/usu754\/2023\/03\/infants-ferran-i-clua.jpeg 2370w, https:\/\/agora.xtec.cat\/escolajaumeferraniclua\/wp-content\/uploads\/usu754\/2023\/03\/infants-ferran-i-clua-300x137.jpeg 300w, https:\/\/agora.xtec.cat\/escolajaumeferraniclua\/wp-content\/uploads\/usu754\/2023\/03\/infants-ferran-i-clua-1024x467.jpeg 1024w, https:\/\/agora.xtec.cat\/escolajaumeferraniclua\/wp-content\/uploads\/usu754\/2023\/03\/infants-ferran-i-clua-768x350.jpeg 768w, https:\/\/agora.xtec.cat\/escolajaumeferraniclua\/wp-content\/uploads\/usu754\/2023\/03\/infants-ferran-i-clua-1536x700.jpeg 1536w, https:\/\/agora.xtec.cat\/escolajaumeferraniclua\/wp-content\/uploads\/usu754\/2023\/03\/infants-ferran-i-clua-2048x933.jpeg 2048w\" sizes=\"auto, (max-width: 784px) 100vw, 784px\" \/><\/a><\/h3>\n<h5 style=\"text-align: center;\"><\/h5>\n<h3 style=\"text-align: center;\"><a href=\"https:\/\/agora.xtec.cat\/escolajaumeferraniclua\/lescola\/calendari-del-curs\/\">Calendari curs 2025-26<\/a><\/h3>\n<h5 style=\"text-align: center;\">Escolta la can\u00e7\u00f3 de la nostra escola, <strong><a href=\"https:\/\/agora.xtec.cat\/escolajaumeferraniclua\/categoria\/canco-de-lescola\/\">Som Ferran!<\/a><\/strong><\/h5>\n<!--[if lt IE 9]><script>document.createElement('audio');<\/script><![endif]-->\n<audio class=\"wp-audio-shortcode\" id=\"audio-7-1\" preload=\"none\" style=\"width: 100%;\" controls=\"controls\"><source type=\"audio\/mpeg\" src=\"https:\/\/agora.xtec.cat\/escolajaumeferraniclua\/wp-content\/uploads\/usu754\/2022\/05\/Som-Ferran-V7-Master-1-1.mp3?_=1\" \/><a href=\"https:\/\/agora.xtec.cat\/escolajaumeferraniclua\/wp-content\/uploads\/usu754\/2022\/05\/Som-Ferran-V7-Master-1-1.mp3\">https:\/\/agora.xtec.cat\/escolajaumeferraniclua\/wp-content\/uploads\/usu754\/2022\/05\/Som-Ferran-V7-Master-1-1.mp3<\/a><\/audio>\n<div><\/div>\n<div><\/div>\n<div><\/div>\n<div><\/div>\n<h4 style=\"text-align: center;\"><span style=\"color: #008000;\"><em><strong><a style=\"color: #008000;\" href=\"https:\/\/agora.xtec.cat\/escolajaumeferraniclua\/wp-content\/uploads\/usu754\/2026\/04\/INFORME_BAREM_PROVISIONAL.pdf\">LLISTAT_BAREM_PROVISIONAL<\/a><\/strong><\/em><\/span><\/h4>\n<h4 style=\"text-align: center;\"><span style=\"color: #ff6600;\"><a style=\"color: #ff6600;\" href=\"https:\/\/agora.xtec.cat\/escolajaumeferraniclua\/wp-content\/uploads\/usu754\/2026\/03\/INFORME_OFERTA-VACANTS.pdf\"><em><span style=\"color: #33cccc;\">INFORME OFERTA VACANTS<\/span><\/em><\/a><\/span><\/h4>\n<h4 style=\"text-align: center;\"><em><span style=\"color: #ff6600;\">PREINSCRIPCI\u00d3 2026-27<\/span><\/em><\/h4>\n<h6 style=\"text-align: center;\"><em>Les preinscripcions per al curs 2026\u20132027 de segon cicle d\u2019educaci\u00f3 infantil i<\/em><br \/>\n<em>educaci\u00f3 prim\u00e0ria seran del <span style=\"text-decoration: underline;\">4 de mar\u00e7 al 18 de mar\u00e7 de 2026.<\/span><\/em><\/h6>\n<p style=\"text-align: center;\"><em>Podeu trobar m\u00e9s informaci\u00f3 sobre el proc\u00e9s de preinscripci\u00f3 a les seg\u00fcents webs:<\/em><\/p>\n<h5 style=\"text-align: center;\"><span style=\"color: #d19836;\"><a style=\"color: #d19836;\" href=\"https:\/\/preinscripcio.gencat.cat\/ca\/inici\/index.html\"><i>DEPARTAMENT D&#8217;EDUCACI\u00d3<\/i><\/a><\/span><\/h5>\n<h5 style=\"text-align: center;\"><a href=\"https:\/\/www.santcugat.cat\/web\/preinscripcio-2026-2027\"><span style=\"color: #cc99ff;\"><em>AJUNTAMENT DE SANT CUGAT<\/em><\/span><\/a><\/h5>\n<h4 style=\"text-align: center;\"><span style=\"color: #993366;\"><i>\u00a0<\/i><\/span><\/h4>\n<div style=\"text-align: center;\"><iframe loading=\"lazy\" src=\"\/\/www.youtube.com\/embed\/t60aW-KnizQ?si=FimkwVGjztSamoPE\" width=\"560\" height=\"314\" allowfullscreen=\"allowfullscreen\"><\/iframe><\/div>\n","protected":false},"excerpt":{"rendered":"<p><a href=\"https:\/\/agora.xtec.cat\/escolajaumeferraniclua\/wp-content\/uploads\/usu754\/2023\/03\/infants-ferran-i-clua.jpeg\"><\/a><\/p>\n<p><a href=\"https:\/\/agora.xtec.cat\/escolajaumeferraniclua\/lescola\/calendari-del-curs\/\">Calendari curs 2025-26<\/a><br \/>\nEscolta la can\u00e7\u00f3 de la nostra escola, <a href=\"https:\/\/agora.xtec.cat\/escolajaumeferraniclua\/categoria\/canco-de-lescola\/\">Som Ferran!<\/a><br \/>\n<a href=\"https:\/\/agora.xtec.cat\/escolajaumeferraniclua\/wp-content\/uploads\/usu754\/2022\/05\/Som-Ferran-V7-Master-1-1.mp3\">https:\/\/agora.xtec.cat\/escolajaumeferraniclua\/wp-content\/uploads\/usu754\/2022\/05\/Som-Ferran-V7-Master-1-1.mp3<\/a><\/p>\n<p><a style=\"color: #008000;\" href=\"https:\/\/agora.xtec.cat\/escolajaumeferraniclua\/wp-content\/uploads\/usu754\/2026\/04\/INFORME_BAREM_PROVISIONAL.pdf\">LLISTAT_BAREM_PROVISIONAL<\/a><br \/>\n<a style=\"color: #ff6600;\" href=\"https:\/\/agora.xtec.cat\/escolajaumeferraniclua\/wp-content\/uploads\/usu754\/2026\/03\/INFORME_OFERTA-VACANTS.pdf\">INFORME OFERTA VACANTS<\/a><br \/>\nPREINSCRIPCI\u00d3 2026-27<br \/>\nLes preinscripcions per al curs 2026\u20132027 de segon cicle d\u2019educaci\u00f3 infantil i<br \/>\neducaci\u00f3 prim\u00e0ria seran del 4 de mar\u00e7 al 18 de mar\u00e7&hellip;  <a href=\"https:\/\/agora.xtec.cat\/escolajaumeferraniclua\/\" title=\"Read Not\u00edcies\">Llegeix m\u00e9s\u00bb<\/a><\/p>\n","protected":false},"author":1,"featured_media":0,"parent":0,"menu_order":0,"comment_status":"closed","ping_status":"closed","template":"page-templates\/front-page.php","meta":{"_bbp_topic_count":0,"_bbp_reply_count":0,"_bbp_total_topic_count":0,"_bbp_total_reply_count":0,"_bbp_voice_count":0,"_bbp_anonymous_reply_count":0,"_bbp_topic_count_hidden":0,"_bbp_reply_count_hidden":0,"_bbp_forum_subforum_count":0,"footnotes":""},"class_list":["post-7","page","type-page","status-publish","hentry"],"post_mailing_queue_ids":[],"_links":{"self":[{"href":"https:\/\/agora.xtec.cat\/escolajaumeferraniclua\/wp-json\/wp\/v2\/pages\/7","targetHints":{"allow":["GET"]}}],"collection":[{"href":"https:\/\/agora.xtec.cat\/escolajaumeferraniclua\/wp-json\/wp\/v2\/pages"}],"about":[{"href":"https:\/\/agora.xtec.cat\/escolajaumeferraniclua\/wp-json\/wp\/v2\/types\/page"}],"author":[{"embeddable":true,"href":"https:\/\/agora.xtec.cat\/escolajaumeferraniclua\/wp-json\/wp\/v2\/users\/1"}],"replies":[{"embeddable":true,"href":"https:\/\/agora.xtec.cat\/escolajaumeferraniclua\/wp-json\/wp\/v2\/comments?post=7"}],"version-history":[{"count":6,"href":"https:\/\/agora.xtec.cat\/escolajaumeferraniclua\/wp-json\/wp\/v2\/pages\/7\/revisions"}],"predecessor-version":[{"id":7417,"href":"https:\/\/agora.xtec.cat\/escolajaumeferraniclua\/wp-json\/wp\/v2\/pages\/7\/revisions\/7417"}],"wp:attachment":[{"href":"https:\/\/agora.xtec.cat\/escolajaumeferraniclua\/wp-json\/wp\/v2\/media?parent=7"}],"curies":[{"name":"wp","href":"https:\/\/api.w.org\/{rel}","templated":true}]}}