{"id":26,"date":"2014-09-18T12:24:32","date_gmt":"2014-09-18T12:24:32","guid":{"rendered":"http:\/\/agora.xtec.cat\/escolajacintverdaguer\/?page_id=26"},"modified":"2017-07-12T12:28:35","modified_gmt":"2017-07-12T10:28:35","slug":"historia","status":"publish","type":"page","link":"https:\/\/agora.xtec.cat\/escolajacintverdaguer\/lescola\/historia\/","title":{"rendered":"Hist\u00f2ria"},"content":{"rendered":"<p align=\"justify\"><span style=\"font-family: Verdana, sans-serif;\"><span style=\"font-size: small;\"> L&#8217;escola Jacint Verdaguer \u00e9s una escola p\u00fablica ubicada al municipi de Santa Eug\u00e8nia de Berga, a la comarca d\u2019Osona, a mig cam\u00ed entre Vic i Taradell. <\/span><\/span><\/p>\n<p align=\"justify\"><span style=\"font-family: Verdana, sans-serif;\"><span style=\"font-size: small;\"> L&#8217;escola est\u00e0 situada dins el nucli urb\u00e0 del municipi, a prop de la pla\u00e7a, on hi ha l\u2019Ajuntament i l\u2019Esgl\u00e9sia, i a prop del Teatre del poble. Al davant hi ha el Centre d&#8217;Atenci\u00f3 Prim\u00e0ria, el Casal d&#8217;Avis i el Centre de Dia. El poble tamb\u00e9 t\u00e9 una zona esportiva amb camp de futbol i pavell\u00f3 municipal, Llar d&#8217;Infants, Centre C\u00edvic i diversos parcs i espais l\u00fadics.<\/span><\/span><\/p>\n<p align=\"justify\">Es va inaugurar el dia 22 de maig de 1983.<\/p>\n","protected":false},"excerpt":{"rendered":"<p> L&#8217;escola Jacint Verdaguer \u00e9s una escola p\u00fablica ubicada al municipi de Santa Eug\u00e8nia de Berga, a la comarca d\u2019Osona, a mig cam\u00ed entre Vic i Taradell.<br \/>\n L&#8217;escola est\u00e0 situada dins el nucli urb\u00e0 del municipi, a prop de la pla\u00e7a, on hi ha&hellip;  <a href=\"https:\/\/agora.xtec.cat\/escolajacintverdaguer\/lescola\/historia\/\" title=\"Read Hist\u00f2ria\">Llegeix m\u00e9s\u00bb<\/a><\/p>\n","protected":false},"author":2,"featured_media":0,"parent":22,"menu_order":20,"comment_status":"closed","ping_status":"closed","template":"page-templates\/side-menu.php","meta":{"_bbp_topic_count":0,"_bbp_reply_count":0,"_bbp_total_topic_count":0,"_bbp_total_reply_count":0,"_bbp_voice_count":0,"_bbp_anonymous_reply_count":0,"_bbp_topic_count_hidden":0,"_bbp_reply_count_hidden":0,"_bbp_forum_subforum_count":0,"footnotes":""},"class_list":["post-26","page","type-page","status-publish","hentry"],"post_mailing_queue_ids":[],"_links":{"self":[{"href":"https:\/\/agora.xtec.cat\/escolajacintverdaguer\/wp-json\/wp\/v2\/pages\/26","targetHints":{"allow":["GET"]}}],"collection":[{"href":"https:\/\/agora.xtec.cat\/escolajacintverdaguer\/wp-json\/wp\/v2\/pages"}],"about":[{"href":"https:\/\/agora.xtec.cat\/escolajacintverdaguer\/wp-json\/wp\/v2\/types\/page"}],"author":[{"embeddable":true,"href":"https:\/\/agora.xtec.cat\/escolajacintverdaguer\/wp-json\/wp\/v2\/users\/2"}],"replies":[{"embeddable":true,"href":"https:\/\/agora.xtec.cat\/escolajacintverdaguer\/wp-json\/wp\/v2\/comments?post=26"}],"version-history":[{"count":3,"href":"https:\/\/agora.xtec.cat\/escolajacintverdaguer\/wp-json\/wp\/v2\/pages\/26\/revisions"}],"predecessor-version":[{"id":240,"href":"https:\/\/agora.xtec.cat\/escolajacintverdaguer\/wp-json\/wp\/v2\/pages\/26\/revisions\/240"}],"up":[{"embeddable":true,"href":"https:\/\/agora.xtec.cat\/escolajacintverdaguer\/wp-json\/wp\/v2\/pages\/22"}],"wp:attachment":[{"href":"https:\/\/agora.xtec.cat\/escolajacintverdaguer\/wp-json\/wp\/v2\/media?parent=26"}],"curies":[{"name":"wp","href":"https:\/\/api.w.org\/{rel}","templated":true}]}}