{"id":662,"date":"2017-07-11T12:05:31","date_gmt":"2017-07-11T10:05:31","guid":{"rendered":"http:\/\/agora.xtec.cat\/ceipcharlierivel\/?page_id=662"},"modified":"2026-02-03T12:17:08","modified_gmt":"2026-02-03T11:17:08","slug":"acollida","status":"publish","type":"page","link":"https:\/\/agora.xtec.cat\/escolajacharlierivel\/serveis\/acollida\/","title":{"rendered":"Acollida matinal"},"content":{"rendered":"\n<h5>L&#8217;Acollida Matinal \u00e9s un servei ofert per l&#8217;AFA de l&#8217;escola per als\/les alumnes de I3 fins a 6\u00e8.<\/h5>\n<h5>L&#8217;horari de l&#8217;acollida comen\u00e7a a les 07:30 h i finalitza a les 09:00 h.<\/h5>\n<h5>Durant aquesta estona els\/les alumnes poden esmorzar si no ho han fet abans.<\/h5>\n<h5>\u00a0<\/h5>\n<h5>Per a m\u00e9s informaci\u00f3 us podeu adre\u00e7ar a l&#8217;AFA directament:<\/h5>\n<h5><strong>AFA ESCOLA JOSEP ANDREU CHARLIE RIVEL<\/strong><br \/><br \/>Passeig Vilanova, 35, 08880, Cubelles<br \/><br \/>Tel\u00e8fon: 663787719<br \/><br \/>Adre\u00e7a electr\u00f2nica: aampacharlierivel@gmail.com<br \/><br \/>Horari d&#8217;atenci\u00f3: De dilluns a divendres, de 08:30 h a 10:30 h<\/h5>\n","protected":false},"excerpt":{"rendered":"<p>L&#8217;Acollida Matinal \u00e9s un servei ofert per l&#8217;AFA de l&#8217;escola per als\/les alumnes de I3 fins a 6\u00e8. L&#8217;horari de l&#8217;acollida comen\u00e7a a les 07:30 h i finalitza a les 09:00 h. Durant aquesta estona els\/les alumnes poden esmorzar si no ho han fet abans. \u00a0 Per a m\u00e9s informaci\u00f3 us podeu adre\u00e7ar a l&#8217;AFA [&hellip;]<\/p>\n","protected":false},"author":1,"featured_media":0,"parent":660,"menu_order":0,"comment_status":"closed","ping_status":"closed","template":"","meta":{"_bbp_topic_count":0,"_bbp_reply_count":0,"_bbp_total_topic_count":0,"_bbp_total_reply_count":0,"_bbp_voice_count":0,"_bbp_anonymous_reply_count":0,"_bbp_topic_count_hidden":0,"_bbp_reply_count_hidden":0,"_bbp_forum_subforum_count":0,"site-sidebar-layout":"default","site-content-layout":"","ast-site-content-layout":"default","site-content-style":"default","site-sidebar-style":"default","ast-global-header-display":"","ast-banner-title-visibility":"","ast-main-header-display":"","ast-hfb-above-header-display":"","ast-hfb-below-header-display":"","ast-hfb-mobile-header-display":"","site-post-title":"","ast-breadcrumbs-content":"","ast-featured-img":"","footer-sml-layout":"","theme-transparent-header-meta":"","adv-header-id-meta":"","stick-header-meta":"","header-above-stick-meta":"","header-main-stick-meta":"","header-below-stick-meta":"","astra-migrate-meta-layouts":"set","ast-page-background-enabled":"default","ast-page-background-meta":{"desktop":{"background-color":"var(--ast-global-color-4)","background-image":"","background-repeat":"repeat","background-position":"center center","background-size":"auto","background-attachment":"scroll","background-type":"","background-media":"","overlay-type":"","overlay-color":"","overlay-opacity":"","overlay-gradient":""},"tablet":{"background-color":"","background-image":"","background-repeat":"repeat","background-position":"center center","background-size":"auto","background-attachment":"scroll","background-type":"","background-media":"","overlay-type":"","overlay-color":"","overlay-opacity":"","overlay-gradient":""},"mobile":{"background-color":"","background-image":"","background-repeat":"repeat","background-position":"center center","background-size":"auto","background-attachment":"scroll","background-type":"","background-media":"","overlay-type":"","overlay-color":"","overlay-opacity":"","overlay-gradient":""}},"ast-content-background-meta":{"desktop":{"background-color":"var(--ast-global-color-5)","background-image":"","background-repeat":"repeat","background-position":"center center","background-size":"auto","background-attachment":"scroll","background-type":"","background-media":"","overlay-type":"","overlay-color":"","overlay-opacity":"","overlay-gradient":""},"tablet":{"background-color":"var(--ast-global-color-5)","background-image":"","background-repeat":"repeat","background-position":"center center","background-size":"auto","background-attachment":"scroll","background-type":"","background-media":"","overlay-type":"","overlay-color":"","overlay-opacity":"","overlay-gradient":""},"mobile":{"background-color":"var(--ast-global-color-5)","background-image":"","background-repeat":"repeat","background-position":"center center","background-size":"auto","background-attachment":"scroll","background-type":"","background-media":"","overlay-type":"","overlay-color":"","overlay-opacity":"","overlay-gradient":""}},"footnotes":""},"class_list":["post-662","page","type-page","status-publish","hentry"],"post_mailing_queue_ids":[],"_links":{"self":[{"href":"https:\/\/agora.xtec.cat\/escolajacharlierivel\/wp-json\/wp\/v2\/pages\/662","targetHints":{"allow":["GET"]}}],"collection":[{"href":"https:\/\/agora.xtec.cat\/escolajacharlierivel\/wp-json\/wp\/v2\/pages"}],"about":[{"href":"https:\/\/agora.xtec.cat\/escolajacharlierivel\/wp-json\/wp\/v2\/types\/page"}],"author":[{"embeddable":true,"href":"https:\/\/agora.xtec.cat\/escolajacharlierivel\/wp-json\/wp\/v2\/users\/1"}],"replies":[{"embeddable":true,"href":"https:\/\/agora.xtec.cat\/escolajacharlierivel\/wp-json\/wp\/v2\/comments?post=662"}],"version-history":[{"count":4,"href":"https:\/\/agora.xtec.cat\/escolajacharlierivel\/wp-json\/wp\/v2\/pages\/662\/revisions"}],"predecessor-version":[{"id":2380,"href":"https:\/\/agora.xtec.cat\/escolajacharlierivel\/wp-json\/wp\/v2\/pages\/662\/revisions\/2380"}],"up":[{"embeddable":true,"href":"https:\/\/agora.xtec.cat\/escolajacharlierivel\/wp-json\/wp\/v2\/pages\/660"}],"wp:attachment":[{"href":"https:\/\/agora.xtec.cat\/escolajacharlierivel\/wp-json\/wp\/v2\/media?parent=662"}],"curies":[{"name":"wp","href":"https:\/\/api.w.org\/{rel}","templated":true}]}}