{"id":636,"date":"2017-07-11T11:58:09","date_gmt":"2017-07-11T09:58:09","guid":{"rendered":"http:\/\/agora.xtec.cat\/ceipcharlierivel\/?page_id=636"},"modified":"2020-04-03T12:52:54","modified_gmt":"2020-04-03T10:52:54","slug":"projecte-educatiu","status":"publish","type":"page","link":"https:\/\/agora.xtec.cat\/escolajacharlierivel\/lescola\/projecte-educatiu\/","title":{"rendered":"Projecte educatiu"},"content":{"rendered":"<p>L\u2019eix vertebrador del nostre <em>PROJECTE EDUCATIU<\/em> \u00e9s l\u2019alumnat.<\/p>\n<p><strong>MISSI\u00d3<\/strong><br \/>\nSom una escola que afavoreix la conviv\u00e8ncia entre la comunitat educativa, que optimitzem els recursos i atenem la diversitat del centre.<\/p>\n<p><strong>VISI\u00d3<\/strong><br \/>\nPretenem ser una escola de refer\u00e8ncia amb el comprom\u00eds de treballar per la qualitat de l\u2019ensenyament, innovadora, que afavoreixi la conviv\u00e8ncia entre tots els membres que intervenen en el proc\u00e9s educatiu, que treballi amb i per a la diversitat, que formi persones cr\u00edtiques i compromeses amb la societat actual i que estigui oberta a les noves metodologies i tecnologies.<\/p>\n<p>Els <strong>VALORS<\/strong> que identifiquen la nostra escola s\u00f3n: transpar\u00e8ncia, di\u00e0leg, conviv\u00e8ncia, respecte, igualtat, equitat, pluralitat, solidaritat, valors medi ambientals, de sostenibilitat i de participaci\u00f3 democr\u00e0tica.<\/p>\n<p>Les l\u00ednies b\u00e0siques que el caracteritzen s\u00f3n afavorir el proc\u00e9s de <em>desenvolupament integral<\/em> de la personalitat de l\u2019alumnat, <em>educar en la diversitat<\/em> promovent el <em>respecte<\/em> pels drets de les persones i els principis b\u00e0sics de conviv\u00e8ncia, <em>facilitar<\/em> el desenvolupament dels aprenentatges, infondre els valors que ens identifiquen i <em>promoure actituds responsables en relaci\u00f3 a les persones i l\u2019entorn.<\/em><\/p>\n<p style=\"text-align: center;\"><em>L\u2019excel\u2022l\u00e8ncia passa per donar l\u2019oportunitat<\/em><br \/>\n<em>d\u2019aprendre a aprendre.<\/em><\/p>\n","protected":false},"excerpt":{"rendered":"<p>L\u2019eix vertebrador del nostre PROJECTE EDUCATIU \u00e9s l\u2019alumnat. MISSI\u00d3 Som una escola que afavoreix la conviv\u00e8ncia entre la comunitat educativa, que optimitzem els recursos i atenem la diversitat del centre. VISI\u00d3 Pretenem ser una escola de refer\u00e8ncia amb el comprom\u00eds de treballar per la qualitat de l\u2019ensenyament, innovadora, que afavoreixi la conviv\u00e8ncia entre tots els [&hellip;]<\/p>\n","protected":false},"author":1,"featured_media":0,"parent":22,"menu_order":0,"comment_status":"closed","ping_status":"closed","template":"","meta":{"_bbp_topic_count":0,"_bbp_reply_count":0,"_bbp_total_topic_count":0,"_bbp_total_reply_count":0,"_bbp_voice_count":0,"_bbp_anonymous_reply_count":0,"_bbp_topic_count_hidden":0,"_bbp_reply_count_hidden":0,"_bbp_forum_subforum_count":0,"site-sidebar-layout":"default","site-content-layout":"","ast-site-content-layout":"","site-content-style":"default","site-sidebar-style":"default","ast-global-header-display":"","ast-banner-title-visibility":"","ast-main-header-display":"","ast-hfb-above-header-display":"","ast-hfb-below-header-display":"","ast-hfb-mobile-header-display":"","site-post-title":"","ast-breadcrumbs-content":"","ast-featured-img":"","footer-sml-layout":"","theme-transparent-header-meta":"","adv-header-id-meta":"","stick-header-meta":"","header-above-stick-meta":"","header-main-stick-meta":"","header-below-stick-meta":"","astra-migrate-meta-layouts":"default","ast-page-background-enabled":"default","ast-page-background-meta":{"desktop":{"background-color":"var(--ast-global-color-4)","background-image":"","background-repeat":"repeat","background-position":"center center","background-size":"auto","background-attachment":"scroll","background-type":"","background-media":"","overlay-type":"","overlay-color":"","overlay-opacity":"","overlay-gradient":""},"tablet":{"background-color":"","background-image":"","background-repeat":"repeat","background-position":"center center","background-size":"auto","background-attachment":"scroll","background-type":"","background-media":"","overlay-type":"","overlay-color":"","overlay-opacity":"","overlay-gradient":""},"mobile":{"background-color":"","background-image":"","background-repeat":"repeat","background-position":"center center","background-size":"auto","background-attachment":"scroll","background-type":"","background-media":"","overlay-type":"","overlay-color":"","overlay-opacity":"","overlay-gradient":""}},"ast-content-background-meta":{"desktop":{"background-color":"var(--ast-global-color-5)","background-image":"","background-repeat":"repeat","background-position":"center center","background-size":"auto","background-attachment":"scroll","background-type":"","background-media":"","overlay-type":"","overlay-color":"","overlay-opacity":"","overlay-gradient":""},"tablet":{"background-color":"var(--ast-global-color-5)","background-image":"","background-repeat":"repeat","background-position":"center center","background-size":"auto","background-attachment":"scroll","background-type":"","background-media":"","overlay-type":"","overlay-color":"","overlay-opacity":"","overlay-gradient":""},"mobile":{"background-color":"var(--ast-global-color-5)","background-image":"","background-repeat":"repeat","background-position":"center center","background-size":"auto","background-attachment":"scroll","background-type":"","background-media":"","overlay-type":"","overlay-color":"","overlay-opacity":"","overlay-gradient":""}},"footnotes":""},"class_list":["post-636","page","type-page","status-publish","hentry"],"post_mailing_queue_ids":[],"_links":{"self":[{"href":"https:\/\/agora.xtec.cat\/escolajacharlierivel\/wp-json\/wp\/v2\/pages\/636","targetHints":{"allow":["GET"]}}],"collection":[{"href":"https:\/\/agora.xtec.cat\/escolajacharlierivel\/wp-json\/wp\/v2\/pages"}],"about":[{"href":"https:\/\/agora.xtec.cat\/escolajacharlierivel\/wp-json\/wp\/v2\/types\/page"}],"author":[{"embeddable":true,"href":"https:\/\/agora.xtec.cat\/escolajacharlierivel\/wp-json\/wp\/v2\/users\/1"}],"replies":[{"embeddable":true,"href":"https:\/\/agora.xtec.cat\/escolajacharlierivel\/wp-json\/wp\/v2\/comments?post=636"}],"version-history":[{"count":4,"href":"https:\/\/agora.xtec.cat\/escolajacharlierivel\/wp-json\/wp\/v2\/pages\/636\/revisions"}],"predecessor-version":[{"id":2509,"href":"https:\/\/agora.xtec.cat\/escolajacharlierivel\/wp-json\/wp\/v2\/pages\/636\/revisions\/2509"}],"up":[{"embeddable":true,"href":"https:\/\/agora.xtec.cat\/escolajacharlierivel\/wp-json\/wp\/v2\/pages\/22"}],"wp:attachment":[{"href":"https:\/\/agora.xtec.cat\/escolajacharlierivel\/wp-json\/wp\/v2\/media?parent=636"}],"curies":[{"name":"wp","href":"https:\/\/api.w.org\/{rel}","templated":true}]}}