{"id":15182,"date":"2025-07-10T16:45:01","date_gmt":"2025-07-10T14:45:01","guid":{"rendered":"https:\/\/agora.xtec.cat\/escolaisaacperal\/?page_id=15182"},"modified":"2025-07-12T17:31:57","modified_gmt":"2025-07-12T15:31:57","slug":"acollida-matinal","status":"publish","type":"page","link":"https:\/\/agora.xtec.cat\/escolaisaacperal\/serveis\/acollida-matinal\/","title":{"rendered":"Acollida matinal"},"content":{"rendered":"\n<figure class=\"wp-block-image aligncenter size-large is-resized\"><a href=\"https:\/\/agora.xtec.cat\/escolaisaacperal\/wp-content\/uploads\/usu959\/2025\/07\/Diseno-sin-titulo-3.png\"><img loading=\"lazy\" decoding=\"async\" width=\"1024\" height=\"275\" src=\"https:\/\/agora.xtec.cat\/escolaisaacperal\/wp-content\/uploads\/usu959\/2025\/07\/Diseno-sin-titulo-3-1024x275.png\" alt=\"\" class=\"wp-image-15320\" style=\"width:603px;height:auto\" srcset=\"https:\/\/agora.xtec.cat\/escolaisaacperal\/wp-content\/uploads\/usu959\/2025\/07\/Diseno-sin-titulo-3-1024x275.png 1024w, https:\/\/agora.xtec.cat\/escolaisaacperal\/wp-content\/uploads\/usu959\/2025\/07\/Diseno-sin-titulo-3-300x81.png 300w, https:\/\/agora.xtec.cat\/escolaisaacperal\/wp-content\/uploads\/usu959\/2025\/07\/Diseno-sin-titulo-3-768x206.png 768w, https:\/\/agora.xtec.cat\/escolaisaacperal\/wp-content\/uploads\/usu959\/2025\/07\/Diseno-sin-titulo-3-1536x412.png 1536w, https:\/\/agora.xtec.cat\/escolaisaacperal\/wp-content\/uploads\/usu959\/2025\/07\/Diseno-sin-titulo-3.png 1628w\" sizes=\"auto, (max-width: 1024px) 100vw, 1024px\" \/><\/a><\/figure>\n\n\n\n<p>Per tal de facilitar la conciliaci\u00f3 de la vida laboral amb els horaris escolars, l\u2019AFA posa a la vostra disposici\u00f3 un servei d\u2019<strong>acollida matinal<\/strong> previ a l\u2019inici de les classes, de de les 8:00 hores fins a les 9:00 hores, durant tots els dies lectius.<\/p>\n\n\n\n<p class=\"has-text-align-left\">Aquest servei est\u00e0 pensat per a les fam\u00edlies on els pares comencen a treballar molt d\u2019hora al mat\u00ed i necessiten que els nens i les nenes estiguin atesos mentre no comencen les classes, oferint un espai agradable i l\u00fadic. Tamb\u00e9 est\u00e0 pensat per a les fam\u00edlies que necessiten utilitzar aquest servei d\u2019una manera espor\u00e0dica i puntual.<\/p>\n\n\n\n<p>Les activitats s\u2019inicien el dia 8 de setembre i acaben el 19 de juny de 2026.<\/p>\n\n\n\n<p><strong>Per poder realitzar activitats extraescolars la fam\u00edlia ha de ser s\u00f2cia de l\u2019AFA .<\/strong><\/p>\n\n\n\n<p><a href=\"https:\/\/drive.google.com\/file\/d\/1WkBMkW0IJSUMUO-tE1GfMgc3g6l9I5n1\/view\" target=\"_blank\" rel=\"noreferrer noopener\">INFORMACI\u00d3<\/a><\/p>\n\n\n\n<p><a href=\"https:\/\/docs.google.com\/forms\/d\/e\/1FAIpQLSe3GxWNmJfHQNyMd1ipQqU0zDdr04lPXJCbBO7P7HyKwwnD3Q\/viewform\" target=\"_blank\" rel=\"noreferrer noopener\">INSCRIPCI\u00d3<\/a><\/p>\n","protected":false},"excerpt":{"rendered":"<p>Per tal de facilitar la conciliaci\u00f3 de la vida laboral amb els horaris escolars, l\u2019AFA posa a la vostra disposici\u00f3 un servei d\u2019acollida matinal previ a l\u2019inici de les classes, de de les 8:00 hores fins a les 9:00 hores, durant tots els dies lectius. Aquest servei est\u00e0 pensat per a les fam\u00edlies on els [&hellip;]<\/p>\n","protected":false},"author":1,"featured_media":0,"parent":66,"menu_order":0,"comment_status":"closed","ping_status":"closed","template":"","meta":{"_bbp_topic_count":0,"_bbp_reply_count":0,"_bbp_total_topic_count":0,"_bbp_total_reply_count":0,"_bbp_voice_count":0,"_bbp_anonymous_reply_count":0,"_bbp_topic_count_hidden":0,"_bbp_reply_count_hidden":0,"_bbp_forum_subforum_count":0,"site-sidebar-layout":"default","site-content-layout":"","ast-site-content-layout":"default","site-content-style":"default","site-sidebar-style":"default","ast-global-header-display":"","ast-banner-title-visibility":"","ast-main-header-display":"","ast-hfb-above-header-display":"","ast-hfb-below-header-display":"","ast-hfb-mobile-header-display":"","site-post-title":"","ast-breadcrumbs-content":"","ast-featured-img":"","footer-sml-layout":"","theme-transparent-header-meta":"default","adv-header-id-meta":"","stick-header-meta":"","header-above-stick-meta":"","header-main-stick-meta":"","header-below-stick-meta":"","astra-migrate-meta-layouts":"set","ast-page-background-enabled":"default","ast-page-background-meta":{"desktop":{"background-color":"var(--ast-global-color-4)","background-image":"","background-repeat":"repeat","background-position":"center center","background-size":"auto","background-attachment":"scroll","background-type":"","background-media":"","overlay-type":"","overlay-color":"","overlay-opacity":"","overlay-gradient":""},"tablet":{"background-color":"","background-image":"","background-repeat":"repeat","background-position":"center center","background-size":"auto","background-attachment":"scroll","background-type":"","background-media":"","overlay-type":"","overlay-color":"","overlay-opacity":"","overlay-gradient":""},"mobile":{"background-color":"","background-image":"","background-repeat":"repeat","background-position":"center center","background-size":"auto","background-attachment":"scroll","background-type":"","background-media":"","overlay-type":"","overlay-color":"","overlay-opacity":"","overlay-gradient":""}},"ast-content-background-meta":{"desktop":{"background-color":"var(--ast-global-color-5)","background-image":"","background-repeat":"repeat","background-position":"center center","background-size":"auto","background-attachment":"scroll","background-type":"","background-media":"","overlay-type":"","overlay-color":"","overlay-opacity":"","overlay-gradient":""},"tablet":{"background-color":"var(--ast-global-color-5)","background-image":"","background-repeat":"repeat","background-position":"center center","background-size":"auto","background-attachment":"scroll","background-type":"","background-media":"","overlay-type":"","overlay-color":"","overlay-opacity":"","overlay-gradient":""},"mobile":{"background-color":"var(--ast-global-color-5)","background-image":"","background-repeat":"repeat","background-position":"center center","background-size":"auto","background-attachment":"scroll","background-type":"","background-media":"","overlay-type":"","overlay-color":"","overlay-opacity":"","overlay-gradient":""}},"footnotes":""},"class_list":["post-15182","page","type-page","status-publish","hentry"],"post_mailing_queue_ids":[],"_links":{"self":[{"href":"https:\/\/agora.xtec.cat\/escolaisaacperal\/wp-json\/wp\/v2\/pages\/15182","targetHints":{"allow":["GET"]}}],"collection":[{"href":"https:\/\/agora.xtec.cat\/escolaisaacperal\/wp-json\/wp\/v2\/pages"}],"about":[{"href":"https:\/\/agora.xtec.cat\/escolaisaacperal\/wp-json\/wp\/v2\/types\/page"}],"author":[{"embeddable":true,"href":"https:\/\/agora.xtec.cat\/escolaisaacperal\/wp-json\/wp\/v2\/users\/1"}],"replies":[{"embeddable":true,"href":"https:\/\/agora.xtec.cat\/escolaisaacperal\/wp-json\/wp\/v2\/comments?post=15182"}],"version-history":[{"count":6,"href":"https:\/\/agora.xtec.cat\/escolaisaacperal\/wp-json\/wp\/v2\/pages\/15182\/revisions"}],"predecessor-version":[{"id":15327,"href":"https:\/\/agora.xtec.cat\/escolaisaacperal\/wp-json\/wp\/v2\/pages\/15182\/revisions\/15327"}],"up":[{"embeddable":true,"href":"https:\/\/agora.xtec.cat\/escolaisaacperal\/wp-json\/wp\/v2\/pages\/66"}],"wp:attachment":[{"href":"https:\/\/agora.xtec.cat\/escolaisaacperal\/wp-json\/wp\/v2\/media?parent=15182"}],"curies":[{"name":"wp","href":"https:\/\/api.w.org\/{rel}","templated":true}]}}