{"id":354,"date":"2015-09-09T09:51:15","date_gmt":"2015-09-09T08:51:15","guid":{"rendered":"http:\/\/agora.xtec.cat\/escolaildefonscerda\/?page_id=354"},"modified":"2023-01-27T12:13:29","modified_gmt":"2023-01-27T11:13:29","slug":"menjador","status":"publish","type":"page","link":"https:\/\/agora.xtec.cat\/escolaildefonscerda\/menjador\/","title":{"rendered":"MENJADOR"},"content":{"rendered":"<p><strong>\u00a0 \u00a0 \u00a0 \u00a0 \u00a0 \u00a0 \u00a0<a href=\"https:\/\/agora.xtec.cat\/escolaildefonscerda\/wp-content\/uploads\/usu1044\/2023\/01\/logo-mpenta-menjadors-escolars-groc-blau-1.jpg\"><img loading=\"lazy\" decoding=\"async\" class=\"aligncenter size-full wp-image-2747\" src=\"https:\/\/agora.xtec.cat\/escolaildefonscerda\/wp-content\/uploads\/usu1044\/2023\/01\/logo-mpenta-menjadors-escolars-groc-blau-1.jpg\" alt=\"\" width=\"300\" height=\"83\" \/><\/a><\/strong><\/p>\n<p>COORDINADORA DEL MENJADOR: <strong>Cristina Dordal i Ester Alzina<\/strong><\/p>\n<p>TEL\u00c8FON DEL MENJADOR: <strong>605675864<\/strong><\/p>\n<p>HORARI D&#8217;ATENCI\u00d3 A LES FAM\u00cdLIES:<\/p>\n<ul>\n<li>De 8:00\u00a0 9:00 del mat\u00ed, per atendre consultes, seguiments alimentaris&#8230;<\/li>\n<\/ul>\n<p>Canvis, candelacions o sol.licituds de dietes especials els han de fer les fam\u00edlies a trav\u00e9s de la p\u00e0gina web d M&#8217;PENTA, amb l&#8217;usuari i contrasenya.<\/p>\n<p>Inscripci\u00f3 al menjador tamb\u00e9 s&#8217;ha de fer a trav\u00e9s de la p\u00e0gina WEB.<\/p>\n<p>Cliqueu la imatge per entrar.<\/p>\n<p>&nbsp;<\/p>\n<p><a href=\"https:\/\/www.areafamilies-mpenta.net\/\"><img loading=\"lazy\" decoding=\"async\" class=\"wp-image-2745 aligncenter\" src=\"https:\/\/agora.xtec.cat\/escolaildefonscerda\/wp-content\/uploads\/usu1044\/2023\/01\/menjador-escolar.jpg\" alt=\"\" width=\"349\" height=\"349\" srcset=\"https:\/\/agora.xtec.cat\/escolaildefonscerda\/wp-content\/uploads\/usu1044\/2023\/01\/menjador-escolar.jpg 908w, https:\/\/agora.xtec.cat\/escolaildefonscerda\/wp-content\/uploads\/usu1044\/2023\/01\/menjador-escolar-300x300.jpg 300w, https:\/\/agora.xtec.cat\/escolaildefonscerda\/wp-content\/uploads\/usu1044\/2023\/01\/menjador-escolar-150x150.jpg 150w, https:\/\/agora.xtec.cat\/escolaildefonscerda\/wp-content\/uploads\/usu1044\/2023\/01\/menjador-escolar-768x768.jpg 768w\" sizes=\"auto, (max-width: 349px) 100vw, 349px\" \/><\/a><\/p>\n","protected":false},"excerpt":{"rendered":"<p>\u00a0 \u00a0 \u00a0 \u00a0 \u00a0 \u00a0 \u00a0<a href=\"https:\/\/agora.xtec.cat\/escolaildefonscerda\/wp-content\/uploads\/usu1044\/2023\/01\/logo-mpenta-menjadors-escolars-groc-blau-1.jpg\"><\/a><br \/>\nCOORDINADORA DEL MENJADOR: Cristina Dordal i Ester Alzina<br \/>\nTEL\u00c8FON DEL MENJADOR: 605675864<br \/>\nHORARI D&#8217;ATENCI\u00d3 A LES FAM\u00cdLIES:<\/p>\n<ul>\n<li>De 8:00\u00a0 9:00 del mat\u00ed, per atendre consultes, seguiments alimentaris&#8230;<\/li>\n<\/ul>\n<p>Canvis, candelacions o sol.licituds de dietes especials els han de fer les fam\u00edlies a trav\u00e9s&hellip;  <a href=\"https:\/\/agora.xtec.cat\/escolaildefonscerda\/menjador\/\" title=\"Read MENJADOR\">Llegeix m\u00e9s\u00bb<\/a><\/p>\n","protected":false},"author":1,"featured_media":0,"parent":0,"menu_order":0,"comment_status":"closed","ping_status":"closed","template":"","meta":{"_bbp_topic_count":0,"_bbp_reply_count":0,"_bbp_total_topic_count":0,"_bbp_total_reply_count":0,"_bbp_voice_count":0,"_bbp_anonymous_reply_count":0,"_bbp_topic_count_hidden":0,"_bbp_reply_count_hidden":0,"_bbp_forum_subforum_count":0,"footnotes":""},"class_list":["post-354","page","type-page","status-publish","hentry"],"post_mailing_queue_ids":[],"_links":{"self":[{"href":"https:\/\/agora.xtec.cat\/escolaildefonscerda\/wp-json\/wp\/v2\/pages\/354","targetHints":{"allow":["GET"]}}],"collection":[{"href":"https:\/\/agora.xtec.cat\/escolaildefonscerda\/wp-json\/wp\/v2\/pages"}],"about":[{"href":"https:\/\/agora.xtec.cat\/escolaildefonscerda\/wp-json\/wp\/v2\/types\/page"}],"author":[{"embeddable":true,"href":"https:\/\/agora.xtec.cat\/escolaildefonscerda\/wp-json\/wp\/v2\/users\/1"}],"replies":[{"embeddable":true,"href":"https:\/\/agora.xtec.cat\/escolaildefonscerda\/wp-json\/wp\/v2\/comments?post=354"}],"version-history":[{"count":3,"href":"https:\/\/agora.xtec.cat\/escolaildefonscerda\/wp-json\/wp\/v2\/pages\/354\/revisions"}],"predecessor-version":[{"id":2748,"href":"https:\/\/agora.xtec.cat\/escolaildefonscerda\/wp-json\/wp\/v2\/pages\/354\/revisions\/2748"}],"wp:attachment":[{"href":"https:\/\/agora.xtec.cat\/escolaildefonscerda\/wp-json\/wp\/v2\/media?parent=354"}],"curies":[{"name":"wp","href":"https:\/\/api.w.org\/{rel}","templated":true}]}}