{"id":342,"date":"2015-09-09T09:47:20","date_gmt":"2015-09-09T08:47:20","guid":{"rendered":"http:\/\/agora.xtec.cat\/escolaildefonscerda\/?page_id=342"},"modified":"2023-01-26T09:33:05","modified_gmt":"2023-01-26T08:33:05","slug":"delegats","status":"publish","type":"page","link":"https:\/\/agora.xtec.cat\/escolaildefonscerda\/delegats\/","title":{"rendered":"Delegats\/ delegades"},"content":{"rendered":"<p>S&#8217;escull democr\u00e0ticament un delegat o delegada per classe per un per\u00edode d&#8217;un trimestre i es reuneixen dos cops al mes amb la directora. Hi ha un delegat o delegada per cada classe des de tercer fins a sis\u00e8.<\/p>\n<p>Se&#8217;ls fa arribar una convocat\u00f2ria amb l&#8217;ordre del dia de la reuni\u00f3 perqu\u00e8 puguin preparar-la a la classe.<\/p>\n<p>Les seves funcions s\u00f3n:<\/p>\n<ul>\n<li>Representar els companys i companyes de les seves classes.<\/li>\n<li>Portar les propostes de les assemblees de la classe.<\/li>\n<li>Debatre sobre temes de conviv\u00e8ncia i funcionament de centre.<\/li>\n<li>Participar en projectes d&#8217;escola. S&#8217;ha participat en el projecte de pati i ara es participa en el projecte de biblioteca.<\/li>\n<\/ul>\n<p>Despr\u00e9s de les reunions es fa una acta que se&#8217;ls entrega per traspassar la informaci\u00f3 a les classes.<\/p>\n<p><a href=\"https:\/\/agora.xtec.cat\/escolaildefonscerda\/wp-content\/uploads\/usu1044\/2022\/10\/Delegats-i-delegades2.png\"><img loading=\"lazy\" decoding=\"async\" class=\"aligncenter size-full wp-image-2583\" src=\"https:\/\/agora.xtec.cat\/escolaildefonscerda\/wp-content\/uploads\/usu1044\/2022\/10\/Delegats-i-delegades2.png\" alt=\"\" width=\"800\" height=\"640\" srcset=\"https:\/\/agora.xtec.cat\/escolaildefonscerda\/wp-content\/uploads\/usu1044\/2022\/10\/Delegats-i-delegades2.png 800w, https:\/\/agora.xtec.cat\/escolaildefonscerda\/wp-content\/uploads\/usu1044\/2022\/10\/Delegats-i-delegades2-300x240.png 300w, https:\/\/agora.xtec.cat\/escolaildefonscerda\/wp-content\/uploads\/usu1044\/2022\/10\/Delegats-i-delegades2-768x614.png 768w\" sizes=\"auto, (max-width: 800px) 100vw, 800px\" \/><\/a><\/p>\n","protected":false},"excerpt":{"rendered":"<p>S&#8217;escull democr\u00e0ticament un delegat o delegada per classe per un per\u00edode d&#8217;un trimestre i es reuneixen dos cops al mes amb la directora. Hi ha un delegat o delegada per cada classe des de tercer fins a sis\u00e8.<br \/>\nSe&#8217;ls fa arribar una convocat\u00f2ria amb l&#8217;ordre del&hellip;  <a href=\"https:\/\/agora.xtec.cat\/escolaildefonscerda\/delegats\/\" title=\"Read Delegats\/ delegades\">Llegeix m\u00e9s\u00bb<\/a><\/p>\n","protected":false},"author":1,"featured_media":0,"parent":0,"menu_order":0,"comment_status":"closed","ping_status":"closed","template":"","meta":{"_bbp_topic_count":0,"_bbp_reply_count":0,"_bbp_total_topic_count":0,"_bbp_total_reply_count":0,"_bbp_voice_count":0,"_bbp_anonymous_reply_count":0,"_bbp_topic_count_hidden":0,"_bbp_reply_count_hidden":0,"_bbp_forum_subforum_count":0,"footnotes":""},"class_list":["post-342","page","type-page","status-publish","hentry"],"post_mailing_queue_ids":[],"_links":{"self":[{"href":"https:\/\/agora.xtec.cat\/escolaildefonscerda\/wp-json\/wp\/v2\/pages\/342","targetHints":{"allow":["GET"]}}],"collection":[{"href":"https:\/\/agora.xtec.cat\/escolaildefonscerda\/wp-json\/wp\/v2\/pages"}],"about":[{"href":"https:\/\/agora.xtec.cat\/escolaildefonscerda\/wp-json\/wp\/v2\/types\/page"}],"author":[{"embeddable":true,"href":"https:\/\/agora.xtec.cat\/escolaildefonscerda\/wp-json\/wp\/v2\/users\/1"}],"replies":[{"embeddable":true,"href":"https:\/\/agora.xtec.cat\/escolaildefonscerda\/wp-json\/wp\/v2\/comments?post=342"}],"version-history":[{"count":4,"href":"https:\/\/agora.xtec.cat\/escolaildefonscerda\/wp-json\/wp\/v2\/pages\/342\/revisions"}],"predecessor-version":[{"id":2705,"href":"https:\/\/agora.xtec.cat\/escolaildefonscerda\/wp-json\/wp\/v2\/pages\/342\/revisions\/2705"}],"wp:attachment":[{"href":"https:\/\/agora.xtec.cat\/escolaildefonscerda\/wp-json\/wp\/v2\/media?parent=342"}],"curies":[{"name":"wp","href":"https:\/\/api.w.org\/{rel}","templated":true}]}}