{"id":332,"date":"2015-09-09T09:46:20","date_gmt":"2015-09-09T08:46:20","guid":{"rendered":"http:\/\/agora.xtec.cat\/escolaildefonscerda\/?page_id=332"},"modified":"2024-03-06T13:47:31","modified_gmt":"2024-03-06T12:47:31","slug":"llibres-de-text","status":"publish","type":"page","link":"https:\/\/agora.xtec.cat\/escolaildefonscerda\/llibres-de-text\/","title":{"rendered":"Recursos digitals i d&#8217;angl\u00e8s"},"content":{"rendered":"<p>Plataforma digital <strong>Innovamat<\/strong> per l&#8217;aprenentatge de l&#8217;\u00e0mbit matem\u00e0tic i quaderns d&#8217;angl\u00e8s per donar suport a l&#8217;\u00e0mbit ling\u00fc\u00edstic.<\/p>\n<p><strong>EDUCACI\u00d3 INFANTIL I5\u00a0<\/strong><\/p>\n<table style=\"height: 124px;\">\n<tbody>\n<tr style=\"height: 31px;\">\n<td style=\"background-color: #3aa9cf; width: 71px; height: 93px;\" rowspan=\"2\"><\/td>\n<td style=\"width: 400px; height: 31px; background-color: #9ce6ff;\" rowspan=\"2\">App Innovamat<\/p>\n<p>Caixa de material manipulatiu<\/td>\n<td style=\"width: 240px; height: 93px; background-color: #9ce6ff;\" rowspan=\"2\">Innovamat<\/td>\n<\/tr>\n<\/tbody>\n<\/table>\n<p><strong>CICLE INICIAL<\/strong><\/p>\n<table style=\"height: 196px; width: 98.1699%;\">\n<tbody>\n<tr style=\"height: 31px;\">\n<td style=\"width: 71px; height: 31px; background-color: #3aa9cf;\"><strong>Curs<\/strong><\/td>\n<td style=\"width: 400px; height: 31px; background-color: #3aa9cf;\"><strong>T\u00edtol<\/strong><\/td>\n<td style=\"width: 240px; height: 31px; background-color: #3aa9cf;\"><strong>Editorial<\/strong><\/td>\n<\/tr>\n<tr style=\"height: 31px;\">\n<td style=\"background-color: #3aa9cf; width: 71px; height: 93px;\" rowspan=\"3\">1r<\/td>\n<td style=\"width: 400px; height: 31px; background-color: #9ce6ff;\" rowspan=\"3\">\n<ul>\n<li>3 quaderns de Laboratori dels nombres<\/li>\n<li>1 quadern d\u2019Aventures<\/li>\n<li>1 llic\u00e8ncia de la plataforma digital<\/li>\n<li>1 pissarreta m\u00e0gica<\/li>\n<li>App Innovamat<\/li>\n<\/ul>\n<\/td>\n<td style=\"width: 240px; height: 93px; background-color: #9ce6ff;\" rowspan=\"3\">Innovamat<\/td>\n<\/tr>\n<tr style=\"height: 31px;\">\n<td style=\"background-color: #3aa9cf; width: 71px; height: 72px;\" rowspan=\"3\">2n<\/td>\n<td style=\"width: 400px; height: 31px; background-color: #9ce6ff;\" rowspan=\"3\">\n<ul>\n<li>3 quaderns de Laboratori dels nombres<\/li>\n<li>1 quadern d\u2019Aventures<\/li>\n<li>1 llic\u00e8ncia de la plataforma digital<\/li>\n<li>1 pissarreta m\u00e0gica<\/li>\n<li>App Innovamat<\/li>\n<\/ul>\n<\/td>\n<td style=\"width: 240px; height: 72px; background-color: #9ce6ff;\" rowspan=\"3\">Innovamat<\/td>\n<\/tr>\n<\/tbody>\n<\/table>\n<p><strong>CICLE MITJ\u00c0<\/strong><\/p>\n<table style=\"height: 239px; width: 98.1699%;\">\n<tbody>\n<tr style=\"height: 31px;\">\n<td style=\"width: 71px; height: 31px; background-color: #3aa9cf;\"><strong>Curs<\/strong><\/td>\n<td style=\"width: 404px; height: 31px; background-color: #3aa9cf;\"><strong>T\u00edtol<\/strong><\/td>\n<td style=\"width: 236px; height: 31px; background-color: #3aa9cf;\"><strong>Editorial<\/strong><\/td>\n<\/tr>\n<tr style=\"height: 31px;\">\n<td style=\"width: 71px; height: 108px; background-color: #3aa9cf;\" rowspan=\"3\">3r<\/td>\n<td style=\"width: 404px; height: 31px; background-color: #9ce6ff;\">All about us 3 class book<\/td>\n<td style=\"width: 236px; height: 31px; background-color: #9ce6ff;\">Oxford<\/td>\n<\/tr>\n<tr style=\"height: 31px;\">\n<td style=\"width: 404px; height: 31px; background-color: #9ce6ff;\">All about us 3 activity book<\/td>\n<td style=\"width: 236px; height: 31px; background-color: #9ce6ff;\">Oxford<\/td>\n<\/tr>\n<tr style=\"height: 46px;\">\n<td style=\"width: 404px; height: 46px; background-color: #9ce6ff;\">\n<ul>\n<li>3 quaderns de Laboratori dels nombres<\/li>\n<li>1 quadern d\u2019Aventures<\/li>\n<li>1 llic\u00e8ncia de la plataforma digital<\/li>\n<li>1 pissarreta m\u00e0gica<\/li>\n<li>App Innovamat<\/li>\n<\/ul>\n<\/td>\n<td style=\"width: 236px; height: 46px; background-color: #9ce6ff;\">Innovamat<\/td>\n<\/tr>\n<tr style=\"height: 46px;\">\n<td style=\"width: 71px; height: 100px; background-color: #3aa9cf;\" rowspan=\"3\">4t<\/td>\n<td style=\"width: 404px; height: 37px; background-color: #9ce6ff;\">All about us 4 Class book<\/td>\n<td style=\"width: 236px; height: 37px; background-color: #9ce6ff;\">Innovamat<\/td>\n<\/tr>\n<tr style=\"height: 31px;\">\n<td style=\"width: 404px; height: 32px; background-color: #9ce6ff;\">All about us 4 activity book<\/td>\n<td style=\"width: 236px; height: 32px; background-color: #9ce6ff;\">Oxford<\/td>\n<\/tr>\n<tr style=\"height: 31px;\">\n<td style=\"width: 404px; height: 31px; background-color: #9ce6ff;\">\n<ul>\n<li>3 quaderns de Laboratori dels nombres<\/li>\n<li>1 quadern d\u2019Aventures<\/li>\n<li>1 llic\u00e8ncia de la plataforma digital<\/li>\n<li>1 pissarreta m\u00e0gica<\/li>\n<li>App Innovamat<\/li>\n<\/ul>\n<\/td>\n<td style=\"width: 236px; height: 31px; background-color: #9ce6ff;\">Oxford<\/td>\n<\/tr>\n<\/tbody>\n<\/table>\n<p><strong>CICLE SUPERIOR<\/strong><\/p>\n<table style=\"width: 717px;\">\n<tbody>\n<tr>\n<td style=\"width: 70px; background-color: #3aa9cf;\"><strong>Curs<\/strong><\/td>\n<td style=\"width: 409px; background-color: #3aa9cf;\"><strong>T\u00edtol<\/strong><\/td>\n<td style=\"width: 228px; background-color: #3aa9cf;\"><strong>Editorial<\/strong><\/td>\n<\/tr>\n<tr>\n<td style=\"width: 70px; background-color: #3aa9cf;\" rowspan=\"3\">5\u00e8<\/td>\n<td style=\"width: 409px; background-color: #9ce6ff;\">All about us 5 Class book<\/td>\n<td style=\"width: 228px; background-color: #9ce6ff;\">Oxford<\/td>\n<\/tr>\n<tr>\n<td style=\"width: 409px; background-color: #9ce6ff;\">All about us 5 activity book<\/td>\n<td style=\"width: 228px; background-color: #9ce6ff;\">Oxford<\/td>\n<\/tr>\n<tr>\n<td style=\"width: 409px; background-color: #9ce6ff;\">\n<ul>\n<li>3 quaderns de Laboratori dels nombres<\/li>\n<li>1 quadern d\u2019Aventures<\/li>\n<li>1 llic\u00e8ncia de la plataforma digital<\/li>\n<li>1 pissarreta m\u00e0gica<\/li>\n<li>App Innovamat<\/li>\n<\/ul>\n<\/td>\n<td style=\"width: 228px; background-color: #9ce6ff;\">Innovamat<\/td>\n<\/tr>\n<tr>\n<td style=\"width: 70px; background-color: #3aa9cf;\" rowspan=\"3\">6\u00e8<\/td>\n<td style=\"width: 409px; background-color: #9ce6ff;\">All about us 6 class book<\/td>\n<td style=\"width: 228px; background-color: #9ce6ff;\">Oxford<\/td>\n<\/tr>\n<tr>\n<td style=\"width: 409px; background-color: #9ce6ff;\">All about us 6 activity book<\/td>\n<td style=\"width: 228px; background-color: #9ce6ff;\">Oxford<\/td>\n<\/tr>\n<tr>\n<td style=\"width: 409px; background-color: #9ce6ff;\">\n<ul>\n<li>3 quaderns de Laboratori dels nombres<\/li>\n<li>1 quadern d\u2019Aventures<\/li>\n<li>1 llic\u00e8ncia de la plataforma digital<\/li>\n<li>1 pissarreta m\u00e0gica<\/li>\n<li>App Innovamat<\/li>\n<\/ul>\n<\/td>\n<td style=\"width: 228px; background-color: #9ce6ff;\">Innovamat<\/td>\n<\/tr>\n<\/tbody>\n<\/table>\n","protected":false},"excerpt":{"rendered":"<p>Plataforma digital Innovamat per l&#8217;aprenentatge de l&#8217;\u00e0mbit matem\u00e0tic i quaderns d&#8217;angl\u00e8s per donar suport a l&#8217;\u00e0mbit ling\u00fc\u00edstic.<br \/>\nEDUCACI\u00d3 INFANTIL I5\u00a0<\/p>\n<p>App Innovamat<br \/>\nCaixa de material manipulatiu<br \/>\nInnovamat<\/p>\n<p>CICLE INICIAL<\/p>\n<p>Curs<br \/>\nT\u00edtol<br \/>\nEditorial<\/p>\n<p>1r<\/p>\n<ul>\n<li>3 quaderns de Laboratori dels nombres<\/li>\n<li>1 quadern d\u2019Aventures<\/li>\n<li>1 llic\u00e8ncia de la plataforma digital<\/li>\n<li>1 pissarreta m\u00e0gica<\/li>\n<li>App Innovamat<\/li>\n<\/ul>\n<p>Innovamat<\/p>\n<p>2n<\/p>\n<ul>\n<li>3 quaderns de Laboratori dels nombres<\/li>\n<li>1 quadern&hellip;  <a href=\"https:\/\/agora.xtec.cat\/escolaildefonscerda\/llibres-de-text\/\" title=\"Read Recursos digitals i d&#8217;angl\u00e8s\">Llegeix m\u00e9s\u00bb<\/a><br \/>\n","protected":false},"author":1,"featured_media":0,"parent":0,"menu_order":0,"comment_status":"closed","ping_status":"closed","template":"","meta":{"_bbp_topic_count":0,"_bbp_reply_count":0,"_bbp_total_topic_count":0,"_bbp_total_reply_count":0,"_bbp_voice_count":0,"_bbp_anonymous_reply_count":0,"_bbp_topic_count_hidden":0,"_bbp_reply_count_hidden":0,"_bbp_forum_subforum_count":0,"footnotes":""},"class_list":["post-332","page","type-page","status-publish","hentry"],"post_mailing_queue_ids":[],"_links":{"self":[{"href":"https:\/\/agora.xtec.cat\/escolaildefonscerda\/wp-json\/wp\/v2\/pages\/332","targetHints":{"allow":["GET"]}}],"collection":[{"href":"https:\/\/agora.xtec.cat\/escolaildefonscerda\/wp-json\/wp\/v2\/pages"}],"about":[{"href":"https:\/\/agora.xtec.cat\/escolaildefonscerda\/wp-json\/wp\/v2\/types\/page"}],"author":[{"embeddable":true,"href":"https:\/\/agora.xtec.cat\/escolaildefonscerda\/wp-json\/wp\/v2\/users\/1"}],"replies":[{"embeddable":true,"href":"https:\/\/agora.xtec.cat\/escolaildefonscerda\/wp-json\/wp\/v2\/comments?post=332"}],"version-history":[{"count":4,"href":"https:\/\/agora.xtec.cat\/escolaildefonscerda\/wp-json\/wp\/v2\/pages\/332\/revisions"}],"predecessor-version":[{"id":2929,"href":"https:\/\/agora.xtec.cat\/escolaildefonscerda\/wp-json\/wp\/v2\/pages\/332\/revisions\/2929"}],"wp:attachment":[{"href":"https:\/\/agora.xtec.cat\/escolaildefonscerda\/wp-json\/wp\/v2\/media?parent=332"}],"curies":[{"name":"wp","href":"https:\/\/api.w.org\/{rel}","templated":true}]}}