{"id":876,"date":"2016-09-08T00:01:51","date_gmt":"2016-09-07T23:01:51","guid":{"rendered":"http:\/\/agora.xtec.cat\/escolaignasiiglesias\/?page_id=876"},"modified":"2025-09-05T07:36:24","modified_gmt":"2025-09-05T05:36:24","slug":"afa","status":"publish","type":"page","link":"https:\/\/agora.xtec.cat\/escolaignasiiglesias\/afa\/","title":{"rendered":"AFA"},"content":{"rendered":"<p>L&#8217;<strong>AFA<\/strong> de l&#8217;escola est\u00e0 formada per fam\u00edlies volunt\u00e0ries que col\u00b7laboren activament amb l\u2019escola. <strong>L\u2019aportaci\u00f3 de la quota de l\u2019AFA per part de les fam\u00edlies del centre fa possible la col\u00b7laboraci\u00f3 en les celebracions de l\u2019escola<\/strong> i l\u2019<strong>adquisici\u00f3 de material i equipament per l\u2019alumnat i el centre<\/strong>.<\/p>\n<p>Tel\u00e8fon i WhatsApp:<strong>\u00a0<\/strong><strong>609 06 74 05<\/strong><br \/>\nCorreu electr\u00f2nic: <strong>afa@ignasiiglesias.cat<\/strong><br \/>\nFacebook:\u00a0<strong><a href=\"https:\/\/www.facebook.com\/afaignasiiglesias\">AFA Ignasi Iglesias<\/a><\/strong><br \/>\nInstagram: <strong><a href=\"https:\/\/www.instagram.com\/afaignasiiglesias\/\" target=\"_blank\" rel=\"noopener noreferrer\">@afaignasiiglesias<\/a><\/strong><\/p>\n<p>L\u2019<strong>horari <\/strong>de despatx de l\u2019AFA \u00e9s:<br \/>\nDilluns de 9.05 a 9.30 h.<br \/>\nDimecres de 16.35 a 17.00 h.<br \/>\n<strong>Atenci\u00f3 en altres horaris mitjan\u00e7ant cita pr\u00e8via<\/strong><\/p>\n<p><strong>Quota soci de l\u2019AFA<\/strong><br \/>\nPer formar part de l&#8217;associaci\u00f3 cal fer-se soci pagant <strong>una quota de 15 \u20ac per alumne\/a i per curs.<\/strong><\/p>\n<p><strong>Avantatges per als socis de l\u2019AFA:<br \/>\n<\/strong><\/p>\n<ul>\n<li><strong>Porta entrep\u00e0 <\/strong>(infantil)<\/li>\n<li><strong>Agenda de l\u2019escola gratu\u00efta <\/strong>(de 1r a 6\u00e8)<\/li>\n<li><strong>Orla i detall <\/strong>(comiat I5 i graduaci\u00f3 6\u00e8)<\/li>\n<li><strong>Descomptes i avantatges presentant el carnet de soci en els establiments col\u00b7laboradors<\/strong><\/li>\n<\/ul>\n<p><span style=\"text-decoration: underline;\"><b>Descomptes i avantatges presentant el carnet de soci de l\u2019AFA en els seg\u00fcents establiments col\u00b7laboradors:<\/b><\/span><\/p>\n<p><a href=\"https:\/\/agora.xtec.cat\/escolaignasiiglesias\/wp-content\/uploads\/usu712\/2022\/10\/AFA-LLISTAT-ESTABLIMENTS-22-23.pdf\" target=\"_blank\" rel=\"noopener\"><strong>Descarrega&#8217;t el llistat d&#8217;establiments col\u00b7laboradors<\/strong><\/a><\/p>\n<p><b>LLIBRERIA APUNTS:<\/b><br \/>\n<span style=\"font-weight: 400;\">Entre un 5% i un 10% de descompte<\/span><\/p>\n<p><b>LLIBRERIA N\u00daRIA:<\/b><br \/>\n<span style=\"font-weight: 400;\">10% de descompte (excepte en llibres, revistes, diaris, consum inform\u00e0tic i llaminadures)<\/span><\/p>\n<p><b>LLIBRERIA PAPERERIA CAM\u00cd RAL:<\/b><br \/>\n<span style=\"font-weight: 400;\">5% de descompte en compres superiors a 10\u20ac en llibres i contes<\/span><br \/>\n<span style=\"font-weight: 400;\">10% de descompte en compres superiors a 10\u20ac en material de papereria<\/span><\/p>\n<p><b>LLIBRERIA-PAPERERIA ATHENEA:<\/b><br \/>\n<span style=\"font-weight: 400;\">10% de descompte.<\/span><\/p>\n<p><b>LA SINKGULAR &#8211; COPISTERIA, DISSENY, WEB:<\/b><br \/>\n<span style=\"font-weight: 400;\">8% de descompte en material escolar i papereria<\/span><\/p>\n<p><b>GR\u00c0FIQUES PUNSET:<\/b><br \/>\n<span style=\"font-weight: 400;\">15% de descompte en fotocopies i 10% de descompte en la resta de productes<\/span><br \/>\n<span style=\"font-weight: 400;\">No acumulable a altres promocions<\/span><\/p>\n<p><b>VIDEO OCA:<\/b><br \/>\n<span style=\"font-weight: 400;\">10% de descompte en joguines<\/span><\/p>\n<p><b>MERCATORDERA:<\/b><br \/>\n<span style=\"font-weight: 400;\">5% de descompte en compres superiors a 10\u20ac<\/span><br \/>\n<span style=\"font-weight: 400;\">8% de descompte en llibreria i aniversari<\/span><\/p>\n<p><b>BASAR LIJUAN:<\/b><br \/>\n<span style=\"font-weight: 400;\">Consultar condicions a la botiga<\/span><\/p>\n<p><b>\u00c0REA \u00d2PTICA:<\/b><br \/>\n<span style=\"font-weight: 400;\">20% de descompte en muntures (superior a 60\u20ac) i vidres graduats<\/span><br \/>\n<span style=\"font-weight: 400;\">10% de descompte en ulleres de sol<\/span><br \/>\n<span style=\"font-weight: 400;\">Obsequi de 2 solucions \u00danica per la compra de lents de contacte per 6 mesos<\/span><br \/>\n<span style=\"font-weight: 400;\">300\u20ac de descompte per la compra d\u2019un audi\u00f2fon.<\/span><\/p>\n<p><b>PARAFARMACIA GOLDEN PARK:<\/b><br \/>\n<span style=\"font-weight: 400;\">5% de descompte en compres superiors a 30\u20ac (no aplicable en altres promocions)<\/span><\/p>\n<p><b>FISIOTORDERA:<\/b><br \/>\n<span style=\"font-weight: 400;\">10% de descompte<\/span><\/p>\n<p><b>ESPORTS TORDERA:<\/b><br \/>\n<span style=\"font-weight: 400;\">7% de descompte en roba i cal\u00e7at (excepte ofertes i rebaixes)<\/span><\/p>\n<p><b>PERRUQUERIA BERNI &amp; MAGA\u00d1A:<\/b><br \/>\n<span style=\"font-weight: 400;\">10% de descompte<\/span><\/p>\n<p><b>AMOONICAT:\u00a0<\/b><br \/>\n<span style=\"font-weight: 400;\">5% descompte en un tallat de cabell de nen\u00a0<\/span><\/p>\n<p><b>PERRUQUERIA J\u00c9SSICA P\u00c1EZ ESTILISTES:<\/b><br \/>\n<span style=\"font-weight: 400;\">10% de descompte en serveis (excepte productes i serveis externs)<\/span><\/p>\n<p><b>RSWEET I NAILS:<\/b><br \/>\n<span style=\"font-weight: 400;\">Per cada tractament corporal una sesio de presoterrapia gratu\u00efta<\/span><\/p>\n<p><b>LA CASA DE HERMES:<\/b><br \/>\n<span style=\"font-weight: 400;\">5% de descompte (excepte tractaments aparatologia i nutrici\u00f3)<\/span><\/p>\n<p><b>BIODEICA COSM\u00c9TICA NATURAL:<\/b><br \/>\n<span style=\"font-weight: 400;\">a partir de 20\u20ac un 5% de descompte.<\/span><\/p>\n<p><b>KWAPU:<\/b><br \/>\n<span style=\"font-weight: 400;\">10% de descompte en t\u00e8xtil i un 5% de descompte en cal\u00e7at (excepte rebaixes)<\/span><\/p>\n<p><b>LOWKA:\u00a0<\/b><br \/>\n<span style=\"font-weight: 400;\">10% de descompte en t\u00e8xtil i un 5% de descompte en cal\u00e7at (excepte rebaixes)<\/span><\/p>\n<p><b>\u00daNICS:<\/b><br \/>\n<span style=\"font-weight: 400;\">10% de descompte (excepte ofertes i rebaixes)<\/span><\/p>\n<p><b>N\u00daRIA \u2013 MODA PER A TU:<\/b><br \/>\n<span style=\"font-weight: 400;\">10% de descompte en compres superiors a 30\u20ac (excepte rebaixes, ofertes i promocions)<\/span><\/p>\n<p><b>DOLORS ROBA INTERIOR HOME I DONA:<\/b><br \/>\n<span style=\"font-weight: 400;\">10% de descompte en compres superiors a 50\u20ac<\/span><\/p>\n<p><b>ART OR JOIA:<\/b><br \/>\n<span style=\"font-weight: 400;\">5% de descompte en argent i rellotges.<\/span><\/p>\n<p><b>FLORISTERIA MONFLOR:<\/b><br \/>\n<span style=\"font-weight: 400;\">10% de descompte (excepte festes, ram i tots sants)<\/span><\/p>\n<p><b>FLORISTERIA P\u00c8TALS:<\/b><br \/>\n<span style=\"font-weight: 400;\">10% de descompte<\/span><\/p>\n<p><b>CARPI PIZZA:<\/b><br \/>\n<span style=\"font-weight: 400;\">10% de descompte (excepte vig\u00edlies i festius)<\/span><\/p>\n<p><b>ROSTISSERIA MONTSE:<\/b><br \/>\n<span style=\"font-weight: 400;\">Per cada compra un petit detall<\/span><\/p>\n<p><b>ROSTISSERIA LA MULLERA:<\/b><br \/>\n<span style=\"font-weight: 400;\">5% de descompte a partir d\u2019una compra de 10\u20ac<\/span><\/p>\n<p><b>CARNISSERIA CAN FREIXAS:<\/b><br \/>\n<span style=\"font-weight: 400;\">10% de descompte<\/span><\/p>\n<p><b>CARNICERIA CARMEN:<\/b><br \/>\n<span style=\"font-weight: 400;\">10% descompte<\/span><\/p>\n<p><b>CARNISSERIA CA L\u2019ANDREU:<\/b><br \/>\n<span style=\"font-weight: 400;\">5% de descompte en compres superiors a 25\u20ac (excepte pollastre a l\u2019ast els diumenges)<\/span><\/p>\n<p><b>FRUITES DIAZ:<\/b><br \/>\n<span style=\"font-weight: 400;\">5% de descompte en compres superiors a 10\u20ac<\/span><\/p>\n<p><b>+KPA:<\/b><br \/>\n<span style=\"font-weight: 400;\">10% en descompte d\u2019aniversari en compres superiors a 30\u20ac<\/span><\/p>\n<p><b>PACOME:<\/b><br \/>\n<span style=\"font-weight: 400;\">10% descompte en celebracions\u00a0<\/span><\/p>\n<p><b>PASTISSERIA AGUSTI:<\/b><br \/>\n<span style=\"font-weight: 400;\">10% de descompte en brioixeria i pastisseria (excepte diades)<\/span><\/p>\n<p><b>PASTISSERIA EL CISNE:<\/b><br \/>\n<span style=\"font-weight: 400;\">10% de descompte en compres superiors a 12\u20ac<\/span><\/p>\n<p><b>PASTISSERIA SANT JORDI:<\/b><br \/>\n<span style=\"font-weight: 400;\">10% de descompte en compres superiors a 10\u20ac<\/span><\/p>\n<p><b>OSOKO SERVEIS INFORM\u00c0TICS:<\/b><br \/>\n<span style=\"font-weight: 400;\">5% de descompte<\/span><\/p>\n<p><b>TOT MOBLES:<\/b><br \/>\n<span style=\"font-weight: 400;\">5% de descompte i 10% de descompte en descans<\/span><\/p>\n<p><b>MONSALUT VETERIN\u00c0RIA:<\/b><br \/>\n<span style=\"font-weight: 400;\">10% de descompte en serveis veterinaris<\/span><\/p>\n<p><b>VETERIN\u00c0RIA VEGANVET:<\/b><br \/>\n<span style=\"font-weight: 400;\">5% de descompte: visita animal dom\u00e8stic, visita animal ex\u00f2tic, vacunacions, alimentaci\u00f3 i accessoris. 25% de descompte en desparasitaci\u00f3 interna si \u00e9s tot l\u00b4any (comptant fer-la cada 3 mesos)<\/span><\/p>\n<p><b>ASSESSORIA VI\u00d1AS (BLANES):<\/b><br \/>\n<span style=\"font-weight: 400;\">Entre un 10% i un 20% (depenent del tr\u00e0mit)<\/span><\/p>\n<p><b>XAVI-PALOMERA FOT\u00d2GRAF:<\/b><br \/>\n<span style=\"font-weight: 400;\">10% de descompte.<\/span><\/p>\n<p><b>FOTOGRAFIA FLORDEALGODON:<\/b><br \/>\n<span style=\"font-weight: 400;\">Per cada sessi\u00f3 realitzada, 10 fotos impreses de regal (13&#215;18)<\/span><br \/>\n<span style=\"font-weight: 400;\">No aplicable a altres campanyes ni promocions.<\/span><\/p>\n<p><b>DENTAL COMPANY:<\/b><br \/>\n<span style=\"font-weight: 400;\">5% de descompte.<\/span><\/p>\n<p><b>OZEAN:<\/b><br \/>\n<span style=\"font-weight: 400;\">Per la compra d\u2019un matal\u00e0s un coix\u00ed de regal\u00a0<\/span><\/p>\n<p><b>VIATGES BELLAVISTA\u00a0<\/b><br \/>\n<span style=\"font-weight: 400;\">5% de descompte a partir d\u2019una compra de 500\u20ac\u00a0<\/span><\/p>\n<p><b>MAKRO MOTO:<\/b><br \/>\n<span style=\"font-weight: 400;\">15% de descompte en roba i complements<\/span><\/p>\n","protected":false},"excerpt":{"rendered":"<p>L&#8217;AFA de l&#8217;escola est\u00e0 formada per fam\u00edlies volunt\u00e0ries que col\u00b7laboren activament amb l\u2019escola. L\u2019aportaci\u00f3 de la quota de l\u2019AFA per part de les fam\u00edlies del centre fa possible la col\u00b7laboraci\u00f3 en les celebracions de l\u2019escola i l\u2019adquisici\u00f3 de material i equipament per l\u2019alumnat i el&hellip;  <a href=\"https:\/\/agora.xtec.cat\/escolaignasiiglesias\/afa\/\" title=\"Read AFA\">Llegeix m\u00e9s\u00bb<\/a><\/p>\n","protected":false},"author":1,"featured_media":0,"parent":0,"menu_order":0,"comment_status":"closed","ping_status":"closed","template":"","meta":{"_bbp_topic_count":0,"_bbp_reply_count":0,"_bbp_total_topic_count":0,"_bbp_total_reply_count":0,"_bbp_voice_count":0,"_bbp_anonymous_reply_count":0,"_bbp_topic_count_hidden":0,"_bbp_reply_count_hidden":0,"_bbp_forum_subforum_count":0,"footnotes":""},"class_list":["post-876","page","type-page","status-publish","hentry"],"post_mailing_queue_ids":[],"_links":{"self":[{"href":"https:\/\/agora.xtec.cat\/escolaignasiiglesias\/wp-json\/wp\/v2\/pages\/876","targetHints":{"allow":["GET"]}}],"collection":[{"href":"https:\/\/agora.xtec.cat\/escolaignasiiglesias\/wp-json\/wp\/v2\/pages"}],"about":[{"href":"https:\/\/agora.xtec.cat\/escolaignasiiglesias\/wp-json\/wp\/v2\/types\/page"}],"author":[{"embeddable":true,"href":"https:\/\/agora.xtec.cat\/escolaignasiiglesias\/wp-json\/wp\/v2\/users\/1"}],"replies":[{"embeddable":true,"href":"https:\/\/agora.xtec.cat\/escolaignasiiglesias\/wp-json\/wp\/v2\/comments?post=876"}],"version-history":[{"count":6,"href":"https:\/\/agora.xtec.cat\/escolaignasiiglesias\/wp-json\/wp\/v2\/pages\/876\/revisions"}],"predecessor-version":[{"id":7632,"href":"https:\/\/agora.xtec.cat\/escolaignasiiglesias\/wp-json\/wp\/v2\/pages\/876\/revisions\/7632"}],"wp:attachment":[{"href":"https:\/\/agora.xtec.cat\/escolaignasiiglesias\/wp-json\/wp\/v2\/media?parent=876"}],"curies":[{"name":"wp","href":"https:\/\/api.w.org\/{rel}","templated":true}]}}