{"id":38,"date":"2014-09-18T12:34:08","date_gmt":"2014-09-18T11:34:08","guid":{"rendered":"http:\/\/agora.xtec.cat\/escolaignasiiglesias\/?page_id=38"},"modified":"2025-11-18T08:39:28","modified_gmt":"2025-11-18T07:39:28","slug":"salut","status":"publish","type":"page","link":"https:\/\/agora.xtec.cat\/escolaignasiiglesias\/lescola\/salut\/","title":{"rendered":"Salut"},"content":{"rendered":"<p><strong>A TENIR EN COMPTE&#8230;<\/strong><\/p>\n<p>Cal venir a l\u2019escola amb una correcta higiene personal i sense estar malalt\/a.<\/p>\n<p>L&#8217;equip docent nom\u00e9s podr\u00e0 administrar una <strong>medicaci\u00f3<\/strong> a l&#8217;alumnat si hi ha la corresponent <a href=\"https:\/\/agora.xtec.cat\/escolaignasiiglesias\/wp-content\/uploads\/usu712\/2025\/10\/AUTORITZACIO-ADMINISTRACIO-MEDICACIO.pdf\" target=\"_blank\" rel=\"noopener\"><strong>autoritzaci\u00f3 signada<\/strong><\/a> per la fam\u00edlia i l&#8217;informe o recepta del metge, sempre que sigui imprescindible la seva administraci\u00f3 en horari lectiu d&#8217;acord amb la pauta esmentada.<\/p>\n<p>Si un infant no es troba b\u00e9 o t\u00e9 febre (a partir de 37,5\u00ba) es trucar\u00e0 a la fam\u00edlia. En cas de no poder-hi contactar, es valorar\u00e0 en cada cas l\u2019actuaci\u00f3 a seguir (per exemple, portar-ho al CAP).<\/p>\n<p>Per tal d&#8217;informar les fam\u00edlies sobre l&#8217;assist\u00e8ncia o no dels infants al centre educatiu\u00a0quan pateixen una <strong>malaltia transmissible<\/strong>, el Departament de Salut, a trav\u00e9s de la Subdirecci\u00f3 de Vigil\u00e0ncia i Resposta a Emerg\u00e8ncies de Salut P\u00fablica, va publicar unes recomanacions amb uns <strong><a href=\"http:\/\/agora.xtec.cat\/escolaignasiiglesias\/wp-content\/uploads\/usu712\/2014\/09\/Criteris-no-assist%C3%A8ncia-a-lescola.pdf\" target=\"_blank\" rel=\"noopener noreferrer\">Criteris de no-assist\u00e8ncia de l&#8217;alumnat a l&#8217;escola o a la llar\u00a0d&#8217;infants durant un per\u00edode de temps determinat a causa de malalties transmissibles<\/a>.<\/strong><\/p>\n<p>A l&#8217;escola, els alumnes participen en diverses <strong>campanyes de salut<\/strong> promogudes per l\u2019administraci\u00f3 sanit\u00e0ria (vacunaci\u00f3, revisi\u00f3 bucodental&#8230;) i per institucions diverses (taller d&#8217;alimentaci\u00f3 i nutrici\u00f3, taller de primers auxilis&#8230;). En el cas de la campanya de vacunaci\u00f3, s&#8217;informar\u00e0 les fam\u00edlies pr\u00e8viament de la necessitat d&#8217;administrar aquestes vacunes als seus fills i filles i s&#8217;haur\u00e0 d&#8217;emplenar i signar el full d&#8217;autoritzaci\u00f3.<\/p>\n<p><strong>ELS POLLS<\/strong><br \/>\n\u00c9s imprescindible que si detecteu polls o ll\u00e9menes en els cabells dels vostres fills o filles feu el tractament adequat immediatament i, mentre duri\u00a0aquest tractament,\u00a0no els porteu a l&#8217;escola.<\/p>\n<p>M\u00e9s informaci\u00f3:<br \/>\n<strong><a href=\"http:\/\/canalsalut.gencat.cat\/ca\/detalls\/article\/Polls-00001\" target=\"_blank\" rel=\"noopener noreferrer\">Polls (Canal Salut)<\/a><\/strong><br \/>\n<strong><a href=\"http:\/\/medicaments.gencat.cat\/ca\/ciutadania\/tractaments\/polls-consells-per-detectar-los-i-eliminar-los\/\" target=\"_blank\" rel=\"noopener noreferrer\">Polls: consells per detectar-los i eliminar-los (gencat.cat)<\/a><\/strong><br \/>\n<strong><a href=\"https:\/\/www.diba.cat\/documents\/713456\/82603563\/CartellAdeuPolls.pdf\/047a9f2d-def0-44dc-9427-8451c45a0dae\" target=\"_blank\" rel=\"noopener noreferrer\">Adeu Polls (Diputaci\u00f3 de Barcelona)<\/a><\/strong><\/p>\n","protected":false},"excerpt":{"rendered":"<p>A TENIR EN COMPTE&#8230;<br \/>\nCal venir a l\u2019escola amb una correcta higiene personal i sense estar malalt\/a.<br \/>\nL&#8217;equip docent nom\u00e9s podr\u00e0 administrar una medicaci\u00f3 a l&#8217;alumnat si hi ha la corresponent <a href=\"https:\/\/agora.xtec.cat\/escolaignasiiglesias\/wp-content\/uploads\/usu712\/2025\/10\/AUTORITZACIO-ADMINISTRACIO-MEDICACIO.pdf\" target=\"_blank\" rel=\"noopener\">autoritzaci\u00f3 signada<\/a> per la fam\u00edlia i l&#8217;informe o recepta del metge, sempre que&hellip;  <a href=\"https:\/\/agora.xtec.cat\/escolaignasiiglesias\/lescola\/salut\/\" title=\"Read Salut\">Llegeix m\u00e9s\u00bb<\/a><\/p>\n","protected":false},"author":1,"featured_media":0,"parent":22,"menu_order":10,"comment_status":"closed","ping_status":"closed","template":"page-templates\/side-menu.php","meta":{"_bbp_topic_count":0,"_bbp_reply_count":0,"_bbp_total_topic_count":0,"_bbp_total_reply_count":0,"_bbp_voice_count":0,"_bbp_anonymous_reply_count":0,"_bbp_topic_count_hidden":0,"_bbp_reply_count_hidden":0,"_bbp_forum_subforum_count":0,"footnotes":""},"class_list":["post-38","page","type-page","status-publish","hentry"],"post_mailing_queue_ids":[],"_links":{"self":[{"href":"https:\/\/agora.xtec.cat\/escolaignasiiglesias\/wp-json\/wp\/v2\/pages\/38","targetHints":{"allow":["GET"]}}],"collection":[{"href":"https:\/\/agora.xtec.cat\/escolaignasiiglesias\/wp-json\/wp\/v2\/pages"}],"about":[{"href":"https:\/\/agora.xtec.cat\/escolaignasiiglesias\/wp-json\/wp\/v2\/types\/page"}],"author":[{"embeddable":true,"href":"https:\/\/agora.xtec.cat\/escolaignasiiglesias\/wp-json\/wp\/v2\/users\/1"}],"replies":[{"embeddable":true,"href":"https:\/\/agora.xtec.cat\/escolaignasiiglesias\/wp-json\/wp\/v2\/comments?post=38"}],"version-history":[{"count":6,"href":"https:\/\/agora.xtec.cat\/escolaignasiiglesias\/wp-json\/wp\/v2\/pages\/38\/revisions"}],"predecessor-version":[{"id":7821,"href":"https:\/\/agora.xtec.cat\/escolaignasiiglesias\/wp-json\/wp\/v2\/pages\/38\/revisions\/7821"}],"up":[{"embeddable":true,"href":"https:\/\/agora.xtec.cat\/escolaignasiiglesias\/wp-json\/wp\/v2\/pages\/22"}],"wp:attachment":[{"href":"https:\/\/agora.xtec.cat\/escolaignasiiglesias\/wp-json\/wp\/v2\/media?parent=38"}],"curies":[{"name":"wp","href":"https:\/\/api.w.org\/{rel}","templated":true}]}}