{"id":30,"date":"2015-09-18T12:30:23","date_gmt":"2015-09-18T11:30:23","guid":{"rendered":"http:\/\/agora.xtec.cat\/escolaignasiiglesias\/?page_id=30"},"modified":"2024-05-19T23:56:22","modified_gmt":"2024-05-19T21:56:22","slug":"instal%c2%b7lacions","status":"publish","type":"page","link":"https:\/\/agora.xtec.cat\/escolaignasiiglesias\/lescola\/instal%c2%b7lacions\/","title":{"rendered":"Instal\u00b7lacions"},"content":{"rendered":"<p>L\u2019actual edifici de l\u2019escola Ignasi Iglesias, que es va inaugurar al setembre de 2008, est\u00e0 situat a l\u2019Avinguda dels Pa\u00efsos Catalans en una zona de nova construcci\u00f3 situada a l\u2019entrada de la poblaci\u00f3 i que disposa d\u2019equipaments municipals propers: Pavell\u00f3 esportiu, Biblioteca, Instituts, Bombers, Casal de Joves&#8230; Es tracta d\u2019un espai alegre, modern i llumin\u00f3s, amb uns accessos i un entorn privilegiat.<\/p>\n<p>\u00c9s un centre de doble l\u00ednia que, a m\u00e9s de les aules ordin\u00e0ries, disposa de sala d\u2019actes, biblioteca, aula de m\u00fasica i r\u00e0dio, aula de ci\u00e8ncies, aula d&#8217;arts &amp; crafts, pista esportiva, menjador amb cuina pr\u00f2pia&#8230;<\/p>\n<p><img loading=\"lazy\" decoding=\"async\" class=\"alignnone wp-image-460\" src=\"http:\/\/agora.xtec.cat\/escolaignasiiglesias\/wp-content\/uploads\/usu712\/2014\/09\/Ximo_Bueno_8006438_m-e1454576851230-1024x506.jpg\" alt=\"\" width=\"930\" height=\"459\" srcset=\"https:\/\/agora.xtec.cat\/escolaignasiiglesias\/wp-content\/uploads\/usu712\/2014\/09\/Ximo_Bueno_8006438_m-e1454576851230-1024x506.jpg 1024w, https:\/\/agora.xtec.cat\/escolaignasiiglesias\/wp-content\/uploads\/usu712\/2014\/09\/Ximo_Bueno_8006438_m-e1454576851230-300x148.jpg 300w, https:\/\/agora.xtec.cat\/escolaignasiiglesias\/wp-content\/uploads\/usu712\/2014\/09\/Ximo_Bueno_8006438_m-e1454576851230.jpg 1588w\" sizes=\"auto, (max-width: 930px) 100vw, 930px\" \/><\/p>\n<p>&nbsp;<\/p>\n<table style=\"border-collapse: collapse; width: 71.211%; height: 2484px;\">\n<tbody>\n<tr style=\"height: 293px;\">\n<td style=\"width: 35.3517%; height: 195px;\"><img loading=\"lazy\" decoding=\"async\" class=\"wp-image-497 aligncenter\" src=\"http:\/\/agora.xtec.cat\/escolaignasiiglesias\/wp-content\/uploads\/usu712\/2015\/09\/Ximo_Bueno_8006507_m-e1454589594488-1024x512.jpg\" alt=\"\" width=\"459\" height=\"230\" srcset=\"https:\/\/agora.xtec.cat\/escolaignasiiglesias\/wp-content\/uploads\/usu712\/2015\/09\/Ximo_Bueno_8006507_m-e1454589594488-1024x512.jpg 1024w, https:\/\/agora.xtec.cat\/escolaignasiiglesias\/wp-content\/uploads\/usu712\/2015\/09\/Ximo_Bueno_8006507_m-e1454589594488-300x150.jpg 300w, https:\/\/agora.xtec.cat\/escolaignasiiglesias\/wp-content\/uploads\/usu712\/2015\/09\/Ximo_Bueno_8006507_m-e1454589594488.jpg 1560w\" sizes=\"auto, (max-width: 459px) 100vw, 459px\" \/><\/td>\n<td style=\"width: 35.2792%; height: 195px;\"><img loading=\"lazy\" decoding=\"async\" class=\"aligncenter wp-image-491\" style=\"font-weight: bold; font-family: inherit; font-size: 1em;\" src=\"http:\/\/agora.xtec.cat\/escolaignasiiglesias\/wp-content\/uploads\/usu712\/2015\/09\/Ximo_Bueno_8006477_m-e1454589794516-1024x513.jpg\" alt=\"\" width=\"457\" height=\"229\" srcset=\"https:\/\/agora.xtec.cat\/escolaignasiiglesias\/wp-content\/uploads\/usu712\/2015\/09\/Ximo_Bueno_8006477_m-e1454589794516-1024x513.jpg 1024w, https:\/\/agora.xtec.cat\/escolaignasiiglesias\/wp-content\/uploads\/usu712\/2015\/09\/Ximo_Bueno_8006477_m-e1454589794516-300x150.jpg 300w, https:\/\/agora.xtec.cat\/escolaignasiiglesias\/wp-content\/uploads\/usu712\/2015\/09\/Ximo_Bueno_8006477_m-e1454589794516.jpg 1596w\" sizes=\"auto, (max-width: 457px) 100vw, 457px\" \/><\/td>\n<\/tr>\n<tr style=\"height: 301px;\">\n<td style=\"width: 35.3517%; height: 208px;\"><img loading=\"lazy\" decoding=\"async\" class=\"aligncenter wp-image-6071\" src=\"https:\/\/agora.xtec.cat\/escolaignasiiglesias\/wp-content\/uploads\/usu712\/2024\/05\/DdE-IGNASI-IGLESIAS-13.jpg\" alt=\"\" width=\"464\" height=\"296\" srcset=\"https:\/\/agora.xtec.cat\/escolaignasiiglesias\/wp-content\/uploads\/usu712\/2024\/05\/DdE-IGNASI-IGLESIAS-13.jpg 1114w, https:\/\/agora.xtec.cat\/escolaignasiiglesias\/wp-content\/uploads\/usu712\/2024\/05\/DdE-IGNASI-IGLESIAS-13-300x191.jpg 300w, https:\/\/agora.xtec.cat\/escolaignasiiglesias\/wp-content\/uploads\/usu712\/2024\/05\/DdE-IGNASI-IGLESIAS-13-1024x652.jpg 1024w, https:\/\/agora.xtec.cat\/escolaignasiiglesias\/wp-content\/uploads\/usu712\/2024\/05\/DdE-IGNASI-IGLESIAS-13-768x489.jpg 768w\" sizes=\"auto, (max-width: 464px) 100vw, 464px\" \/><\/td>\n<td style=\"width: 35.2792%; height: 208px;\"><img loading=\"lazy\" decoding=\"async\" class=\"aligncenter wp-image-6072\" src=\"https:\/\/agora.xtec.cat\/escolaignasiiglesias\/wp-content\/uploads\/usu712\/2024\/05\/DdE-IGNASI-IGLESIAS-12.jpg\" alt=\"\" width=\"462\" height=\"302\" srcset=\"https:\/\/agora.xtec.cat\/escolaignasiiglesias\/wp-content\/uploads\/usu712\/2024\/05\/DdE-IGNASI-IGLESIAS-12.jpg 1132w, https:\/\/agora.xtec.cat\/escolaignasiiglesias\/wp-content\/uploads\/usu712\/2024\/05\/DdE-IGNASI-IGLESIAS-12-300x196.jpg 300w, https:\/\/agora.xtec.cat\/escolaignasiiglesias\/wp-content\/uploads\/usu712\/2024\/05\/DdE-IGNASI-IGLESIAS-12-1024x670.jpg 1024w, https:\/\/agora.xtec.cat\/escolaignasiiglesias\/wp-content\/uploads\/usu712\/2024\/05\/DdE-IGNASI-IGLESIAS-12-768x503.jpg 768w\" sizes=\"auto, (max-width: 462px) 100vw, 462px\" \/><\/td>\n<\/tr>\n<tr style=\"height: 249px;\">\n<td style=\"width: 35.3517%; height: 223px;\"><img loading=\"lazy\" decoding=\"async\" class=\"aligncenter wp-image-463\" src=\"http:\/\/agora.xtec.cat\/escolaignasiiglesias\/wp-content\/uploads\/usu712\/2015\/09\/Ximo_Bueno_8006441_m-e1454578114611-1024x512.jpg\" alt=\"\" width=\"471\" height=\"236\" srcset=\"https:\/\/agora.xtec.cat\/escolaignasiiglesias\/wp-content\/uploads\/usu712\/2015\/09\/Ximo_Bueno_8006441_m-e1454578114611-1024x512.jpg 1024w, https:\/\/agora.xtec.cat\/escolaignasiiglesias\/wp-content\/uploads\/usu712\/2015\/09\/Ximo_Bueno_8006441_m-e1454578114611-300x150.jpg 300w, https:\/\/agora.xtec.cat\/escolaignasiiglesias\/wp-content\/uploads\/usu712\/2015\/09\/Ximo_Bueno_8006441_m-e1454578114611.jpg 1600w\" sizes=\"auto, (max-width: 471px) 100vw, 471px\" \/><\/td>\n<td style=\"width: 35.2792%; height: 223px;\"><img loading=\"lazy\" decoding=\"async\" class=\"aligncenter wp-image-472\" src=\"http:\/\/agora.xtec.cat\/escolaignasiiglesias\/wp-content\/uploads\/usu712\/2015\/09\/Ximo_Bueno_8006467_m-retocada-e1454578336588-1024x520.jpg\" alt=\"\" width=\"479\" height=\"243\" srcset=\"https:\/\/agora.xtec.cat\/escolaignasiiglesias\/wp-content\/uploads\/usu712\/2015\/09\/Ximo_Bueno_8006467_m-retocada-e1454578336588-1024x520.jpg 1024w, https:\/\/agora.xtec.cat\/escolaignasiiglesias\/wp-content\/uploads\/usu712\/2015\/09\/Ximo_Bueno_8006467_m-retocada-e1454578336588-300x152.jpg 300w, https:\/\/agora.xtec.cat\/escolaignasiiglesias\/wp-content\/uploads\/usu712\/2015\/09\/Ximo_Bueno_8006467_m-retocada-e1454578336588.jpg 1600w\" sizes=\"auto, (max-width: 479px) 100vw, 479px\" \/><\/td>\n<\/tr>\n<tr style=\"height: 284px;\">\n<td style=\"width: 35.3517%; height: 185px;\"><img loading=\"lazy\" decoding=\"async\" class=\"aligncenter wp-image-6070\" src=\"https:\/\/agora.xtec.cat\/escolaignasiiglesias\/wp-content\/uploads\/usu712\/2024\/05\/DdE-IGNASI-IGLESIAS-4.jpg\" alt=\"\" width=\"366\" height=\"244\" srcset=\"https:\/\/agora.xtec.cat\/escolaignasiiglesias\/wp-content\/uploads\/usu712\/2024\/05\/DdE-IGNASI-IGLESIAS-4.jpg 1200w, https:\/\/agora.xtec.cat\/escolaignasiiglesias\/wp-content\/uploads\/usu712\/2024\/05\/DdE-IGNASI-IGLESIAS-4-300x200.jpg 300w, https:\/\/agora.xtec.cat\/escolaignasiiglesias\/wp-content\/uploads\/usu712\/2024\/05\/DdE-IGNASI-IGLESIAS-4-1024x683.jpg 1024w, https:\/\/agora.xtec.cat\/escolaignasiiglesias\/wp-content\/uploads\/usu712\/2024\/05\/DdE-IGNASI-IGLESIAS-4-768x512.jpg 768w\" sizes=\"auto, (max-width: 366px) 100vw, 366px\" \/><\/td>\n<td style=\"width: 35.2792%; height: 185px;\"><img loading=\"lazy\" decoding=\"async\" class=\"wp-image-487 aligncenter\" src=\"http:\/\/agora.xtec.cat\/escolaignasiiglesias\/wp-content\/uploads\/usu712\/2015\/09\/Ximo_Bueno_8006460_m-e1454590701788-1024x512.jpg\" alt=\"\" width=\"484\" height=\"242\" srcset=\"https:\/\/agora.xtec.cat\/escolaignasiiglesias\/wp-content\/uploads\/usu712\/2015\/09\/Ximo_Bueno_8006460_m-e1454590701788-1024x512.jpg 1024w, https:\/\/agora.xtec.cat\/escolaignasiiglesias\/wp-content\/uploads\/usu712\/2015\/09\/Ximo_Bueno_8006460_m-e1454590701788-300x150.jpg 300w, https:\/\/agora.xtec.cat\/escolaignasiiglesias\/wp-content\/uploads\/usu712\/2015\/09\/Ximo_Bueno_8006460_m-e1454590701788.jpg 1600w\" sizes=\"auto, (max-width: 484px) 100vw, 484px\" \/><\/td>\n<\/tr>\n<tr style=\"height: 273px;\">\n<td style=\"width: 35.3517%; height: 247px;\"><img loading=\"lazy\" decoding=\"async\" class=\" wp-image-468\" src=\"http:\/\/agora.xtec.cat\/escolaignasiiglesias\/wp-content\/uploads\/usu712\/2015\/09\/Ximo_Bueno_8006500_m-e1454578233899-1024x512.jpg\" alt=\"\" width=\"465\" height=\"233\" srcset=\"https:\/\/agora.xtec.cat\/escolaignasiiglesias\/wp-content\/uploads\/usu712\/2015\/09\/Ximo_Bueno_8006500_m-e1454578233899-1024x512.jpg 1024w, https:\/\/agora.xtec.cat\/escolaignasiiglesias\/wp-content\/uploads\/usu712\/2015\/09\/Ximo_Bueno_8006500_m-e1454578233899-300x150.jpg 300w, https:\/\/agora.xtec.cat\/escolaignasiiglesias\/wp-content\/uploads\/usu712\/2015\/09\/Ximo_Bueno_8006500_m-e1454578233899.jpg 1600w\" sizes=\"auto, (max-width: 465px) 100vw, 465px\" \/><\/td>\n<td style=\"width: 35.2792%; height: 247px;\"><img loading=\"lazy\" decoding=\"async\" class=\" wp-image-470\" src=\"http:\/\/agora.xtec.cat\/escolaignasiiglesias\/wp-content\/uploads\/usu712\/2015\/09\/Ximo_Bueno_8006492_m-e1454578307351-1024x512.jpg\" alt=\"\" width=\"465\" height=\"233\" srcset=\"https:\/\/agora.xtec.cat\/escolaignasiiglesias\/wp-content\/uploads\/usu712\/2015\/09\/Ximo_Bueno_8006492_m-e1454578307351-1024x512.jpg 1024w, https:\/\/agora.xtec.cat\/escolaignasiiglesias\/wp-content\/uploads\/usu712\/2015\/09\/Ximo_Bueno_8006492_m-e1454578307351-300x150.jpg 300w, https:\/\/agora.xtec.cat\/escolaignasiiglesias\/wp-content\/uploads\/usu712\/2015\/09\/Ximo_Bueno_8006492_m-e1454578307351.jpg 1600w\" sizes=\"auto, (max-width: 465px) 100vw, 465px\" \/><\/td>\n<\/tr>\n<tr style=\"height: 294px;\">\n<td style=\"width: 35.3517%; height: 207px;\"><img loading=\"lazy\" decoding=\"async\" class=\" wp-image-496\" src=\"http:\/\/agora.xtec.cat\/escolaignasiiglesias\/wp-content\/uploads\/usu712\/2015\/09\/Ximo_Bueno_8006490_m-e1454589618898-1024x513.jpg\" alt=\"\" width=\"465\" height=\"233\" srcset=\"https:\/\/agora.xtec.cat\/escolaignasiiglesias\/wp-content\/uploads\/usu712\/2015\/09\/Ximo_Bueno_8006490_m-e1454589618898-1024x513.jpg 1024w, https:\/\/agora.xtec.cat\/escolaignasiiglesias\/wp-content\/uploads\/usu712\/2015\/09\/Ximo_Bueno_8006490_m-e1454589618898-300x150.jpg 300w, https:\/\/agora.xtec.cat\/escolaignasiiglesias\/wp-content\/uploads\/usu712\/2015\/09\/Ximo_Bueno_8006490_m-e1454589618898.jpg 1596w\" sizes=\"auto, (max-width: 465px) 100vw, 465px\" \/><\/td>\n<td style=\"width: 35.2792%; height: 207px;\"><img loading=\"lazy\" decoding=\"async\" class=\" wp-image-494\" src=\"http:\/\/agora.xtec.cat\/escolaignasiiglesias\/wp-content\/uploads\/usu712\/2015\/09\/Ximo_Bueno_8006484_m-e1454589656724-1024x513.jpg\" alt=\"\" width=\"467\" height=\"234\" srcset=\"https:\/\/agora.xtec.cat\/escolaignasiiglesias\/wp-content\/uploads\/usu712\/2015\/09\/Ximo_Bueno_8006484_m-e1454589656724-1024x513.jpg 1024w, https:\/\/agora.xtec.cat\/escolaignasiiglesias\/wp-content\/uploads\/usu712\/2015\/09\/Ximo_Bueno_8006484_m-e1454589656724-300x150.jpg 300w, https:\/\/agora.xtec.cat\/escolaignasiiglesias\/wp-content\/uploads\/usu712\/2015\/09\/Ximo_Bueno_8006484_m-e1454589656724.jpg 1596w\" sizes=\"auto, (max-width: 467px) 100vw, 467px\" \/><\/td>\n<\/tr>\n<tr style=\"height: 276px;\">\n<td style=\"width: 35.3517%; height: 180px;\"><img loading=\"lazy\" decoding=\"async\" class=\"alignleft wp-image-6069\" src=\"https:\/\/agora.xtec.cat\/escolaignasiiglesias\/wp-content\/uploads\/usu712\/2024\/05\/DdE-IGNASI-IGLESIAS-7.jpg\" alt=\"\" width=\"464\" height=\"303\" srcset=\"https:\/\/agora.xtec.cat\/escolaignasiiglesias\/wp-content\/uploads\/usu712\/2024\/05\/DdE-IGNASI-IGLESIAS-7.jpg 1156w, https:\/\/agora.xtec.cat\/escolaignasiiglesias\/wp-content\/uploads\/usu712\/2024\/05\/DdE-IGNASI-IGLESIAS-7-300x196.jpg 300w, https:\/\/agora.xtec.cat\/escolaignasiiglesias\/wp-content\/uploads\/usu712\/2024\/05\/DdE-IGNASI-IGLESIAS-7-1024x669.jpg 1024w, https:\/\/agora.xtec.cat\/escolaignasiiglesias\/wp-content\/uploads\/usu712\/2024\/05\/DdE-IGNASI-IGLESIAS-7-768x502.jpg 768w\" sizes=\"auto, (max-width: 464px) 100vw, 464px\" \/><\/td>\n<td style=\"width: 35.2792%; height: 180px;\"><img loading=\"lazy\" decoding=\"async\" class=\"aligncenter wp-image-6074 size-full\" src=\"https:\/\/agora.xtec.cat\/escolaignasiiglesias\/wp-content\/uploads\/usu712\/2024\/05\/DdE-IGNASI-IGLESIAS-8.jpg\" alt=\"\" width=\"1200\" height=\"800\" srcset=\"https:\/\/agora.xtec.cat\/escolaignasiiglesias\/wp-content\/uploads\/usu712\/2024\/05\/DdE-IGNASI-IGLESIAS-8.jpg 1200w, https:\/\/agora.xtec.cat\/escolaignasiiglesias\/wp-content\/uploads\/usu712\/2024\/05\/DdE-IGNASI-IGLESIAS-8-300x200.jpg 300w, https:\/\/agora.xtec.cat\/escolaignasiiglesias\/wp-content\/uploads\/usu712\/2024\/05\/DdE-IGNASI-IGLESIAS-8-1024x683.jpg 1024w, https:\/\/agora.xtec.cat\/escolaignasiiglesias\/wp-content\/uploads\/usu712\/2024\/05\/DdE-IGNASI-IGLESIAS-8-768x512.jpg 768w\" sizes=\"auto, (max-width: 1200px) 100vw, 1200px\" \/><\/td>\n<\/tr>\n<tr style=\"height: 260px;\">\n<td style=\"width: 35.3517%; height: 260px;\"><img loading=\"lazy\" decoding=\"async\" class=\"alignleft wp-image-479\" src=\"http:\/\/agora.xtec.cat\/escolaignasiiglesias\/wp-content\/uploads\/usu712\/2015\/09\/Ximo_Bueno_8006443_m-e1454590878474-1024x513.jpg\" alt=\"\" width=\"477\" height=\"239\" srcset=\"https:\/\/agora.xtec.cat\/escolaignasiiglesias\/wp-content\/uploads\/usu712\/2015\/09\/Ximo_Bueno_8006443_m-e1454590878474-1024x513.jpg 1024w, https:\/\/agora.xtec.cat\/escolaignasiiglesias\/wp-content\/uploads\/usu712\/2015\/09\/Ximo_Bueno_8006443_m-e1454590878474-300x150.jpg 300w, https:\/\/agora.xtec.cat\/escolaignasiiglesias\/wp-content\/uploads\/usu712\/2015\/09\/Ximo_Bueno_8006443_m-e1454590878474.jpg 1596w\" sizes=\"auto, (max-width: 477px) 100vw, 477px\" \/><\/td>\n<td style=\"width: 35.2792%; height: 260px;\"><a href=\"http:\/\/agora.xtec.cat\/escolaignasiiglesias\/wp-content\/uploads\/usu712\/2015\/09\/Ximo_Bueno_8006445_m-e1454590858253.jpg\"><img loading=\"lazy\" decoding=\"async\" class=\" alignnone wp-image-480\" src=\"http:\/\/agora.xtec.cat\/escolaignasiiglesias\/wp-content\/uploads\/usu712\/2015\/09\/Ximo_Bueno_8006445_m-e1454590858253-1024x513.jpg\" alt=\"\" width=\"475\" height=\"238\" srcset=\"https:\/\/agora.xtec.cat\/escolaignasiiglesias\/wp-content\/uploads\/usu712\/2015\/09\/Ximo_Bueno_8006445_m-e1454590858253-1024x513.jpg 1024w, https:\/\/agora.xtec.cat\/escolaignasiiglesias\/wp-content\/uploads\/usu712\/2015\/09\/Ximo_Bueno_8006445_m-e1454590858253-300x150.jpg 300w, https:\/\/agora.xtec.cat\/escolaignasiiglesias\/wp-content\/uploads\/usu712\/2015\/09\/Ximo_Bueno_8006445_m-e1454590858253.jpg 1596w\" sizes=\"auto, (max-width: 475px) 100vw, 475px\" \/><\/a><\/td>\n<\/tr>\n<tr style=\"height: 263px;\">\n<td style=\"width: 35.3517%; height: 263px;\"><a href=\"http:\/\/agora.xtec.cat\/escolaignasiiglesias\/wp-content\/uploads\/usu712\/2015\/09\/Ximo_Bueno_8006446_m-e1454590838592.jpg\"><img loading=\"lazy\" decoding=\"async\" class=\" alignleft wp-image-481\" src=\"http:\/\/agora.xtec.cat\/escolaignasiiglesias\/wp-content\/uploads\/usu712\/2015\/09\/Ximo_Bueno_8006446_m-e1454590838592-1024x512.jpg\" alt=\"\" width=\"497\" height=\"249\" srcset=\"https:\/\/agora.xtec.cat\/escolaignasiiglesias\/wp-content\/uploads\/usu712\/2015\/09\/Ximo_Bueno_8006446_m-e1454590838592-1024x512.jpg 1024w, https:\/\/agora.xtec.cat\/escolaignasiiglesias\/wp-content\/uploads\/usu712\/2015\/09\/Ximo_Bueno_8006446_m-e1454590838592-300x150.jpg 300w, https:\/\/agora.xtec.cat\/escolaignasiiglesias\/wp-content\/uploads\/usu712\/2015\/09\/Ximo_Bueno_8006446_m-e1454590838592.jpg 1584w\" sizes=\"auto, (max-width: 497px) 100vw, 497px\" \/><\/a><\/td>\n<td style=\"width: 35.2792%; height: 263px;\"><img loading=\"lazy\" decoding=\"async\" class=\"alignleft wp-image-483\" src=\"http:\/\/agora.xtec.cat\/escolaignasiiglesias\/wp-content\/uploads\/usu712\/2015\/09\/Ximo_Bueno_8006451_m-e1454590785176-1024x512.jpg\" alt=\"\" width=\"505\" height=\"253\" srcset=\"https:\/\/agora.xtec.cat\/escolaignasiiglesias\/wp-content\/uploads\/usu712\/2015\/09\/Ximo_Bueno_8006451_m-e1454590785176-1024x512.jpg 1024w, https:\/\/agora.xtec.cat\/escolaignasiiglesias\/wp-content\/uploads\/usu712\/2015\/09\/Ximo_Bueno_8006451_m-e1454590785176-300x150.jpg 300w, https:\/\/agora.xtec.cat\/escolaignasiiglesias\/wp-content\/uploads\/usu712\/2015\/09\/Ximo_Bueno_8006451_m-e1454590785176.jpg 1600w\" sizes=\"auto, (max-width: 505px) 100vw, 505px\" \/><\/td>\n<\/tr>\n<tr style=\"height: 253px;\">\n<td style=\"width: 35.3517%; height: 253px;\"><img loading=\"lazy\" decoding=\"async\" class=\"alignnone wp-image-484\" src=\"http:\/\/agora.xtec.cat\/escolaignasiiglesias\/wp-content\/uploads\/usu712\/2015\/09\/Ximo_Bueno_8006453_m-e1454590761385-1024x512.jpg\" alt=\"\" width=\"501\" height=\"251\" srcset=\"https:\/\/agora.xtec.cat\/escolaignasiiglesias\/wp-content\/uploads\/usu712\/2015\/09\/Ximo_Bueno_8006453_m-e1454590761385-1024x512.jpg 1024w, https:\/\/agora.xtec.cat\/escolaignasiiglesias\/wp-content\/uploads\/usu712\/2015\/09\/Ximo_Bueno_8006453_m-e1454590761385-300x150.jpg 300w, https:\/\/agora.xtec.cat\/escolaignasiiglesias\/wp-content\/uploads\/usu712\/2015\/09\/Ximo_Bueno_8006453_m-e1454590761385.jpg 1600w\" sizes=\"auto, (max-width: 501px) 100vw, 501px\" \/><\/td>\n<td style=\"width: 35.2792%; height: 253px;\"><img loading=\"lazy\" decoding=\"async\" class=\"alignleft wp-image-490\" src=\"http:\/\/agora.xtec.cat\/escolaignasiiglesias\/wp-content\/uploads\/usu712\/2015\/09\/Ximo_Bueno_8006474_m-e1454590628368-1024x512.jpg\" alt=\"\" width=\"487\" height=\"244\" srcset=\"https:\/\/agora.xtec.cat\/escolaignasiiglesias\/wp-content\/uploads\/usu712\/2015\/09\/Ximo_Bueno_8006474_m-e1454590628368-1024x512.jpg 1024w, https:\/\/agora.xtec.cat\/escolaignasiiglesias\/wp-content\/uploads\/usu712\/2015\/09\/Ximo_Bueno_8006474_m-e1454590628368-300x150.jpg 300w, https:\/\/agora.xtec.cat\/escolaignasiiglesias\/wp-content\/uploads\/usu712\/2015\/09\/Ximo_Bueno_8006474_m-e1454590628368.jpg 1600w\" sizes=\"auto, (max-width: 487px) 100vw, 487px\" \/><\/td>\n<\/tr>\n<tr style=\"height: 263px;\">\n<td style=\"width: 35.3517%; height: 263px;\"><img loading=\"lazy\" decoding=\"async\" class=\"alignleft wp-image-489\" src=\"http:\/\/agora.xtec.cat\/escolaignasiiglesias\/wp-content\/uploads\/usu712\/2015\/09\/Ximo_Bueno_8006473_m-e1454590652392-1024x512.jpg\" alt=\"\" width=\"519\" height=\"260\" srcset=\"https:\/\/agora.xtec.cat\/escolaignasiiglesias\/wp-content\/uploads\/usu712\/2015\/09\/Ximo_Bueno_8006473_m-e1454590652392-1024x512.jpg 1024w, https:\/\/agora.xtec.cat\/escolaignasiiglesias\/wp-content\/uploads\/usu712\/2015\/09\/Ximo_Bueno_8006473_m-e1454590652392-300x150.jpg 300w, https:\/\/agora.xtec.cat\/escolaignasiiglesias\/wp-content\/uploads\/usu712\/2015\/09\/Ximo_Bueno_8006473_m-e1454590652392.jpg 1600w\" sizes=\"auto, (max-width: 519px) 100vw, 519px\" \/><\/td>\n<td style=\"width: 35.2792%; height: 263px;\"><img loading=\"lazy\" decoding=\"async\" class=\"alignnone wp-image-485\" src=\"http:\/\/agora.xtec.cat\/escolaignasiiglesias\/wp-content\/uploads\/usu712\/2015\/09\/Ximo_Bueno_8006454_m-e1454590739841-1024x512.jpg\" alt=\"\" width=\"519\" height=\"260\" srcset=\"https:\/\/agora.xtec.cat\/escolaignasiiglesias\/wp-content\/uploads\/usu712\/2015\/09\/Ximo_Bueno_8006454_m-e1454590739841-1024x512.jpg 1024w, https:\/\/agora.xtec.cat\/escolaignasiiglesias\/wp-content\/uploads\/usu712\/2015\/09\/Ximo_Bueno_8006454_m-e1454590739841-300x150.jpg 300w, https:\/\/agora.xtec.cat\/escolaignasiiglesias\/wp-content\/uploads\/usu712\/2015\/09\/Ximo_Bueno_8006454_m-e1454590739841.jpg 1600w\" sizes=\"auto, (max-width: 519px) 100vw, 519px\" \/><\/td>\n<\/tr>\n<\/tbody>\n<\/table>\n","protected":false},"excerpt":{"rendered":"<p>L\u2019actual edifici de l\u2019escola Ignasi Iglesias, que es va inaugurar al setembre de 2008, est\u00e0 situat a l\u2019Avinguda dels Pa\u00efsos Catalans en una zona de nova construcci\u00f3 situada a l\u2019entrada de la poblaci\u00f3 i que disposa d\u2019equipaments municipals propers: Pavell\u00f3 esportiu, Biblioteca, Instituts, Bombers, Casal&hellip;  <a href=\"https:\/\/agora.xtec.cat\/escolaignasiiglesias\/lescola\/instal%c2%b7lacions\/\" title=\"Read Instal\u00b7lacions\">Llegeix m\u00e9s\u00bb<\/a><\/p>\n","protected":false},"author":1,"featured_media":0,"parent":22,"menu_order":3,"comment_status":"closed","ping_status":"closed","template":"page-templates\/side-menu.php","meta":{"_bbp_topic_count":0,"_bbp_reply_count":0,"_bbp_total_topic_count":0,"_bbp_total_reply_count":0,"_bbp_voice_count":0,"_bbp_anonymous_reply_count":0,"_bbp_topic_count_hidden":0,"_bbp_reply_count_hidden":0,"_bbp_forum_subforum_count":0,"footnotes":""},"class_list":["post-30","page","type-page","status-publish","hentry"],"post_mailing_queue_ids":[],"_links":{"self":[{"href":"https:\/\/agora.xtec.cat\/escolaignasiiglesias\/wp-json\/wp\/v2\/pages\/30","targetHints":{"allow":["GET"]}}],"collection":[{"href":"https:\/\/agora.xtec.cat\/escolaignasiiglesias\/wp-json\/wp\/v2\/pages"}],"about":[{"href":"https:\/\/agora.xtec.cat\/escolaignasiiglesias\/wp-json\/wp\/v2\/types\/page"}],"author":[{"embeddable":true,"href":"https:\/\/agora.xtec.cat\/escolaignasiiglesias\/wp-json\/wp\/v2\/users\/1"}],"replies":[{"embeddable":true,"href":"https:\/\/agora.xtec.cat\/escolaignasiiglesias\/wp-json\/wp\/v2\/comments?post=30"}],"version-history":[{"count":6,"href":"https:\/\/agora.xtec.cat\/escolaignasiiglesias\/wp-json\/wp\/v2\/pages\/30\/revisions"}],"predecessor-version":[{"id":6077,"href":"https:\/\/agora.xtec.cat\/escolaignasiiglesias\/wp-json\/wp\/v2\/pages\/30\/revisions\/6077"}],"up":[{"embeddable":true,"href":"https:\/\/agora.xtec.cat\/escolaignasiiglesias\/wp-json\/wp\/v2\/pages\/22"}],"wp:attachment":[{"href":"https:\/\/agora.xtec.cat\/escolaignasiiglesias\/wp-json\/wp\/v2\/media?parent=30"}],"curies":[{"name":"wp","href":"https:\/\/api.w.org\/{rel}","templated":true}]}}