{"id":556,"date":"2016-12-08T23:33:54","date_gmt":"2016-12-08T22:33:54","guid":{"rendered":"http:\/\/agora.xtec.cat\/escolaignasiiglesias-bcn\/?page_id=556"},"modified":"2020-11-15T00:14:19","modified_gmt":"2020-11-14T23:14:19","slug":"ignasi-iglesias","status":"publish","type":"page","link":"https:\/\/agora.xtec.cat\/escolaignasiiglesias-bcn\/lescola\/ignasi-iglesias\/","title":{"rendered":"Ignasi Iglesias"},"content":{"rendered":"<table border=\"0\" width=\"100%\" cellspacing=\"0\">\n<tbody>\n<tr>\n<td width=\"34%\" height=\"27\"><b><span style=\"color: #000000; font-family: Arial, Helvetica, sans-serif; font-size: large;\">A tall d\u2019introducci\u00f3<\/span><\/b><\/td>\n<td width=\"8%\" height=\"27\"><\/td>\n<td width=\"58%\" height=\"27\"><\/td>\n<\/tr>\n<tr>\n<td colspan=\"3\" height=\"24\"><\/td>\n<\/tr>\n<tr>\n<td colspan=\"2\" height=\"84\"><span style=\"color: #000000; font-family: Arial, Helvetica, sans-serif;\">\u00a0\u00a0\u00a0\u00a0\u00a0 <img loading=\"lazy\" decoding=\"async\" src=\"http:\/\/www.bcn.cat\/ignasiiglesias\/imatges\/ignasiiglesias2.gif\" width=\"93\" height=\"128\" \/> \u00a0<\/span><\/td>\n<td width=\"58%\" height=\"84\">\n<ul>\n<li><span style=\"color: #000000; font-family: Arial, Helvetica, sans-serif; font-size: small;\">Voldr\u00edem que, al llegir aquestes ratlles, us serv\u00eds per a con\u00e8ixer una mica la figura d\u2019aquest andreuenc, poeta i home de teatre, que fou Ignasi Iglesias i Pujadas.<\/span><\/li>\n<li><span style=\"color: #000000; font-family: Arial, Helvetica, sans-serif; font-size: small;\">Els homes i dones del nostre barri, quan encara aquest era un poble independent de Barcelona, se l\u2019estimaven molt. Segur que molts direu:<\/span><\/li>\n<li><span style=\"color: #000000; font-family: Arial, Helvetica, sans-serif; font-size: small;\">&#8220;I per qu\u00e8?&#8221; Molt f\u00e0cil.<\/span><\/li>\n<\/ul>\n<\/td>\n<\/tr>\n<tr>\n<td colspan=\"3\" height=\"10\">\n<ul>\n<li><span style=\"color: #000000; font-family: Arial, Helvetica, sans-serif; font-size: small;\">Ignasi Iglesias va ser, potser, un dels primers autors teatrals que explicava, dalt de l\u2019escenari, els problemes que patia la gent; reflectia, gr\u00e0cies als actors i actrius, la imatge del poble: les alegries, les tristeses,&#8230; el que passava al carrer, al treball, a casa. Aconseguir aix\u00f2 era dif\u00edcil i ell, al fer-ho, va dona peu a que l\u2019admiressin i, en conseq\u00fc\u00e8ncia que se l\u2019estimessin.<\/span><\/li>\n<li><span style=\"color: #000000; font-family: Arial, Helvetica, sans-serif; font-size: small;\">Per aix\u00f2, el nostre barri ha volgut recordar-lo i ho ha fet de la manera que ho fan la majoria de pobles: donant el seu nom a carrers, places, escoles, institucions, etc&#8230;.<\/span><\/li>\n<li><span style=\"color: #000000; font-family: Arial, Helvetica, sans-serif; font-size: small;\">Cinc s\u00f3n els llocs on, de forma destacada, veureu el seu nom: L\u2019antic carrer de l\u2019Ordre, avui carrer d\u2019Ignasi Iglesias; la biblioteca de barri; el petit monument de la Pla\u00e7a de les Palmeres; la l\u00e0pida de la seva tomba, al cementiri de Sant Andreu i <b>a <u>la nostra escola<\/u> al Passeig Torras i Bages<\/b>.<\/span><\/li>\n<\/ul>\n<\/td>\n<\/tr>\n<tr>\n<td colspan=\"3\" height=\"3\"><span style=\"color: #000000; font-family: Arial, Helvetica, sans-serif;\">\u00a0\u00a0\u00a0\u00a0\u00a0\u00a0\u00a0\u00a0\u00a0\u00a0\u00a0 <img loading=\"lazy\" decoding=\"async\" src=\"http:\/\/www.bcn.cat\/ignasiiglesias\/imatges\/escolaignasivella.jpg\" width=\"201\" height=\"165\" border=\"0\" \/>\u00a0\u00a0\u00a0\u00a0\u00a0\u00a0\u00a0\u00a0\u00a0\u00a0\u00a0\u00a0\u00a0\u00a0\u00a0\u00a0\u00a0\u00a0\u00a0\u00a0\u00a0\u00a0\u00a0\u00a0\u00a0\u00a0\u00a0\u00a0\u00a0\u00a0\u00a0\u00a0\u00a0<img loading=\"lazy\" decoding=\"async\" src=\"http:\/\/www.bcn.cat\/ignasiiglesias\/imatges\/casaignasi.jpg\" width=\"198\" height=\"165\" border=\"0\" \/><\/span><\/p>\n<p>&nbsp;<\/td>\n<\/tr>\n<tr>\n<td colspan=\"3\" height=\"2\">\n<ul>\n<li><span style=\"color: #000000; font-family: Arial, Helvetica, sans-serif; font-size: small;\">Cal dir que la Diputaci\u00f3 de Barcelona d\u00f3na un premi anual de teatre que porta el nom del poeta.<\/span><\/li>\n<li><span style=\"color: #000000; font-family: Arial, Helvetica, sans-serif; font-size: small;\">Tal com hem dit, Ignasi Iglesias va n\u00e9ixer a Sant Andreu. A la fa\u00e7ana de casa seva, el n\u00ba 37 del carrer que duu el seu nom, es pot observar aquesta placa.<\/span><\/li>\n<\/ul>\n<\/td>\n<\/tr>\n<tr>\n<td colspan=\"3\" height=\"20\"><\/td>\n<\/tr>\n<tr>\n<td colspan=\"3\" height=\"2\">\n<p align=\"JUSTIFY\"><span style=\"color: #000000; font-family: Arial, Helvetica, sans-serif;\">Breu nota biogr\u00e0fica<\/span><\/p>\n<ul>\n<li><span style=\"color: #000000; font-family: Arial, Helvetica, sans-serif; font-size: small;\">Fill de ferroviari, va viure uns anys a Lleida, ciutat en la qu\u00e8 va estudiar el batxillerat i estrena la seva primera obra: &#8220;La for\u00e7a de l\u2019orgull&#8221;. Tenia aleshores 15 anys i ell va fer d\u2019autor, director i actor principal. Tamb\u00e9 va col\u00b7laborar en pintar els decorats.<\/span><\/li>\n<li><span style=\"color: #000000; font-family: Arial, Helvetica, sans-serif; font-size: small;\">Altre cop a Sant Andreu, degut al trasllat del seu pare, estudi\u00e0 pintura i inici\u00e0 tota una escalada d\u2019activitats catalanistes i liter\u00e0ries. Fund\u00e0 un peri\u00f2dic al &#8220;Casino Andresense&#8221; col\u00b7laborant a les revistes del &#8220;Fomento Andresense&#8221; i de &#8220;Bandera Catalana&#8221;. Destac\u00e0 com un gran animador d\u2019entitats culturals i de revistes d\u2019art i lletres.<\/span><\/li>\n<li><span style=\"color: #000000; font-family: Arial, Helvetica, sans-serif; font-size: small;\">M\u00e9s endavant, conegut arreu del pa\u00eds per les moltes obres que havia estrenat, va formar part del grup de &#8220;L\u2019Avens&#8221; i de &#8220;Catal\u00f2nia&#8221;, dues de les revistes m\u00e9s importants que es publicaven a Catalunya, en una \u00e8poca que ha passat a denominar-se Modernisme.<\/span><\/li>\n<li><span style=\"color: #000000; font-family: Arial, Helvetica, sans-serif; font-size: small;\">La seva d\u2019arrera \u00e8poca esmer\u00e7ava la seva vida entre el teatre i l\u2019Arxiu Hist\u00f2ric de la Ciutat.<\/span><\/li>\n<\/ul>\n<p align=\"JUSTIFY\"><span style=\"color: #000000; font-family: Arial, Helvetica, sans-serif; font-size: small;\">El 9 d\u2019octubre de 1928 moria, essent el seu enterrament una gran manifestaci\u00f3 de popularitat.<\/span><\/p>\n<p align=\"JUSTIFY\"><span style=\"font-family: 'Comic Sans MS';\">\u00a0<\/span><\/p>\n<\/td>\n<\/tr>\n<tr>\n<td colspan=\"3\" height=\"24\"><span style=\"color: #000000; font-family: Arial, Helvetica, sans-serif;\">\u00a0\u00a0\u00a0\u00a0\u00a0\u00a0\u00a0\u00a0\u00a0\u00a0\u00a0\u00a0\u00a0\u00a0\u00a0\u00a0\u00a0\u00a0\u00a0\u00a0\u00a0\u00a0\u00a0\u00a0\u00a0\u00a0\u00a0\u00a0\u00a0\u00a0\u00a0\u00a0\u00a0\u00a0\u00a0\u00a0\u00a0\u00a0\u00a0\u00a0\u00a0\u00a0\u00a0\u00a0\u00a0\u00a0 \u00a0<img loading=\"lazy\" decoding=\"async\" src=\"http:\/\/www.bcn.cat\/ignasiiglesias\/imatges\/teatreignasiiglesias.JPG\" width=\"318\" height=\"235\" border=\"0\" \/><\/span><\/td>\n<\/tr>\n<tr>\n<td colspan=\"3\" height=\"29\"><\/td>\n<\/tr>\n<tr>\n<td colspan=\"3\" height=\"24\"><span style=\"color: #000000; font-family: Arial, Helvetica, sans-serif; font-size: large;\">T\u00edtols d\u2019algunes obres<\/span><\/td>\n<\/tr>\n<tr>\n<td colspan=\"2\" height=\"2\">\n<ul>\n<li><span style=\"color: #000000; font-family: Arial, Helvetica, sans-serif; font-size: small;\">Poesia:<\/span><\/li>\n<li><span style=\"color: #000000; font-family: Arial, Helvetica, sans-serif; font-size: small;\">Ofrenes<\/span><\/li>\n<li><span style=\"color: #000000; font-family: Arial, Helvetica, sans-serif; font-size: small;\">Teatre:<\/span><\/li>\n<\/ul>\n<ul>\n<li><span style=\"color: #000000; font-family: Arial, Helvetica, sans-serif; font-size: small;\">Fructidor (1897)<\/span><\/li>\n<li><span style=\"color: #000000; font-family: Arial, Helvetica, sans-serif; font-size: small;\">La mare eterna (1900)<\/span><\/li>\n<li><span style=\"color: #000000; font-family: Arial, Helvetica, sans-serif; font-size: small;\">El cor del poble (1902)<\/span><\/li>\n<li><span style=\"color: #000000; font-family: Arial, Helvetica, sans-serif; font-size: small;\">Els Vells (1903)<\/span><\/li>\n<li><span style=\"color: #000000; font-family: Arial, Helvetica, sans-serif; font-size: small;\">Les garses (!905)<\/span><\/li>\n<li><span style=\"color: #000000; font-family: Arial, Helvetica, sans-serif; font-size: small;\">Els emigrants (1916)<\/span><\/li>\n<li><span style=\"color: #000000; font-family: Arial, Helvetica, sans-serif; font-size: small;\">La llar apagada (1927)<\/span><\/li>\n<\/ul>\n<\/td>\n<td width=\"58%\" height=\"2\"><\/td>\n<\/tr>\n<\/tbody>\n<\/table>\n","protected":false},"excerpt":{"rendered":"<p>A tall d\u2019introducci\u00f3<\/p>\n<p>\u00a0\u00a0\u00a0\u00a0\u00a0  \u00a0<\/p>\n<ul>\n<li>Voldr\u00edem que, al llegir aquestes ratlles, us serv\u00eds per a con\u00e8ixer una mica la figura d\u2019aquest andreuenc, poeta i home de teatre, que fou Ignasi Iglesias i Pujadas.<\/li>\n<li>Els homes i dones del nostre barri, quan encara aquest era un poble independent&hellip;  <a href=\"https:\/\/agora.xtec.cat\/escolaignasiiglesias-bcn\/lescola\/ignasi-iglesias\/\" title=\"Read Ignasi Iglesias\">Llegeix m\u00e9s\u00bb<\/a><br \/>\n","protected":false},"author":1,"featured_media":0,"parent":22,"menu_order":0,"comment_status":"closed","ping_status":"closed","template":"","meta":{"_bbp_topic_count":0,"_bbp_reply_count":0,"_bbp_total_topic_count":0,"_bbp_total_reply_count":0,"_bbp_voice_count":0,"_bbp_anonymous_reply_count":0,"_bbp_topic_count_hidden":0,"_bbp_reply_count_hidden":0,"_bbp_forum_subforum_count":0,"footnotes":""},"class_list":["post-556","page","type-page","status-publish","hentry"],"post_mailing_queue_ids":[],"_links":{"self":[{"href":"https:\/\/agora.xtec.cat\/escolaignasiiglesias-bcn\/wp-json\/wp\/v2\/pages\/556","targetHints":{"allow":["GET"]}}],"collection":[{"href":"https:\/\/agora.xtec.cat\/escolaignasiiglesias-bcn\/wp-json\/wp\/v2\/pages"}],"about":[{"href":"https:\/\/agora.xtec.cat\/escolaignasiiglesias-bcn\/wp-json\/wp\/v2\/types\/page"}],"author":[{"embeddable":true,"href":"https:\/\/agora.xtec.cat\/escolaignasiiglesias-bcn\/wp-json\/wp\/v2\/users\/1"}],"replies":[{"embeddable":true,"href":"https:\/\/agora.xtec.cat\/escolaignasiiglesias-bcn\/wp-json\/wp\/v2\/comments?post=556"}],"version-history":[{"count":2,"href":"https:\/\/agora.xtec.cat\/escolaignasiiglesias-bcn\/wp-json\/wp\/v2\/pages\/556\/revisions"}],"predecessor-version":[{"id":568,"href":"https:\/\/agora.xtec.cat\/escolaignasiiglesias-bcn\/wp-json\/wp\/v2\/pages\/556\/revisions\/568"}],"up":[{"embeddable":true,"href":"https:\/\/agora.xtec.cat\/escolaignasiiglesias-bcn\/wp-json\/wp\/v2\/pages\/22"}],"wp:attachment":[{"href":"https:\/\/agora.xtec.cat\/escolaignasiiglesias-bcn\/wp-json\/wp\/v2\/media?parent=556"}],"curies":[{"name":"wp","href":"https:\/\/api.w.org\/{rel}","templated":true}]}}