{"id":474,"date":"2010-09-21T17:37:54","date_gmt":"2010-09-21T15:37:54","guid":{"rendered":"http:\/\/blocs.xtec.cat\/lasecuita\/professorat\/"},"modified":"2025-09-30T18:30:11","modified_gmt":"2025-09-30T16:30:11","slug":"professorat","status":"publish","type":"page","link":"https:\/\/agora.xtec.cat\/escolaguillemdeclaramunt\/el-centre\/professorat\/","title":{"rendered":"Professorat"},"content":{"rendered":"<p style=\"text-align: left;\"><strong>EDUCACI\u00d3 INFANTIL<\/strong><\/p>\n<p><strong>I3<\/strong>: Ant\u00f2nia Lainez<\/p>\n<p><strong>I4<\/strong>: Miriam S\u00e1nchez<\/p>\n<p><strong>I5<\/strong>: Marina Majoral<\/p>\n<p><strong>Psicomotricitat: <\/strong>Ana Llorens<\/p>\n<p><strong>TEI <\/strong>(t\u00e8cnic d&#8217;educaci\u00f3 infantil): M\u00f2nica Vigo Valls<\/p>\n<p><strong>Coordinadora de cicle<\/strong>: Miriam S\u00e1nchez<\/p>\n<p>&nbsp;<\/p>\n<p style=\"text-align: left;\">\u00a0<strong>TUTORS\/ES DE PRIM\u00c0RIA<\/strong><\/p>\n<p style=\"text-align: left;\"><b>1r.\u00a0<\/b> Esther Olaya<\/p>\n<p style=\"text-align: left;\"><b>2n.\u00a0<\/b>Raquel G\u00e1llego<\/p>\n<p style=\"text-align: left;\"><strong>3r.<\/strong> Heidi Bujald\u00f3n<\/p>\n<p style=\"text-align: left;\"><strong>4t.\u00a0<\/strong>S\u00f2nia Llu\u00eds<\/p>\n<p style=\"text-align: left;\"><b>5\u00e8.\u00a0<\/b>Juan Manuel Heredia<\/p>\n<p style=\"text-align: left;\"><strong>6\u00e8.\u00a0<\/strong>Paco L\u00f3pez Gonz\u00e1lez \/ Nadia Salvador<\/p>\n<p style=\"text-align: left;\"><strong>Coordinadora de cicle<\/strong>: Heidi Bujald\u00f3n<\/p>\n<p>&nbsp;<\/p>\n<p style=\"text-align: left;\"><strong>MESTRES ESPECIALISTES<\/strong><\/p>\n<p style=\"text-align: left;\"><strong>Angl\u00e8s:<\/strong> Sandra Sala<\/p>\n<p style=\"text-align: left;\"><strong>Educaci\u00f3 especial:<\/strong> Antoni Obis<\/p>\n<p style=\"text-align: left;\"><strong>Educaci\u00f3 f\u00edsica:<\/strong> Elisenda Sans i Bea Serrano Gonz\u00e1lez<\/p>\n<p style=\"text-align: left;\"><strong>M\u00fasica:<\/strong> Sonia L\u00f3pez<\/p>\n<p style=\"text-align: left;\"><strong>Religi\u00f3:<\/strong> Rafa Landete<\/p>\n<p>&nbsp;<\/p>\n<p><strong>SIEI\u00a0<\/strong>(Suport Intensiu Escolaritzaci\u00f3 Inclusiva)<\/p>\n<p><strong>Mestra d&#8217;educaci\u00f3 especial:\u00a0<\/strong>Anna Jan\u00e9<\/p>\n<p><strong>Educadora d&#8217;educaci\u00f3 especial<\/strong>: Isabel Moreno<\/p>\n<p style=\"text-align: left;\"><strong>\u00a0<\/strong><\/p>\n","protected":false},"excerpt":{"rendered":"<p>EDUCACI\u00d3 INFANTIL I3: Ant\u00f2nia Lainez I4: Miriam S\u00e1nchez I5: Marina Majoral Psicomotricitat: Ana Llorens TEI (t\u00e8cnic d&#8217;educaci\u00f3 infantil): M\u00f2nica Vigo Valls Coordinadora de cicle: Miriam S\u00e1nchez &nbsp; \u00a0TUTORS\/ES DE PRIM\u00c0RIA 1r.\u00a0 Esther Olaya 2n.\u00a0Raquel G\u00e1llego 3r. Heidi Bujald\u00f3n 4t.\u00a0S\u00f2nia Llu\u00eds 5\u00e8.\u00a0Juan Manuel Heredia 6\u00e8.\u00a0Paco L\u00f3pez Gonz\u00e1lez \/ Nadia Salvador Coordinadora de cicle: Heidi Bujald\u00f3n &nbsp; [&hellip;]<\/p>\n","protected":false},"author":3,"featured_media":0,"parent":471,"menu_order":0,"comment_status":"closed","ping_status":"closed","template":"","meta":{"_bbp_topic_count":0,"_bbp_reply_count":0,"_bbp_total_topic_count":0,"_bbp_total_reply_count":0,"_bbp_voice_count":0,"_bbp_anonymous_reply_count":0,"_bbp_topic_count_hidden":0,"_bbp_reply_count_hidden":0,"_bbp_forum_subforum_count":0,"site-sidebar-layout":"no-sidebar","site-content-layout":"","ast-site-content-layout":"default","site-content-style":"default","site-sidebar-style":"default","ast-global-header-display":"","ast-banner-title-visibility":"","ast-main-header-display":"","ast-hfb-above-header-display":"","ast-hfb-below-header-display":"","ast-hfb-mobile-header-display":"","site-post-title":"","ast-breadcrumbs-content":"","ast-featured-img":"","footer-sml-layout":"","theme-transparent-header-meta":"default","adv-header-id-meta":"","stick-header-meta":"","header-above-stick-meta":"","header-main-stick-meta":"","header-below-stick-meta":"","astra-migrate-meta-layouts":"set","ast-page-background-enabled":"default","ast-page-background-meta":{"desktop":{"background-color":"var(--ast-global-color-4)","background-image":"","background-repeat":"repeat","background-position":"center center","background-size":"auto","background-attachment":"scroll","background-type":"","background-media":"","overlay-type":"","overlay-color":"","overlay-opacity":"","overlay-gradient":""},"tablet":{"background-color":"","background-image":"","background-repeat":"repeat","background-position":"center center","background-size":"auto","background-attachment":"scroll","background-type":"","background-media":"","overlay-type":"","overlay-color":"","overlay-opacity":"","overlay-gradient":""},"mobile":{"background-color":"","background-image":"","background-repeat":"repeat","background-position":"center center","background-size":"auto","background-attachment":"scroll","background-type":"","background-media":"","overlay-type":"","overlay-color":"","overlay-opacity":"","overlay-gradient":""}},"ast-content-background-meta":{"desktop":{"background-color":"var(--ast-global-color-5)","background-image":"","background-repeat":"repeat","background-position":"center center","background-size":"auto","background-attachment":"scroll","background-type":"","background-media":"","overlay-type":"","overlay-color":"","overlay-opacity":"","overlay-gradient":""},"tablet":{"background-color":"var(--ast-global-color-5)","background-image":"","background-repeat":"repeat","background-position":"center center","background-size":"auto","background-attachment":"scroll","background-type":"","background-media":"","overlay-type":"","overlay-color":"","overlay-opacity":"","overlay-gradient":""},"mobile":{"background-color":"var(--ast-global-color-5)","background-image":"","background-repeat":"repeat","background-position":"center center","background-size":"auto","background-attachment":"scroll","background-type":"","background-media":"","overlay-type":"","overlay-color":"","overlay-opacity":"","overlay-gradient":""}},"footnotes":""},"class_list":["post-474","page","type-page","status-publish","hentry"],"post_mailing_queue_ids":[],"_links":{"self":[{"href":"https:\/\/agora.xtec.cat\/escolaguillemdeclaramunt\/wp-json\/wp\/v2\/pages\/474","targetHints":{"allow":["GET"]}}],"collection":[{"href":"https:\/\/agora.xtec.cat\/escolaguillemdeclaramunt\/wp-json\/wp\/v2\/pages"}],"about":[{"href":"https:\/\/agora.xtec.cat\/escolaguillemdeclaramunt\/wp-json\/wp\/v2\/types\/page"}],"author":[{"embeddable":true,"href":"https:\/\/agora.xtec.cat\/escolaguillemdeclaramunt\/wp-json\/wp\/v2\/users\/3"}],"replies":[{"embeddable":true,"href":"https:\/\/agora.xtec.cat\/escolaguillemdeclaramunt\/wp-json\/wp\/v2\/comments?post=474"}],"version-history":[{"count":6,"href":"https:\/\/agora.xtec.cat\/escolaguillemdeclaramunt\/wp-json\/wp\/v2\/pages\/474\/revisions"}],"predecessor-version":[{"id":13754,"href":"https:\/\/agora.xtec.cat\/escolaguillemdeclaramunt\/wp-json\/wp\/v2\/pages\/474\/revisions\/13754"}],"up":[{"embeddable":true,"href":"https:\/\/agora.xtec.cat\/escolaguillemdeclaramunt\/wp-json\/wp\/v2\/pages\/471"}],"wp:attachment":[{"href":"https:\/\/agora.xtec.cat\/escolaguillemdeclaramunt\/wp-json\/wp\/v2\/media?parent=474"}],"curies":[{"name":"wp","href":"https:\/\/api.w.org\/{rel}","templated":true}]}}

<p style="text-align: left;"><strong>EDUCACIÓ INFANTIL</strong></p>
<p><strong>I3</strong>: Antònia Lainez</p>
<p><strong>I4</strong>: Miriam Sánchez</p>
<p><strong>I5</strong>: Marina Majoral</p>
<p><strong>Psicomotricitat: </strong>Ana Llorens</p>
<p><strong>TEI </strong>(tècnic d&#8217;educació infantil): Mònica Vigo Valls</p>
<p><strong>Coordinadora de cicle</strong>: Miriam Sánchez</p>
<p>&nbsp;</p>
<p style="text-align: left;"> <strong>TUTORS/ES DE PRIMÀRIA</strong></p>
<p style="text-align: left;"><b>1r. </b> Esther Olaya</p>
<p style="text-align: left;"><b>2n. </b>Raquel Gállego</p>
<p style="text-align: left;"><strong>3r.</strong> Heidi Bujaldón</p>
<p style="text-align: left;"><strong>4t. </strong>Sònia Lluís</p>
<p style="text-align: left;"><b>5è. </b>Juan Manuel Heredia</p>
<p style="text-align: left;"><strong>6è. </strong>Paco López González / Nadia Salvador</p>
<p style="text-align: left;"><strong>Coordinadora de cicle</strong>: Heidi Bujaldón</p>
<p>&nbsp;</p>
<p style="text-align: left;"><strong>MESTRES ESPECIALISTES</strong></p>
<p style="text-align: left;"><strong>Anglès:</strong> Sandra Sala</p>
<p style="text-align: left;"><strong>Educació especial:</strong> Antoni Obis</p>
<p style="text-align: left;"><strong>Educació física:</strong> Elisenda Sans i Bea Serrano González</p>
<p style="text-align: left;"><strong>Música:</strong> Sonia López</p>
<p style="text-align: left;"><strong>Religió:</strong> Rafa Landete</p>
<p>&nbsp;</p>
<p><strong>SIEI </strong>(Suport Intensiu Escolarització Inclusiva)</p>
<p><strong>Mestra d&#8217;educació especial: </strong>Anna Jané</p>
<p><strong>Educadora d&#8217;educació especial</strong>: Isabel Moreno</p>
<p style="text-align: left;"><strong> </strong></p>

<p>EDUCACIÓ INFANTIL I3: Antònia Lainez I4: Miriam Sánchez I5: Marina Majoral Psicomotricitat: Ana Llorens TEI (tècnic d&#8217;educació infantil): Mònica Vigo Valls Coordinadora de cicle: Miriam Sánchez &nbsp;  TUTORS/ES DE PRIMÀRIA 1r.  Esther Olaya 2n. Raquel Gállego 3r. Heidi Bujaldón 4t. Sònia Lluís 5è. Juan Manuel Heredia 6è. Paco López González / Nadia Salvador Coordinadora de cicle: Heidi Bujaldón &nbsp; [&hellip;]</p>
