{"id":473,"date":"2010-09-21T17:36:39","date_gmt":"2010-09-21T15:36:39","guid":{"rendered":"http:\/\/blocs.xtec.cat\/lasecuita\/?page_id=73"},"modified":"2024-09-03T09:32:54","modified_gmt":"2024-09-03T07:32:54","slug":"funcionament-general-del-centre","status":"publish","type":"page","link":"https:\/\/agora.xtec.cat\/escolaguillemdeclaramunt\/el-centre\/funcionament-general-del-centre\/","title":{"rendered":"Funcionament general del centre"},"content":{"rendered":"<p>Les normes de conviv\u00e8ncia acordades pel conjunt de la comunitat educativa, permeten fer de l&#8217;escola un espai de respecte i de toler\u00e0ncia. Per aix\u00f2, \u00e9s important que tots i totes ens esforcem per saber transmetre-les als nostres infants.<\/p>\n<p>L&#8217;assist\u00e8ncia dels infants \u00e9s fonamental, ja que les activitats estan planificades gradualment. La no assist\u00e8ncia comporta la manca d&#8217;adquisici\u00f3 d&#8217;h\u00e0bits i continguts.<\/p>\n<p>-Com a norma b\u00e0sica es demana que hi hagi <strong>respecte<\/strong> vers les persones i les instal\u00b7lacions.<\/p>\n<p>-Tota <strong>entrada<\/strong> posterior a l&#8217;horari escolar, haur\u00e0 de ser justificada i per la porta principal.<em><span style=\"text-decoration: underline;\"> L&#8217;alumne anir\u00e0 acompanyat de l&#8217;administrativa, del conserge o d&#8217;un mestre\/a<\/span><\/em>.\u00a0A les 9:05 i a les 15:05 es tancaran totes les portes d&#8217;acc\u00e9s al centre. Es prega puntualitat.<\/p>\n<p>-\u00c9s obligatori l&#8217;\u00fas de <strong>xandall<\/strong> per a una millor seguretat dels vostres fills per a les sortides fora del centre.<\/p>\n<p>-En cas que un\/a\u00a0 alumne\/a\u00a0 no pugui realitzar la classe d&#8217;educaci\u00f3 f\u00edsica de manera reiterada, caldr\u00e0 que presenti un justificant m\u00e8dic.<\/p>\n<p>-L&#8217;\u00fas de la <strong>bata <\/strong>\u00e9s obligatori en horari\u00a0 de menjador<span style=\"font-family: inherit; font-size: 1em;\"> a l&#8217; educaci\u00f3 infantil i a cicle inicial.<\/span><\/p>\n<p>-Els\/les alumnes no han d&#8217;assistir a l&#8217;escola en estat <strong>febril<\/strong> ni en cas de <strong>par\u00e0sits<\/strong>. Si un alumne es troba al centre en algun d&#8217;aquests casos, s&#8217;avisar\u00e0 a la fam\u00edlia per\u00a0 tal que el vingui a recollir.<\/p>\n<p>-En cas que un\/a\u00a0 alumne\/a\u00a0 hagi de prendre algun tipus de <strong>medicaci\u00f3<\/strong>, caldr\u00e0 que presenti una autoritzaci\u00f3 signada pels pares i la recepta m\u00e8dica corresponent al\/la mestre\/a\u00a0 tutor\/a.<\/p>\n<p>-Recordem que el dia d&#8217;<strong>entrevista <\/strong>amb els pares i\/o mares \u00e9s el dimarts, dijous o divendres (depenent del tutor)\u00a0 de 12:30 a 13:30. \u00c9s important concertar les visites pr\u00e8viament amb el tutor de l&#8217;alumne\/a.<\/p>\n<p>-Els <strong>aniversaris<\/strong> dels\/les alumnes nom\u00e9s es celebraran a l&#8217;etapa d&#8217;Ed. Infantil. Els\/les alumnes que ho desitgin podran portar esmorzar als seus companys de classe.<\/p>\n<p>-Resta totalment prohibit l&#8217;\u00fas de tel\u00e8fons <strong>m\u00f2bils<\/strong> i de consoles de joc per part dels\/les alumnes dins del recinte escolar.<\/p>\n<p>-Els\/les alumnes que marxin <strong>sols a casa<\/strong> caldr\u00e0 que ho notifiquin al seu tutor\/a presentant la corresponent autoritzaci\u00f3.<\/p>\n<p>-Els\/les alumnes que algun dia puntual no utilitzen el <strong>transport escolar<\/strong> ho hauran de notificar per tel\u00e8fon a la monitora de l&#8217;autob\u00fas i amb una nota a l&#8217; agenda o portadocuments al\/la mestre\/a tutor\/a.<\/p>\n","protected":false},"excerpt":{"rendered":"<p>Les normes de conviv\u00e8ncia acordades pel conjunt de la comunitat educativa, permeten fer de l&#8217;escola un espai de respecte i de toler\u00e0ncia. Per aix\u00f2, \u00e9s important que tots i totes ens esforcem per saber transmetre-les als nostres infants. L&#8217;assist\u00e8ncia dels infants \u00e9s fonamental, ja que les activitats estan planificades gradualment. La no assist\u00e8ncia comporta la [&hellip;]<\/p>\n","protected":false},"author":3,"featured_media":0,"parent":471,"menu_order":0,"comment_status":"closed","ping_status":"open","template":"","meta":{"_bbp_topic_count":0,"_bbp_reply_count":0,"_bbp_total_topic_count":0,"_bbp_total_reply_count":0,"_bbp_voice_count":0,"_bbp_anonymous_reply_count":0,"_bbp_topic_count_hidden":0,"_bbp_reply_count_hidden":0,"_bbp_forum_subforum_count":0,"site-sidebar-layout":"default","site-content-layout":"","ast-site-content-layout":"","site-content-style":"default","site-sidebar-style":"default","ast-global-header-display":"","ast-banner-title-visibility":"","ast-main-header-display":"","ast-hfb-above-header-display":"","ast-hfb-below-header-display":"","ast-hfb-mobile-header-display":"","site-post-title":"","ast-breadcrumbs-content":"","ast-featured-img":"","footer-sml-layout":"","theme-transparent-header-meta":"","adv-header-id-meta":"","stick-header-meta":"","header-above-stick-meta":"","header-main-stick-meta":"","header-below-stick-meta":"","astra-migrate-meta-layouts":"default","ast-page-background-enabled":"default","ast-page-background-meta":{"desktop":{"background-color":"var(--ast-global-color-4)","background-image":"","background-repeat":"repeat","background-position":"center center","background-size":"auto","background-attachment":"scroll","background-type":"","background-media":"","overlay-type":"","overlay-color":"","overlay-opacity":"","overlay-gradient":""},"tablet":{"background-color":"","background-image":"","background-repeat":"repeat","background-position":"center center","background-size":"auto","background-attachment":"scroll","background-type":"","background-media":"","overlay-type":"","overlay-color":"","overlay-opacity":"","overlay-gradient":""},"mobile":{"background-color":"","background-image":"","background-repeat":"repeat","background-position":"center center","background-size":"auto","background-attachment":"scroll","background-type":"","background-media":"","overlay-type":"","overlay-color":"","overlay-opacity":"","overlay-gradient":""}},"ast-content-background-meta":{"desktop":{"background-color":"var(--ast-global-color-5)","background-image":"","background-repeat":"repeat","background-position":"center center","background-size":"auto","background-attachment":"scroll","background-type":"","background-media":"","overlay-type":"","overlay-color":"","overlay-opacity":"","overlay-gradient":""},"tablet":{"background-color":"var(--ast-global-color-5)","background-image":"","background-repeat":"repeat","background-position":"center center","background-size":"auto","background-attachment":"scroll","background-type":"","background-media":"","overlay-type":"","overlay-color":"","overlay-opacity":"","overlay-gradient":""},"mobile":{"background-color":"var(--ast-global-color-5)","background-image":"","background-repeat":"repeat","background-position":"center center","background-size":"auto","background-attachment":"scroll","background-type":"","background-media":"","overlay-type":"","overlay-color":"","overlay-opacity":"","overlay-gradient":""}},"footnotes":""},"class_list":["post-473","page","type-page","status-publish","hentry"],"post_mailing_queue_ids":[],"_links":{"self":[{"href":"https:\/\/agora.xtec.cat\/escolaguillemdeclaramunt\/wp-json\/wp\/v2\/pages\/473","targetHints":{"allow":["GET"]}}],"collection":[{"href":"https:\/\/agora.xtec.cat\/escolaguillemdeclaramunt\/wp-json\/wp\/v2\/pages"}],"about":[{"href":"https:\/\/agora.xtec.cat\/escolaguillemdeclaramunt\/wp-json\/wp\/v2\/types\/page"}],"author":[{"embeddable":true,"href":"https:\/\/agora.xtec.cat\/escolaguillemdeclaramunt\/wp-json\/wp\/v2\/users\/3"}],"replies":[{"embeddable":true,"href":"https:\/\/agora.xtec.cat\/escolaguillemdeclaramunt\/wp-json\/wp\/v2\/comments?post=473"}],"version-history":[{"count":4,"href":"https:\/\/agora.xtec.cat\/escolaguillemdeclaramunt\/wp-json\/wp\/v2\/pages\/473\/revisions"}],"predecessor-version":[{"id":13241,"href":"https:\/\/agora.xtec.cat\/escolaguillemdeclaramunt\/wp-json\/wp\/v2\/pages\/473\/revisions\/13241"}],"up":[{"embeddable":true,"href":"https:\/\/agora.xtec.cat\/escolaguillemdeclaramunt\/wp-json\/wp\/v2\/pages\/471"}],"wp:attachment":[{"href":"https:\/\/agora.xtec.cat\/escolaguillemdeclaramunt\/wp-json\/wp\/v2\/media?parent=473"}],"curies":[{"name":"wp","href":"https:\/\/api.w.org\/{rel}","templated":true}]}}

<p>Les normes de convivència acordades pel conjunt de la comunitat educativa, permeten fer de l&#8217;escola un espai de respecte i de tolerància. Per això, és important que tots i totes ens esforcem per saber transmetre-les als nostres infants.</p>
<p>L&#8217;assistència dels infants és fonamental, ja que les activitats estan planificades gradualment. La no assistència comporta la manca d&#8217;adquisició d&#8217;hàbits i continguts.</p>
<p>-Com a norma bàsica es demana que hi hagi <strong>respecte</strong> vers les persones i les instal·lacions.</p>
<p>-Tota <strong>entrada</strong> posterior a l&#8217;horari escolar, haurà de ser justificada i per la porta principal.<em><span style="text-decoration: underline;"> L&#8217;alumne anirà acompanyat de l&#8217;administrativa, del conserge o d&#8217;un mestre/a</span></em>. A les 9:05 i a les 15:05 es tancaran totes les portes d&#8217;accés al centre. Es prega puntualitat.</p>
<p>-És obligatori l&#8217;ús de <strong>xandall</strong> per a una millor seguretat dels vostres fills per a les sortides fora del centre.</p>
<p>-En cas que un/a  alumne/a  no pugui realitzar la classe d&#8217;educació física de manera reiterada, caldrà que presenti un justificant mèdic.</p>
<p>-L&#8217;ús de la <strong>bata </strong>és obligatori en horari  de menjador<span style="font-family: inherit; font-size: 1em;"> a l&#8217; educació infantil i a cicle inicial.</span></p>
<p>-Els/les alumnes no han d&#8217;assistir a l&#8217;escola en estat <strong>febril</strong> ni en cas de <strong>paràsits</strong>. Si un alumne es troba al centre en algun d&#8217;aquests casos, s&#8217;avisarà a la família per  tal que el vingui a recollir.</p>
<p>-En cas que un/a  alumne/a  hagi de prendre algun tipus de <strong>medicació</strong>, caldrà que presenti una autorització signada pels pares i la recepta mèdica corresponent al/la mestre/a  tutor/a.</p>
<p>-Recordem que el dia d&#8217;<strong>entrevista </strong>amb els pares i/o mares és el dimarts, dijous o divendres (depenent del tutor)  de 12:30 a 13:30. És important concertar les visites prèviament amb el tutor de l&#8217;alumne/a.</p>
<p>-Els <strong>aniversaris</strong> dels/les alumnes només es celebraran a l&#8217;etapa d&#8217;Ed. Infantil. Els/les alumnes que ho desitgin podran portar esmorzar als seus companys de classe.</p>
<p>-Resta totalment prohibit l&#8217;ús de telèfons <strong>mòbils</strong> i de consoles de joc per part dels/les alumnes dins del recinte escolar.</p>
<p>-Els/les alumnes que marxin <strong>sols a casa</strong> caldrà que ho notifiquin al seu tutor/a presentant la corresponent autorització.</p>
<p>-Els/les alumnes que algun dia puntual no utilitzen el <strong>transport escolar</strong> ho hauran de notificar per telèfon a la monitora de l&#8217;autobús i amb una nota a l&#8217; agenda o portadocuments al/la mestre/a tutor/a.</p>

<p>Les normes de convivència acordades pel conjunt de la comunitat educativa, permeten fer de l&#8217;escola un espai de respecte i de tolerància. Per això, és important que tots i totes ens esforcem per saber transmetre-les als nostres infants. L&#8217;assistència dels infants és fonamental, ja que les activitats estan planificades gradualment. La no assistència comporta la [&hellip;]</p>
