{"id":471,"date":"2010-09-21T17:12:45","date_gmt":"2010-09-21T15:12:45","guid":{"rendered":"http:\/\/blocs.xtec.cat\/lasecuita\/?page_id=63"},"modified":"2025-12-17T15:23:06","modified_gmt":"2025-12-17T14:23:06","slug":"el-centre","status":"publish","type":"page","link":"https:\/\/agora.xtec.cat\/escolaguillemdeclaramunt\/el-centre\/","title":{"rendered":"El Centre"},"content":{"rendered":"<p style=\"text-align: justify;\"><strong>IDENTITAT\u00a0 DEL CENTRE:<\/strong><\/p>\n<p><a href=\"https:\/\/agora.xtec.cat\/escolaguillemdeclaramunt\/wp-content\/uploads\/usu1751\/2025\/09\/PEC_LASECUITA-2019.pdf\" target=\"_blank\" rel=\"noopener\">PROJECTE EDUCATIU DEL CENTRE<\/a><\/p>\n<p><a href=\"https:\/\/agora.xtec.cat\/escolaguillemdeclaramunt\/wp-content\/uploads\/usu1751\/2025\/10\/PLA-ANUAL-25-26.pdf\" target=\"_blank\" rel=\"noopener\">PLA ANUAL 25-26<\/a><\/p>\n<p><a href=\"https:\/\/sites.google.com\/egdc.cat\/pladigitaldecentre?usp=sharing\" target=\"_blank\" rel=\"noopener\">ESTRAT\u00c8GIA DIGITAL DE CENTRE<\/a><\/p>\n<p><a href=\"https:\/\/agora.xtec.cat\/escolaguillemdeclaramunt\/wp-content\/uploads\/usu1751\/2019\/01\/PLC-LA-SECUITA-2018-2021.pdf\" target=\"_blank\" rel=\"noopener noreferrer\">PROJECTE LING\u00dc\u00cdSTIC<\/a><\/p>\n<p><a href=\"https:\/\/agora.xtec.cat\/escolaguillemdeclaramunt\/wp-content\/uploads\/usu1751\/2023\/12\/NOFC-2019-20-revisat-MAIG-2023.pdf\" target=\"_blank\" rel=\"noopener\">NOFC<\/a><\/p>\n<p><a href=\"https:\/\/agora.xtec.cat\/escolaguillemdeclaramunt\/wp-content\/uploads\/usu1751\/2021\/09\/CARTA-DE-COMPROMIS-EDUCATIU-2021-22.pdf\" target=\"_blank\" rel=\"noopener\">CARTA DE COMPROM\u00cdS EDUCATIU<\/a><\/p>\n<p><a href=\"https:\/\/agora.xtec.cat\/escolaguillemdeclaramunt\/wp-content\/uploads\/usu1751\/2023\/11\/PLA-DE-COMUNICACIO.pdf\" target=\"_blank\" rel=\"noopener\">PLA DE COMUNICACI\u00d3<\/a><\/p>\n<p>&nbsp;<\/p>\n<p><strong>ALTRES PROJECTES:<\/strong><\/p>\n<p><a href=\"https:\/\/etwinning.es\/es\/\" target=\"_blank\" rel=\"noopener\">PROJECTE ETWINNING<\/a><\/p>\n<p><a href=\"https:\/\/view.genial.ly\/631f0ebc0bfd410011671d82\/interactive-content-la-nostra-biblioteca\" target=\"_blank\" rel=\"noopener\">PROJECTE BIBLIOTECA<\/a><\/p>\n<p><a href=\"http:\/\/agora.xtec.cat\/escolaguillemdeclaramunt\/el-centre\/escoles-verdes\/\" target=\"_blank\" rel=\"noopener\">PROJECTE ESCOLES VERDES<\/a><\/p>\n<p><a href=\"https:\/\/agora.xtec.cat\/escolaguillemdeclaramunt\/el-centre\/continguts-deducacio-infantil\/parlem\/\" target=\"_blank\" rel=\"noopener\">PROJECTE PARLEM<\/a><\/p>\n<p><a href=\"https:\/\/agora.xtec.cat\/escolaguillemdeclaramunt\/projecte-puyanawa\/\" target=\"_blank\" rel=\"noopener\">PROJECTE PUYANAWA<\/a><\/p>\n<p>&nbsp;<\/p>\n<p>&nbsp;<\/p>\n<p><strong>ORGANITZACI\u00d3 DEL CENTRE:<\/strong><\/p>\n<p><a href=\"http:\/\/agora.xtec.cat\/escolaguillemdeclaramunt\/el-centre\/organitzacio-general-del-centre\/\" target=\"_blank\" rel=\"noopener noreferrer\">ORGANITZACI\u00d3 GENERAL DEL CENTRE<\/a><\/p>\n<p><a href=\"http:\/\/agora.xtec.cat\/escolaguillemdeclaramunt\/el-centre\/funcionament-general-del-centre\/\" target=\"_blank\" rel=\"noopener noreferrer\">FUNCIONAMENT GENERAL DEL CENTRE<\/a><\/p>\n<p><a href=\"https:\/\/agora.xtec.cat\/escolaguillemdeclaramunt\/consell-escolar\/\" target=\"_blank\" rel=\"noopener\">CONSELL ESCOLAR<\/a><\/p>\n<p><a href=\"http:\/\/agora.xtec.cat\/escolaguillemdeclaramunt\/el-centre\/professorat\/\" target=\"_blank\" rel=\"noopener noreferrer\">PROFESSORAT<\/a><\/p>\n<p><a href=\"http:\/\/agora.xtec.cat\/escolaguillemdeclaramunt\/el-centre\/informacions-diverses\/\" target=\"_blank\" rel=\"noopener noreferrer\">INFORMACIONS DIVERSES<\/a><\/p>\n<p><a href=\"http:\/\/agora.xtec.cat\/escolaguillemdeclaramunt\/el-centre\/formacio-families\/\" target=\"_blank\" rel=\"noopener noreferrer\">FORMACI\u00d3 PER LES FAM\u00cdLIES<\/a><\/p>\n<p><a href=\"https:\/\/agora.xtec.cat\/escolaguillemdeclaramunt\/?page_id=12722&amp;preview=true\" target=\"_blank\" rel=\"noopener\">AUTORITZACIONS<\/a><\/p>\n<p>&nbsp;<\/p>\n<p>&nbsp;<\/p>\n<p>&nbsp;<\/p>\n<p>&nbsp;<\/p>\n","protected":false},"excerpt":{"rendered":"<p>IDENTITAT\u00a0 DEL CENTRE: PROJECTE EDUCATIU DEL CENTRE PLA ANUAL 25-26 ESTRAT\u00c8GIA DIGITAL DE CENTRE PROJECTE LING\u00dc\u00cdSTIC NOFC CARTA DE COMPROM\u00cdS EDUCATIU PLA DE COMUNICACI\u00d3 &nbsp; ALTRES PROJECTES: PROJECTE ETWINNING PROJECTE BIBLIOTECA PROJECTE ESCOLES VERDES PROJECTE PARLEM PROJECTE PUYANAWA &nbsp; &nbsp; ORGANITZACI\u00d3 DEL CENTRE: ORGANITZACI\u00d3 GENERAL DEL CENTRE FUNCIONAMENT GENERAL DEL CENTRE CONSELL ESCOLAR PROFESSORAT INFORMACIONS [&hellip;]<\/p>\n","protected":false},"author":3,"featured_media":0,"parent":0,"menu_order":6,"comment_status":"closed","ping_status":"closed","template":"","meta":{"_bbp_topic_count":0,"_bbp_reply_count":0,"_bbp_total_topic_count":0,"_bbp_total_reply_count":0,"_bbp_voice_count":0,"_bbp_anonymous_reply_count":0,"_bbp_topic_count_hidden":0,"_bbp_reply_count_hidden":0,"_bbp_forum_subforum_count":0,"site-sidebar-layout":"no-sidebar","site-content-layout":"","ast-site-content-layout":"default","site-content-style":"default","site-sidebar-style":"default","ast-global-header-display":"","ast-banner-title-visibility":"","ast-main-header-display":"","ast-hfb-above-header-display":"","ast-hfb-below-header-display":"","ast-hfb-mobile-header-display":"","site-post-title":"","ast-breadcrumbs-content":"","ast-featured-img":"","footer-sml-layout":"","theme-transparent-header-meta":"default","adv-header-id-meta":"","stick-header-meta":"","header-above-stick-meta":"","header-main-stick-meta":"","header-below-stick-meta":"","astra-migrate-meta-layouts":"set","ast-page-background-enabled":"default","ast-page-background-meta":{"desktop":{"background-color":"var(--ast-global-color-4)","background-image":"","background-repeat":"repeat","background-position":"center center","background-size":"auto","background-attachment":"scroll","background-type":"","background-media":"","overlay-type":"","overlay-color":"","overlay-opacity":"","overlay-gradient":""},"tablet":{"background-color":"","background-image":"","background-repeat":"repeat","background-position":"center center","background-size":"auto","background-attachment":"scroll","background-type":"","background-media":"","overlay-type":"","overlay-color":"","overlay-opacity":"","overlay-gradient":""},"mobile":{"background-color":"","background-image":"","background-repeat":"repeat","background-position":"center center","background-size":"auto","background-attachment":"scroll","background-type":"","background-media":"","overlay-type":"","overlay-color":"","overlay-opacity":"","overlay-gradient":""}},"ast-content-background-meta":{"desktop":{"background-color":"var(--ast-global-color-5)","background-image":"","background-repeat":"repeat","background-position":"center center","background-size":"auto","background-attachment":"scroll","background-type":"","background-media":"","overlay-type":"","overlay-color":"","overlay-opacity":"","overlay-gradient":""},"tablet":{"background-color":"var(--ast-global-color-5)","background-image":"","background-repeat":"repeat","background-position":"center center","background-size":"auto","background-attachment":"scroll","background-type":"","background-media":"","overlay-type":"","overlay-color":"","overlay-opacity":"","overlay-gradient":""},"mobile":{"background-color":"var(--ast-global-color-5)","background-image":"","background-repeat":"repeat","background-position":"center center","background-size":"auto","background-attachment":"scroll","background-type":"","background-media":"","overlay-type":"","overlay-color":"","overlay-opacity":"","overlay-gradient":""}},"footnotes":""},"class_list":["post-471","page","type-page","status-publish","hentry"],"post_mailing_queue_ids":[],"_links":{"self":[{"href":"https:\/\/agora.xtec.cat\/escolaguillemdeclaramunt\/wp-json\/wp\/v2\/pages\/471","targetHints":{"allow":["GET"]}}],"collection":[{"href":"https:\/\/agora.xtec.cat\/escolaguillemdeclaramunt\/wp-json\/wp\/v2\/pages"}],"about":[{"href":"https:\/\/agora.xtec.cat\/escolaguillemdeclaramunt\/wp-json\/wp\/v2\/types\/page"}],"author":[{"embeddable":true,"href":"https:\/\/agora.xtec.cat\/escolaguillemdeclaramunt\/wp-json\/wp\/v2\/users\/3"}],"replies":[{"embeddable":true,"href":"https:\/\/agora.xtec.cat\/escolaguillemdeclaramunt\/wp-json\/wp\/v2\/comments?post=471"}],"version-history":[{"count":6,"href":"https:\/\/agora.xtec.cat\/escolaguillemdeclaramunt\/wp-json\/wp\/v2\/pages\/471\/revisions"}],"predecessor-version":[{"id":14038,"href":"https:\/\/agora.xtec.cat\/escolaguillemdeclaramunt\/wp-json\/wp\/v2\/pages\/471\/revisions\/14038"}],"wp:attachment":[{"href":"https:\/\/agora.xtec.cat\/escolaguillemdeclaramunt\/wp-json\/wp\/v2\/media?parent=471"}],"curies":[{"name":"wp","href":"https:\/\/api.w.org\/{rel}","templated":true}]}}

<p style="text-align: justify;"><strong>IDENTITAT  DEL CENTRE:</strong></p>
<p><a href="https://agora.xtec.cat/escolaguillemdeclaramunt/wp-content/uploads/usu1751/2025/09/PEC_LASECUITA-2019.pdf" target="_blank" rel="noopener">PROJECTE EDUCATIU DEL CENTRE</a></p>
<p><a href="https://agora.xtec.cat/escolaguillemdeclaramunt/wp-content/uploads/usu1751/2025/10/PLA-ANUAL-25-26.pdf" target="_blank" rel="noopener">PLA ANUAL 25-26</a></p>
<p><a href="https://sites.google.com/egdc.cat/pladigitaldecentre?usp=sharing" target="_blank" rel="noopener">ESTRATÈGIA DIGITAL DE CENTRE</a></p>
<p><a href="https://agora.xtec.cat/escolaguillemdeclaramunt/wp-content/uploads/usu1751/2019/01/PLC-LA-SECUITA-2018-2021.pdf" target="_blank" rel="noopener noreferrer">PROJECTE LINGÜÍSTIC</a></p>
<p><a href="https://agora.xtec.cat/escolaguillemdeclaramunt/wp-content/uploads/usu1751/2023/12/NOFC-2019-20-revisat-MAIG-2023.pdf" target="_blank" rel="noopener">NOFC</a></p>
<p><a href="https://agora.xtec.cat/escolaguillemdeclaramunt/wp-content/uploads/usu1751/2021/09/CARTA-DE-COMPROMIS-EDUCATIU-2021-22.pdf" target="_blank" rel="noopener">CARTA DE COMPROMÍS EDUCATIU</a></p>
<p><a href="https://agora.xtec.cat/escolaguillemdeclaramunt/wp-content/uploads/usu1751/2023/11/PLA-DE-COMUNICACIO.pdf" target="_blank" rel="noopener">PLA DE COMUNICACIÓ</a></p>
<p>&nbsp;</p>
<p><strong>ALTRES PROJECTES:</strong></p>
<p><a href="https://etwinning.es/es/" target="_blank" rel="noopener">PROJECTE ETWINNING</a></p>
<p><a href="https://view.genial.ly/631f0ebc0bfd410011671d82/interactive-content-la-nostra-biblioteca" target="_blank" rel="noopener">PROJECTE BIBLIOTECA</a></p>
<p><a href="http://agora.xtec.cat/escolaguillemdeclaramunt/el-centre/escoles-verdes/" target="_blank" rel="noopener">PROJECTE ESCOLES VERDES</a></p>
<p><a href="https://agora.xtec.cat/escolaguillemdeclaramunt/el-centre/continguts-deducacio-infantil/parlem/" target="_blank" rel="noopener">PROJECTE PARLEM</a></p>
<p><a href="https://agora.xtec.cat/escolaguillemdeclaramunt/projecte-puyanawa/" target="_blank" rel="noopener">PROJECTE PUYANAWA</a></p>
<p>&nbsp;</p>
<p>&nbsp;</p>
<p><strong>ORGANITZACIÓ DEL CENTRE:</strong></p>
<p><a href="http://agora.xtec.cat/escolaguillemdeclaramunt/el-centre/organitzacio-general-del-centre/" target="_blank" rel="noopener noreferrer">ORGANITZACIÓ GENERAL DEL CENTRE</a></p>
<p><a href="http://agora.xtec.cat/escolaguillemdeclaramunt/el-centre/funcionament-general-del-centre/" target="_blank" rel="noopener noreferrer">FUNCIONAMENT GENERAL DEL CENTRE</a></p>
<p><a href="https://agora.xtec.cat/escolaguillemdeclaramunt/consell-escolar/" target="_blank" rel="noopener">CONSELL ESCOLAR</a></p>
<p><a href="http://agora.xtec.cat/escolaguillemdeclaramunt/el-centre/professorat/" target="_blank" rel="noopener noreferrer">PROFESSORAT</a></p>
<p><a href="http://agora.xtec.cat/escolaguillemdeclaramunt/el-centre/informacions-diverses/" target="_blank" rel="noopener noreferrer">INFORMACIONS DIVERSES</a></p>
<p><a href="http://agora.xtec.cat/escolaguillemdeclaramunt/el-centre/formacio-families/" target="_blank" rel="noopener noreferrer">FORMACIÓ PER LES FAMÍLIES</a></p>
<p><a href="https://agora.xtec.cat/escolaguillemdeclaramunt/?page_id=12722&amp;preview=true" target="_blank" rel="noopener">AUTORITZACIONS</a></p>
<p>&nbsp;</p>
<p>&nbsp;</p>
<p>&nbsp;</p>
<p>&nbsp;</p>

<p>IDENTITAT  DEL CENTRE: PROJECTE EDUCATIU DEL CENTRE PLA ANUAL 25-26 ESTRATÈGIA DIGITAL DE CENTRE PROJECTE LINGÜÍSTIC NOFC CARTA DE COMPROMÍS EDUCATIU PLA DE COMUNICACIÓ &nbsp; ALTRES PROJECTES: PROJECTE ETWINNING PROJECTE BIBLIOTECA PROJECTE ESCOLES VERDES PROJECTE PARLEM PROJECTE PUYANAWA &nbsp; &nbsp; ORGANITZACIÓ DEL CENTRE: ORGANITZACIÓ GENERAL DEL CENTRE FUNCIONAMENT GENERAL DEL CENTRE CONSELL ESCOLAR PROFESSORAT INFORMACIONS [&hellip;]</p>
