{"id":562,"date":"2018-09-02T20:51:13","date_gmt":"2018-09-02T18:51:13","guid":{"rendered":"http:\/\/agora.xtec.cat\/escolagracia\/?page_id=562"},"modified":"2026-01-16T11:48:10","modified_gmt":"2026-01-16T10:48:10","slug":"projectes-i-activitats","status":"publish","type":"page","link":"https:\/\/agora.xtec.cat\/escolagracia\/projectes-i-activitats\/","title":{"rendered":"TEIXINT VINCLES"},"content":{"rendered":"<p>Anirem construint projectes a mesura que la comunitat educativa vagi creixent i es vagi consolidant.<\/p>\n<ul>\n<li><strong>Projecte<\/strong>\u00a0 &#8220;<strong>El dia que ens vam con\u00e8ixer<\/strong>&#8220;. Durant els mesos de juny i juliol les mestres tutores dels grups d&#8217;infants de 3 anys, visiten les escoles bressol, grups de crian\u00e7a, mare de dia, &#8230; els espais d&#8217;on venen els nens i nenes, amb l&#8217;objectiu d&#8217;establir el vincle entre educadores de l&#8217;etapa 0-3, l&#8217;infant i la que ser\u00e0 la nova mestra a la nostra escola. Aquest vincle es mant\u00e9 durant tot l&#8217;any, amb una visita a la nostra escola de les educadores per compartir un esmorzar que preparen els mateixos infants.<\/li>\n<\/ul>\n<p>&nbsp;<\/p>\n<ul>\n<li><strong>Projecte Les Arts esc\u00e8niques a l&#8217;escola.<\/strong> Cada divendres les mestres representem una obra de teatre per als infants del cicle d&#8217;infantil. El teatre ser\u00e0 l&#8217;eix motivador del projecte d&#8217;escola al llarg de tota l&#8217;escolaritzaci\u00f3. Iniciem amb el teatre de mestres per, m\u00e9s endavant, fer-ne un eix d&#8217;aprenentatge per als infants amb la seva participaci\u00f3 activa. A prim\u00e0ria ja ser\u00e0n els mateixos infants qui elaboraran els seus projectes esc\u00e8nics.<\/li>\n<\/ul>\n<p>&nbsp;<\/p>\n<ul>\n<li>Seguim treballant amb la Comissi\u00f3 Espais mixta, mestres i fam\u00edlies, per dissenyar i viure l&#8217;espai exterior com un Jard\u00ed i fer-lo cada vegada m\u00e9s verd. Tamb\u00e9 comptem amb la participaci\u00f3 dels infants per tenir cura de les plantes i pensar nous elements naturals que anem incorporant.<\/li>\n<\/ul>\n<p>&nbsp;<\/p>\n<ul>\n<li>Els vincles que hem fet amb el Jard\u00ed del Silenci, ens permet oferir als infants la descoberta i la responsabilitat tamb\u00e9 de cuidar un Espai Verd del barri.<\/li>\n<\/ul>\n<p>&nbsp;<\/p>\n<ul>\n<li>A I5 iniciem el <strong>Consell d&#8217;Infants<\/strong> per promoure la Participaci\u00f3 Activa i responsable dels infants en el dia a dia de l&#8217;escola i treballar valors de Cooperaci\u00f3, Solidaritat i de Comprom\u00eds. Organitzem Assemblees i trobades entre les Conselleres dels dos grups de I5 (son les seves representants) i la Directora i la Cap d&#8217;Estudis.<\/li>\n<\/ul>\n<p>&nbsp;<\/p>\n<ul>\n<li>Participem en el<strong> Projecte de Voluntariat<\/strong>\u00a0a l&#8217;escola amb mestres jubilades.<\/li>\n<\/ul>\n<p>&nbsp;<\/p>\n<ul>\n<li>Celebrem <strong>Festes Populars i Tradicionals del barri i del pa\u00eds<\/strong> (La Castanyada, Santa Cec\u00edlia, Nadal, Foguerons de Gr\u00e0cia, Sant Medir i Sant Jordi) per con\u00e8ixer, estimar i difondre la Cultura Popular i les nostres arrels.<\/li>\n<\/ul>\n<p>&nbsp;<\/p>\n<ul>\n<li>Gaudim de les <strong>Sortides<\/strong> a peu pel barri, i dins i fora de la ciutat i a la natura, i de les <strong>Col\u00f2nies<\/strong> a partir de P5 i fins a 6\u00e8. Volem oferir als infants l&#8217;oportunitat de con\u00e8ixer l&#8217;entorn m\u00e9s proper i els entorns naturals del territori.<\/li>\n<\/ul>\n<p>&nbsp;<\/p>\n<ul>\n<li>Com Escola P\u00fablica que som, <strong>treballem\u00a0en xarxa amb les escoles<\/strong> que tenim a prop per potenciar les relacions i vincles de conviv\u00e8ncia entre els infants i entre els equips docents.<a href=\"https:\/\/agora.xtec.cat\/escolagracia\/wp-content\/uploads\/usu1083\/2020\/05\/JARDI\u0301-DEL-SILENCI.jpg\"><img loading=\"lazy\" decoding=\"async\" class=\"wp-image-1162 alignleft\" src=\"https:\/\/agora.xtec.cat\/escolagracia\/wp-content\/uploads\/usu1083\/2020\/05\/JARDI\u0301-DEL-SILENCI-1024x768.jpg\" alt=\"\" width=\"592\" height=\"444\" srcset=\"https:\/\/agora.xtec.cat\/escolagracia\/wp-content\/uploads\/usu1083\/2020\/05\/JARDI\u0301-DEL-SILENCI-1024x768.jpg 1024w, https:\/\/agora.xtec.cat\/escolagracia\/wp-content\/uploads\/usu1083\/2020\/05\/JARDI\u0301-DEL-SILENCI-300x225.jpg 300w, https:\/\/agora.xtec.cat\/escolagracia\/wp-content\/uploads\/usu1083\/2020\/05\/JARDI\u0301-DEL-SILENCI-768x576.jpg 768w, https:\/\/agora.xtec.cat\/escolagracia\/wp-content\/uploads\/usu1083\/2020\/05\/JARDI\u0301-DEL-SILENCI-200x150.jpg 200w, https:\/\/agora.xtec.cat\/escolagracia\/wp-content\/uploads\/usu1083\/2020\/05\/JARDI\u0301-DEL-SILENCI.jpg 1701w\" sizes=\"auto, (max-width: 592px) 100vw, 592px\" \/><\/a><\/li>\n<\/ul>\n<p>&nbsp;<\/p>\n","protected":false},"excerpt":{"rendered":"<p>Anirem construint projectes a mesura que la comunitat educativa vagi creixent i es vagi consolidant.<\/p>\n<ul>\n<li>Projecte\u00a0 &#8220;El dia que ens vam con\u00e8ixer&#8220;. Durant els mesos de juny i juliol les mestres tutores dels grups d&#8217;infants de 3 anys, visiten les escoles bressol, grups de crian\u00e7a, mare&hellip;  <a href=\"https:\/\/agora.xtec.cat\/escolagracia\/projectes-i-activitats\/\" title=\"Read TEIXINT VINCLES\">Llegeix m\u00e9s\u00bb<\/a><br \/>\n","protected":false},"author":1,"featured_media":0,"parent":0,"menu_order":0,"comment_status":"closed","ping_status":"closed","template":"page-templates\/side-menu.php","meta":{"_bbp_topic_count":0,"_bbp_reply_count":0,"_bbp_total_topic_count":0,"_bbp_total_reply_count":0,"_bbp_voice_count":0,"_bbp_anonymous_reply_count":0,"_bbp_topic_count_hidden":0,"_bbp_reply_count_hidden":0,"_bbp_forum_subforum_count":0,"footnotes":""},"class_list":["post-562","page","type-page","status-publish","hentry"],"post_mailing_queue_ids":[],"_links":{"self":[{"href":"https:\/\/agora.xtec.cat\/escolagracia\/wp-json\/wp\/v2\/pages\/562","targetHints":{"allow":["GET"]}}],"collection":[{"href":"https:\/\/agora.xtec.cat\/escolagracia\/wp-json\/wp\/v2\/pages"}],"about":[{"href":"https:\/\/agora.xtec.cat\/escolagracia\/wp-json\/wp\/v2\/types\/page"}],"author":[{"embeddable":true,"href":"https:\/\/agora.xtec.cat\/escolagracia\/wp-json\/wp\/v2\/users\/1"}],"replies":[{"embeddable":true,"href":"https:\/\/agora.xtec.cat\/escolagracia\/wp-json\/wp\/v2\/comments?post=562"}],"version-history":[{"count":6,"href":"https:\/\/agora.xtec.cat\/escolagracia\/wp-json\/wp\/v2\/pages\/562\/revisions"}],"predecessor-version":[{"id":2412,"href":"https:\/\/agora.xtec.cat\/escolagracia\/wp-json\/wp\/v2\/pages\/562\/revisions\/2412"}],"wp:attachment":[{"href":"https:\/\/agora.xtec.cat\/escolagracia\/wp-json\/wp\/v2\/media?parent=562"}],"curies":[{"name":"wp","href":"https:\/\/api.w.org\/{rel}","templated":true}]}}