{"id":77,"date":"2014-09-18T14:05:08","date_gmt":"2014-09-18T13:05:08","guid":{"rendered":"http:\/\/agora.xtec.cat\/escolagironella\/?page_id=77"},"modified":"2025-09-16T09:19:22","modified_gmt":"2025-09-16T07:19:22","slug":"acollida","status":"publish","type":"page","link":"https:\/\/agora.xtec.cat\/escolagironella\/serveis\/acollida\/","title":{"rendered":"Acollida matinal"},"content":{"rendered":"<p style=\"text-align: justify;\">S&#8217;ofereix aquest servei per tot l&#8217;alumnat de l&#8217;escola, d&#8217;I3 a P6, a l&#8217;edifici del menjador. L&#8217;horari de l&#8217;acollida matinal \u00e9s de 8 del mat\u00ed a 9h. Aquest servei el gestiona l&#8217;empresa de menjador.<\/p>\n<p style=\"text-align: justify;\">Les fam\u00edlies que necessiteu fer \u00fas d&#8217;aquest servei ho podeu fer de manera espor\u00e0dica o fix.<\/p>\n<p style=\"text-align: justify;\">Per apuntar-vos ho podeu fer mitjan\u00e7ant aquest <a href=\"http:\/\/www.abacserveis.com\/activitats-extraescolars\">enlla\u00e7<\/a>.<\/p>\n<div style=\"text-align: justify;\">Veureu que aquest any la inscripci\u00f3 ser\u00e0 a trav\u00e9s d&#8217;un aplicatiu web molt f\u00e0cil d&#8217;utilitzar. De totes<\/div>\n<div><\/div>\n<div style=\"text-align: justify;\">maneres, al mateix enlla\u00e7 de la inscripci\u00f3 hi ha adjunt un PDF on trobareu els passos a seguir per si us<\/div>\n<div><\/div>\n<div style=\"text-align: justify;\">sorgeix algun dubte.<\/div>\n","protected":false},"excerpt":{"rendered":"<p>S&#8217;ofereix aquest servei per tot l&#8217;alumnat de l&#8217;escola, d&#8217;I3 a P6, a l&#8217;edifici del menjador. L&#8217;horari de l&#8217;acollida matinal \u00e9s de 8 del mat\u00ed a 9h. Aquest servei el gestiona l&#8217;empresa de menjador. Les fam\u00edlies que necessiteu fer \u00fas d&#8217;aquest servei ho podeu fer de manera espor\u00e0dica o fix. Per apuntar-vos ho podeu fer mitjan\u00e7ant [&hellip;]<\/p>\n","protected":false},"author":1,"featured_media":0,"parent":66,"menu_order":20,"comment_status":"closed","ping_status":"closed","template":"","meta":{"_bbp_topic_count":0,"_bbp_reply_count":0,"_bbp_total_topic_count":0,"_bbp_total_reply_count":0,"_bbp_voice_count":0,"_bbp_anonymous_reply_count":0,"_bbp_topic_count_hidden":0,"_bbp_reply_count_hidden":0,"_bbp_forum_subforum_count":0,"site-sidebar-layout":"default","site-content-layout":"","ast-site-content-layout":"default","site-content-style":"default","site-sidebar-style":"default","ast-global-header-display":"","ast-banner-title-visibility":"","ast-main-header-display":"","ast-hfb-above-header-display":"","ast-hfb-below-header-display":"","ast-hfb-mobile-header-display":"","site-post-title":"","ast-breadcrumbs-content":"","ast-featured-img":"","footer-sml-layout":"","theme-transparent-header-meta":"default","adv-header-id-meta":"","stick-header-meta":"","header-above-stick-meta":"","header-main-stick-meta":"","header-below-stick-meta":"","astra-migrate-meta-layouts":"set","ast-page-background-enabled":"default","ast-page-background-meta":{"desktop":{"background-color":"var(--ast-global-color-4)","background-image":"","background-repeat":"repeat","background-position":"center center","background-size":"auto","background-attachment":"scroll","background-type":"","background-media":"","overlay-type":"","overlay-color":"","overlay-opacity":"","overlay-gradient":""},"tablet":{"background-color":"","background-image":"","background-repeat":"repeat","background-position":"center center","background-size":"auto","background-attachment":"scroll","background-type":"","background-media":"","overlay-type":"","overlay-color":"","overlay-opacity":"","overlay-gradient":""},"mobile":{"background-color":"","background-image":"","background-repeat":"repeat","background-position":"center center","background-size":"auto","background-attachment":"scroll","background-type":"","background-media":"","overlay-type":"","overlay-color":"","overlay-opacity":"","overlay-gradient":""}},"ast-content-background-meta":{"desktop":{"background-color":"var(--ast-global-color-5)","background-image":"","background-repeat":"repeat","background-position":"center center","background-size":"auto","background-attachment":"scroll","background-type":"","background-media":"","overlay-type":"","overlay-color":"","overlay-opacity":"","overlay-gradient":""},"tablet":{"background-color":"var(--ast-global-color-5)","background-image":"","background-repeat":"repeat","background-position":"center center","background-size":"auto","background-attachment":"scroll","background-type":"","background-media":"","overlay-type":"","overlay-color":"","overlay-opacity":"","overlay-gradient":""},"mobile":{"background-color":"var(--ast-global-color-5)","background-image":"","background-repeat":"repeat","background-position":"center center","background-size":"auto","background-attachment":"scroll","background-type":"","background-media":"","overlay-type":"","overlay-color":"","overlay-opacity":"","overlay-gradient":""}},"footnotes":""},"class_list":["post-77","page","type-page","status-publish","hentry"],"post_mailing_queue_ids":[],"_links":{"self":[{"href":"https:\/\/agora.xtec.cat\/escolagironella\/wp-json\/wp\/v2\/pages\/77","targetHints":{"allow":["GET"]}}],"collection":[{"href":"https:\/\/agora.xtec.cat\/escolagironella\/wp-json\/wp\/v2\/pages"}],"about":[{"href":"https:\/\/agora.xtec.cat\/escolagironella\/wp-json\/wp\/v2\/types\/page"}],"author":[{"embeddable":true,"href":"https:\/\/agora.xtec.cat\/escolagironella\/wp-json\/wp\/v2\/users\/1"}],"replies":[{"embeddable":true,"href":"https:\/\/agora.xtec.cat\/escolagironella\/wp-json\/wp\/v2\/comments?post=77"}],"version-history":[{"count":6,"href":"https:\/\/agora.xtec.cat\/escolagironella\/wp-json\/wp\/v2\/pages\/77\/revisions"}],"predecessor-version":[{"id":12131,"href":"https:\/\/agora.xtec.cat\/escolagironella\/wp-json\/wp\/v2\/pages\/77\/revisions\/12131"}],"up":[{"embeddable":true,"href":"https:\/\/agora.xtec.cat\/escolagironella\/wp-json\/wp\/v2\/pages\/66"}],"wp:attachment":[{"href":"https:\/\/agora.xtec.cat\/escolagironella\/wp-json\/wp\/v2\/media?parent=77"}],"curies":[{"name":"wp","href":"https:\/\/api.w.org\/{rel}","templated":true}]}}