{"id":26,"date":"2014-09-18T12:24:32","date_gmt":"2014-09-18T11:24:32","guid":{"rendered":"http:\/\/agora.xtec.cat\/escolagironella\/?page_id=26"},"modified":"2015-12-10T16:54:32","modified_gmt":"2015-12-10T15:54:32","slug":"historia","status":"publish","type":"page","link":"https:\/\/agora.xtec.cat\/escolagironella\/lescola\/historia\/","title":{"rendered":"Hist\u00f2ria"},"content":{"rendered":"<p>Des del 29 d\u2019abril de 1928 fins a l\u2019actualitat gaireb\u00e9 han passat m\u00e9s de 75 anys de la fundaci\u00f3 de la nostra escola. Les parets, les aules i els jardins n\u2019han vist de tots colors, des de la dictadura d\u2019en Primo de Rivera, la Rep\u00fablica, la Guerra Civil, la Dictadura i la Democr\u00e0cia. Generacions de gironellencs i gironellenques han passat per les nostres aules. <\/p>\n<p>La construcci\u00f3 del nostre Centre va \u00e9sser una de les obres centrals del popular batlle Cortichs, el somni del qual era aconseguir una bona instrucci\u00f3 pel progr\u00e9s dels pobles i millorar l\u2019analfabetisme de la classe treballadora. <\/p>\n<p>Per aix\u00f2 l\u2019any 1922 va comprar uns terrenys i el primer que es va fer, va \u00e9sser construir cases pels i per les mestres, per intentar atraure bons educadors -no fos que no en volgu\u00e9s venir cap a un poble petit-, i l\u2019any 1.926 comen\u00e7\u00e0 els dos edificis grans, espaiosos, amb parets gruixudes i pedres a les fa\u00e7anes un edifici per nens i l\u2019altre per nenes, i fou inaugurada el 29 d&#8217;abril de 1928. <\/p>\n<p>Des de llavors fins ara la comunitat educativa ( pares, mestres i alumnes ) han estat treballant amb vocaci\u00f3 i esfor\u00e7 per guanyar el respecte i la confian\u00e7a de la poblaci\u00f3. <\/p>\n<p>L\u2019any 1978 es va iniciar l&#8217;aprenentatge del catal\u00e0. Hem estat una de les primeres escoles catalanes de la comarca. Vam canviar el nom de &#8221; Grupo Escolar Milans de Bosch&#8221; a &#8220;COL\u00b7LEGI P\u00daBLIC GIRONELLA&#8221; fins aconseguir una escola plural, oberta i integradora, que presumeix d\u2019haver sabut adaptar l\u2019ensenyament a les necessitats d\u2019una societat canviant, i multicultural, obrint l\u2019escola al municipi i a la comarca. Atendre la diversitat de l\u2019alumnat \u00e9s una prioritat fonamental. <\/p>\n","protected":false},"excerpt":{"rendered":"<p>Des del 29 d\u2019abril de 1928 fins a l\u2019actualitat gaireb\u00e9 han passat m\u00e9s de 75 anys de la fundaci\u00f3 de la nostra escola. Les parets, les aules i els jardins n\u2019han vist de tots colors, des de la dictadura d\u2019en Primo de Rivera, la Rep\u00fablica, la Guerra Civil, la Dictadura i la Democr\u00e0cia. Generacions de [&hellip;]<\/p>\n","protected":false},"author":1,"featured_media":0,"parent":22,"menu_order":20,"comment_status":"closed","ping_status":"closed","template":"page-templates\/side-menu.php","meta":{"_bbp_topic_count":0,"_bbp_reply_count":0,"_bbp_total_topic_count":0,"_bbp_total_reply_count":0,"_bbp_voice_count":0,"_bbp_anonymous_reply_count":0,"_bbp_topic_count_hidden":0,"_bbp_reply_count_hidden":0,"_bbp_forum_subforum_count":0,"site-sidebar-layout":"default","site-content-layout":"","ast-site-content-layout":"","site-content-style":"default","site-sidebar-style":"default","ast-global-header-display":"","ast-banner-title-visibility":"","ast-main-header-display":"","ast-hfb-above-header-display":"","ast-hfb-below-header-display":"","ast-hfb-mobile-header-display":"","site-post-title":"","ast-breadcrumbs-content":"","ast-featured-img":"","footer-sml-layout":"","theme-transparent-header-meta":"","adv-header-id-meta":"","stick-header-meta":"","header-above-stick-meta":"","header-main-stick-meta":"","header-below-stick-meta":"","astra-migrate-meta-layouts":"default","ast-page-background-enabled":"default","ast-page-background-meta":{"desktop":{"background-color":"var(--ast-global-color-4)","background-image":"","background-repeat":"repeat","background-position":"center center","background-size":"auto","background-attachment":"scroll","background-type":"","background-media":"","overlay-type":"","overlay-color":"","overlay-opacity":"","overlay-gradient":""},"tablet":{"background-color":"","background-image":"","background-repeat":"repeat","background-position":"center center","background-size":"auto","background-attachment":"scroll","background-type":"","background-media":"","overlay-type":"","overlay-color":"","overlay-opacity":"","overlay-gradient":""},"mobile":{"background-color":"","background-image":"","background-repeat":"repeat","background-position":"center center","background-size":"auto","background-attachment":"scroll","background-type":"","background-media":"","overlay-type":"","overlay-color":"","overlay-opacity":"","overlay-gradient":""}},"ast-content-background-meta":{"desktop":{"background-color":"var(--ast-global-color-5)","background-image":"","background-repeat":"repeat","background-position":"center center","background-size":"auto","background-attachment":"scroll","background-type":"","background-media":"","overlay-type":"","overlay-color":"","overlay-opacity":"","overlay-gradient":""},"tablet":{"background-color":"var(--ast-global-color-5)","background-image":"","background-repeat":"repeat","background-position":"center center","background-size":"auto","background-attachment":"scroll","background-type":"","background-media":"","overlay-type":"","overlay-color":"","overlay-opacity":"","overlay-gradient":""},"mobile":{"background-color":"var(--ast-global-color-5)","background-image":"","background-repeat":"repeat","background-position":"center center","background-size":"auto","background-attachment":"scroll","background-type":"","background-media":"","overlay-type":"","overlay-color":"","overlay-opacity":"","overlay-gradient":""}},"footnotes":""},"class_list":["post-26","page","type-page","status-publish","hentry"],"post_mailing_queue_ids":[],"_links":{"self":[{"href":"https:\/\/agora.xtec.cat\/escolagironella\/wp-json\/wp\/v2\/pages\/26","targetHints":{"allow":["GET"]}}],"collection":[{"href":"https:\/\/agora.xtec.cat\/escolagironella\/wp-json\/wp\/v2\/pages"}],"about":[{"href":"https:\/\/agora.xtec.cat\/escolagironella\/wp-json\/wp\/v2\/types\/page"}],"author":[{"embeddable":true,"href":"https:\/\/agora.xtec.cat\/escolagironella\/wp-json\/wp\/v2\/users\/1"}],"replies":[{"embeddable":true,"href":"https:\/\/agora.xtec.cat\/escolagironella\/wp-json\/wp\/v2\/comments?post=26"}],"version-history":[{"count":2,"href":"https:\/\/agora.xtec.cat\/escolagironella\/wp-json\/wp\/v2\/pages\/26\/revisions"}],"predecessor-version":[{"id":351,"href":"https:\/\/agora.xtec.cat\/escolagironella\/wp-json\/wp\/v2\/pages\/26\/revisions\/351"}],"up":[{"embeddable":true,"href":"https:\/\/agora.xtec.cat\/escolagironella\/wp-json\/wp\/v2\/pages\/22"}],"wp:attachment":[{"href":"https:\/\/agora.xtec.cat\/escolagironella\/wp-json\/wp\/v2\/media?parent=26"}],"curies":[{"name":"wp","href":"https:\/\/api.w.org\/{rel}","templated":true}]}}