{"id":11525,"date":"2023-01-25T14:05:21","date_gmt":"2023-01-25T13:05:21","guid":{"rendered":"https:\/\/agora.xtec.cat\/escolagironella\/?page_id=11525"},"modified":"2023-01-25T14:05:21","modified_gmt":"2023-01-25T13:05:21","slug":"p2-projecte-bosc","status":"publish","type":"page","link":"https:\/\/agora.xtec.cat\/escolagironella\/p2-projecte-bosc\/","title":{"rendered":"P2 &#8211; Projecte Bosc"},"content":{"rendered":"<p>En el\u00a0 <strong>Projecte Boscos del Bergued\u00e0<\/strong> es porten a terme diferents activitats al voltant de la tem\u00e0tica de la vegetaci\u00f3 i el bosc com a ecosistema.<\/p>\n<p>Aquest projecte doncs, pret\u00e9n ser una\u00a0<strong>guia <\/strong>\u00a0sobre els diferents aspectes importants que cal fixar-se per con\u00e8ixer el\u00a0<strong>bosc com a ecosistema<\/strong>\u00a0i com a entorn d\u2019aprenentatge. Si pensem en el Bergued\u00e0, segurament ens imaginarem un paisatge dominat per muntanyes i per boscos, i \u00e9s per aquest motiu que cal donar-li la import\u00e0ncia que es mereix.<\/p>\n<p>El projecte s\u2019allarga durant els\u00a0<strong>tres trimestres del curs<\/strong>, ja que creiem imprescindible veure l\u2019evoluci\u00f3 del bosc al llarg de les estacions, i combina activitats que ha de realitzar l\u2019escola aut\u00f2nomament, amb d\u2019altres on seran els mestres del CdA, els que donaran suport al mestre del grup d\u2019alumnes.<\/p>\n<p>El\u00a0<strong>bosc d\u2019estudi<\/strong>\u00a0sobre el que se centrar\u00e0 cada escola el trien els propis alumnes, i ser\u00e0 el bosc apadrinat que estudiaran durant tot el curs. Per exemple, veuran com canvia aquell bosc durant l\u2019any, quins usos se\u2019n fa, si sempre ha estat igual, quines esp\u00e8cies hi viuen\u2026<\/p>\n<p>Durant tot el curs, a trav\u00e9s de missatges de correu electr\u00f2nic,\u00a0<strong>la Fam\u00edlia Forest a trav\u00e9s d\u2019uns v\u00eddeos,\u00a0<\/strong>ens presentaran els diferents habitants del bosc, qui encomanaran a l\u2019alumnat les tasques que han de realitzar. A m\u00e9s, com a suport durant tot el projecte, els centres disposaran d\u2019un\u00a0<strong>SITES<\/strong> (entorn virtual d\u2019aprenentatge) on s\u2019aniran obrint les diferents tasques amb els materials de suport corresponents.<\/p>\n<p>Per tal de fomentar l\u2019<strong>intercanvi d\u2019informaci\u00f3 entre els diferents centres<\/strong>, el SITES disposa d\u2019un espai on penjar els productes finals que realitzen de cada tasca, per aix\u00ed veure si hi ha difer\u00e8ncies entre centres, o per exemple, entre Alt i Baix Bergued\u00e0.<\/p>\n<p>S\u2019intenta que les tasques siguin de tem\u00e0tica variada per tenir una visi\u00f3 hol\u00edstica del bosc, treballant-lo des de diferents punts de vista, i sobretot tamb\u00e9 amb metodologies diverses, fomentant sobretot la<strong>\u00a0curiositat cient\u00edfica\u00a0<\/strong>(introduint certs aspectes del m\u00e8tode cient\u00edfic)<strong>\u00a0i la creativitat<\/strong>. El disseny i les activitats del projecte aposten clarament pel\u00a0<strong>treball cooperatiu<\/strong>\u00a0a l\u2019aula i fomenten l\u2019<strong>\u00fas de les TAC.<\/strong><\/p>\n<p>Al final del projecte es proposa\u00a0 fer un <strong>LandArt<\/strong>, que consisteix en una creaci\u00f3 art\u00edstica amb materials del propi bosc, que contingui en s\u00ed mateix, un missatge de sensibilitzaci\u00f3 en la conservaci\u00f3 de l\u2019ecosistema bosc.<\/p>\n\r\n\t<div class=\"slideshow_container slideshow_container_style-light\" style=\"height: 300px; \" data-slideshow-id=\"11527\" data-style-name=\"style-light\" data-style-version=\"2.3.1\" >\r\n\r\n\t\t\t\t\t<div class=\"slideshow_loading_icon\"><\/div>\r\n\t\t\r\n\t\t<div class=\"slideshow_content\" style=\"display: none;\">\r\n\r\n\t\t\t<div class=\"slideshow_view\">\r\n\t\t\t\t<div class=\"slideshow_slide slideshow_slide_image\">\r\n\t\t\t\t\t\t\t\t\t\t\t<img src=\"https:\/\/agora.xtec.cat\/escolagironella\/wp-content\/uploads\/usu562\/2023\/01\/IMG20220915095910-scaled.jpg\" alt=\"IMG20220915095910\" width=\"2560\" height=\"1920\" \/>\r\n\t\t\t\t\t\t\t\t\t\t<div class=\"slideshow_description_box slideshow_transparent\">\r\n\t\t\t\t\t\t\t\t\t\t\t\t\t\t\t\t\t<\/div>\r\n\t\t\t\t<\/div>\r\n\r\n\t\t\t\t\t\t\r\n\t\t\t\t<div class=\"slideshow_slide slideshow_slide_image\">\r\n\t\t\t\t\t\t\t\t\t\t\t<img src=\"https:\/\/agora.xtec.cat\/escolagironella\/wp-content\/uploads\/usu562\/2023\/01\/IMG20221026085740-scaled.jpg\" alt=\"IMG20221026085740\" width=\"2560\" height=\"1920\" \/>\r\n\t\t\t\t\t\t\t\t\t\t<div class=\"slideshow_description_box slideshow_transparent\">\r\n\t\t\t\t\t\t\t\t\t\t\t\t\t\t\t\t\t<\/div>\r\n\t\t\t\t<\/div>\r\n\r\n\t\t\t\t\t\t<div style=\"clear: both;\"><\/div><\/div><div class=\"slideshow_view\">\r\n\t\t\t\t<div class=\"slideshow_slide slideshow_slide_image\">\r\n\t\t\t\t\t\t\t\t\t\t\t<img src=\"https:\/\/agora.xtec.cat\/escolagironella\/wp-content\/uploads\/usu562\/2023\/01\/IMG20220915141233-scaled.jpg\" alt=\"IMG20220915141233\" width=\"1920\" height=\"2560\" \/>\r\n\t\t\t\t\t\t\t\t\t\t<div class=\"slideshow_description_box slideshow_transparent\">\r\n\t\t\t\t\t\t\t\t\t\t\t\t\t\t\t\t\t<\/div>\r\n\t\t\t\t<\/div>\r\n\r\n\t\t\t\t\t\t\r\n\t\t\t\t<div class=\"slideshow_slide slideshow_slide_image\">\r\n\t\t\t\t\t\t\t\t\t\t\t<img src=\"https:\/\/agora.xtec.cat\/escolagironella\/wp-content\/uploads\/usu562\/2023\/01\/IMG20220920114723B.jpg\" alt=\"IMG20220920114723B\" width=\"1024\" height=\"768\" \/>\r\n\t\t\t\t\t\t\t\t\t\t<div class=\"slideshow_description_box slideshow_transparent\">\r\n\t\t\t\t\t\t\t\t\t\t\t\t\t\t\t\t\t<\/div>\r\n\t\t\t\t<\/div>\r\n\r\n\t\t\t\t\t\t<div style=\"clear: both;\"><\/div><\/div><div class=\"slideshow_view\">\r\n\t\t\t\t<div class=\"slideshow_slide slideshow_slide_image\">\r\n\t\t\t\t\t\t\t\t\t\t\t<img src=\"https:\/\/agora.xtec.cat\/escolagironella\/wp-content\/uploads\/usu562\/2023\/01\/IMG20220920110603B.jpg\" alt=\"IMG20220920110603B\" width=\"1024\" height=\"768\" \/>\r\n\t\t\t\t\t\t\t\t\t\t<div class=\"slideshow_description_box slideshow_transparent\">\r\n\t\t\t\t\t\t\t\t\t\t\t\t\t\t\t\t\t<\/div>\r\n\t\t\t\t<\/div>\r\n\r\n\t\t\t\t\t\t\r\n\t\t\t\t<div class=\"slideshow_slide slideshow_slide_image\">\r\n\t\t\t\t\t\t\t\t\t\t\t<img src=\"https:\/\/agora.xtec.cat\/escolagironella\/wp-content\/uploads\/usu562\/2023\/01\/IMG20220920095723B.jpg\" alt=\"IMG20220920095723B\" width=\"1024\" height=\"1365\" \/>\r\n\t\t\t\t\t\t\t\t\t\t<div class=\"slideshow_description_box slideshow_transparent\">\r\n\t\t\t\t\t\t\t\t\t\t\t\t\t\t\t\t\t<\/div>\r\n\t\t\t\t<\/div>\r\n\r\n\t\t\t\t\t\t<div style=\"clear: both;\"><\/div><\/div><div class=\"slideshow_view\">\r\n\t\t\t\t<div class=\"slideshow_slide slideshow_slide_image\">\r\n\t\t\t\t\t\t\t\t\t\t\t<img src=\"https:\/\/agora.xtec.cat\/escolagironella\/wp-content\/uploads\/usu562\/2023\/01\/IMG20221123154433-scaled.jpg\" alt=\"IMG20221123154433\" width=\"2560\" height=\"1920\" \/>\r\n\t\t\t\t\t\t\t\t\t\t<div class=\"slideshow_description_box slideshow_transparent\">\r\n\t\t\t\t\t\t\t\t\t\t\t\t\t\t\t\t\t<\/div>\r\n\t\t\t\t<\/div>\r\n\r\n\t\t\t\t\t\t\r\n\t\t\t\t<div class=\"slideshow_slide slideshow_slide_image\">\r\n\t\t\t\t\t\t\t\t\t\t\t<img src=\"https:\/\/agora.xtec.cat\/escolagironella\/wp-content\/uploads\/usu562\/2023\/01\/IMG20221014154913-scaled.jpg\" alt=\"IMG20221014154913\" width=\"2560\" height=\"1920\" \/>\r\n\t\t\t\t\t\t\t\t\t\t<div class=\"slideshow_description_box slideshow_transparent\">\r\n\t\t\t\t\t\t\t\t\t\t\t\t\t\t\t\t\t<\/div>\r\n\t\t\t\t<\/div>\r\n\r\n\t\t\t\t\t\t<div style=\"clear: both;\"><\/div><\/div>\r\n\t\t<\/div>\r\n\r\n\t\t<div class=\"slideshow_controlPanel slideshow_transparent\" style=\"display: none;\"><ul><li class=\"slideshow_togglePlay\" data-play-text=\"Visualitza\" data-pause-text=\"Pausa\"><\/li><\/ul><\/div>\r\n\r\n\t\t<div class=\"slideshow_button slideshow_previous slideshow_transparent\" role=\"button\" data-previous-text=\"Anterior\" style=\"display: none;\"><\/div>\r\n\t\t<div class=\"slideshow_button slideshow_next slideshow_transparent\" role=\"button\" data-next-text=\"Seg\u00fcent\" style=\"display: none;\"><\/div>\r\n\r\n\t\t<div class=\"slideshow_pagination\" style=\"display: none;\" data-go-to-text=\"V\u00e9s a la diapositiva\"><div class=\"slideshow_pagination_center\"><\/div><\/div>\r\n\r\n\t\t<!-- WordPress Slideshow Version 2.3.1 -->\r\n\r\n\t\t\t<\/div>\r\n\r\n\n<p>&nbsp;<\/p>\n","protected":false},"excerpt":{"rendered":"<p>En el\u00a0 Projecte Boscos del Bergued\u00e0 es porten a terme diferents activitats al voltant de la tem\u00e0tica de la vegetaci\u00f3 i el bosc com a ecosistema. Aquest projecte doncs, pret\u00e9n ser una\u00a0guia \u00a0sobre els diferents aspectes importants que cal fixar-se per con\u00e8ixer el\u00a0bosc com a ecosistema\u00a0i com a entorn d\u2019aprenentatge. Si pensem en el Bergued\u00e0, [&hellip;]<\/p>\n","protected":false},"author":1,"featured_media":0,"parent":0,"menu_order":0,"comment_status":"closed","ping_status":"closed","template":"","meta":{"_bbp_topic_count":0,"_bbp_reply_count":0,"_bbp_total_topic_count":0,"_bbp_total_reply_count":0,"_bbp_voice_count":0,"_bbp_anonymous_reply_count":0,"_bbp_topic_count_hidden":0,"_bbp_reply_count_hidden":0,"_bbp_forum_subforum_count":0,"site-sidebar-layout":"default","site-content-layout":"","ast-site-content-layout":"","site-content-style":"default","site-sidebar-style":"default","ast-global-header-display":"","ast-banner-title-visibility":"","ast-main-header-display":"","ast-hfb-above-header-display":"","ast-hfb-below-header-display":"","ast-hfb-mobile-header-display":"","site-post-title":"","ast-breadcrumbs-content":"","ast-featured-img":"","footer-sml-layout":"","theme-transparent-header-meta":"","adv-header-id-meta":"","stick-header-meta":"","header-above-stick-meta":"","header-main-stick-meta":"","header-below-stick-meta":"","astra-migrate-meta-layouts":"default","ast-page-background-enabled":"default","ast-page-background-meta":{"desktop":{"background-color":"var(--ast-global-color-4)","background-image":"","background-repeat":"repeat","background-position":"center center","background-size":"auto","background-attachment":"scroll","background-type":"","background-media":"","overlay-type":"","overlay-color":"","overlay-opacity":"","overlay-gradient":""},"tablet":{"background-color":"","background-image":"","background-repeat":"repeat","background-position":"center center","background-size":"auto","background-attachment":"scroll","background-type":"","background-media":"","overlay-type":"","overlay-color":"","overlay-opacity":"","overlay-gradient":""},"mobile":{"background-color":"","background-image":"","background-repeat":"repeat","background-position":"center center","background-size":"auto","background-attachment":"scroll","background-type":"","background-media":"","overlay-type":"","overlay-color":"","overlay-opacity":"","overlay-gradient":""}},"ast-content-background-meta":{"desktop":{"background-color":"var(--ast-global-color-5)","background-image":"","background-repeat":"repeat","background-position":"center center","background-size":"auto","background-attachment":"scroll","background-type":"","background-media":"","overlay-type":"","overlay-color":"","overlay-opacity":"","overlay-gradient":""},"tablet":{"background-color":"var(--ast-global-color-5)","background-image":"","background-repeat":"repeat","background-position":"center center","background-size":"auto","background-attachment":"scroll","background-type":"","background-media":"","overlay-type":"","overlay-color":"","overlay-opacity":"","overlay-gradient":""},"mobile":{"background-color":"var(--ast-global-color-5)","background-image":"","background-repeat":"repeat","background-position":"center center","background-size":"auto","background-attachment":"scroll","background-type":"","background-media":"","overlay-type":"","overlay-color":"","overlay-opacity":"","overlay-gradient":""}},"footnotes":""},"class_list":["post-11525","page","type-page","status-publish","hentry"],"post_mailing_queue_ids":[],"_links":{"self":[{"href":"https:\/\/agora.xtec.cat\/escolagironella\/wp-json\/wp\/v2\/pages\/11525","targetHints":{"allow":["GET"]}}],"collection":[{"href":"https:\/\/agora.xtec.cat\/escolagironella\/wp-json\/wp\/v2\/pages"}],"about":[{"href":"https:\/\/agora.xtec.cat\/escolagironella\/wp-json\/wp\/v2\/types\/page"}],"author":[{"embeddable":true,"href":"https:\/\/agora.xtec.cat\/escolagironella\/wp-json\/wp\/v2\/users\/1"}],"replies":[{"embeddable":true,"href":"https:\/\/agora.xtec.cat\/escolagironella\/wp-json\/wp\/v2\/comments?post=11525"}],"version-history":[{"count":2,"href":"https:\/\/agora.xtec.cat\/escolagironella\/wp-json\/wp\/v2\/pages\/11525\/revisions"}],"predecessor-version":[{"id":11536,"href":"https:\/\/agora.xtec.cat\/escolagironella\/wp-json\/wp\/v2\/pages\/11525\/revisions\/11536"}],"wp:attachment":[{"href":"https:\/\/agora.xtec.cat\/escolagironella\/wp-json\/wp\/v2\/media?parent=11525"}],"curies":[{"name":"wp","href":"https:\/\/api.w.org\/{rel}","templated":true}]}}