{"id":11375,"date":"2022-11-19T15:32:02","date_gmt":"2022-11-19T14:32:02","guid":{"rendered":"https:\/\/agora.xtec.cat\/escolagironella\/?page_id=11375"},"modified":"2023-03-23T15:22:00","modified_gmt":"2023-03-23T14:22:00","slug":"innovamat","status":"publish","type":"page","link":"https:\/\/agora.xtec.cat\/escolagironella\/projectes\/innovamat\/","title":{"rendered":"Innovamat"},"content":{"rendered":"<p>InnovaMat transforma l\u2019aula i les relacions que es donen en ella per emocionar, estimular i motivar l\u2019alumnat. Els materials posen l\u2019alumne en el centre del seu propi proc\u00e9s d\u2019ensenyament-aprenentatge i li permet desenvolupar l\u2019autonomia i el pensament cr\u00edtic: un proc\u00e9s emocional i emocionant pensat per a comprometre l\u2019alumne a trav\u00e9s d\u2019est\u00edmuls positius.<\/p>\n<p>EL PROJECTE MATEM\u00c0TIC<\/p>\n<p>InnovaMat proposa unes matem\u00e0tiques contextualitzades, un curr\u00edculum flexible, activitats variades que parteixen de material manipulatiu i applets, t\u00e8cniques i estrat\u00e8gies que faciliten l\u2019avaluaci\u00f3 i la gesti\u00f3 de l\u2019aula del segle XXI, la personalitzaci\u00f3 de l\u2019aprenentatge, l\u2019aprenentatge cooperatiu o la gamificaci\u00f3.<\/p>\n<p>El material did\u00e0ctic Innovamat ha estat elaborat per un nombr\u00f3s grup d\u2019experts en diferents disciplines com la matem\u00e0tica, la pedagogia, l\u2019enginyeria i el disseny.<\/p>\n<p>El contingut educatiu s\u2019organitza en tres grans blocs on es treballen\u00a0diferents conceptes matem\u00e0tics i dimensions emprant metodologies pedag\u00f2giques diverses.<\/p>\n<p><strong>Laboratori de nombres<\/strong>:\u00a0cobreix numeraci\u00f3 i c\u00e0lcul, el bloc amb m\u00e9s pes durant l\u2019etapa d\u2019educaci\u00f3 prim\u00e0ria, especialment a cicle inicial, i que estableix els fonaments de l\u2019aprenentatge matem\u00e0tic.<br \/>\nEls conceptes s\u2019hi presenten de manera c\u00edclica, tant al llarg de tot el curs com dins de cada trimestre, amb un increment progressiu de la dificultat.<br \/>\nL\u2019aula canvia radicalment de forma: el\/la mestre\/a passa a ser un\/a guia de l\u2019aprenentatge en lloc de transmetre tots els coneixements.<br \/>\n\u00c9s l\u2019alumnat qui, mitjan\u00e7ant les activitats de conversa matem\u00e0tica i\u00a0l\u2019\u00fas de materials manipulatius o miniaplicacions digitals, apr\u00e8n els conceptes per ell\/a mateix\/a.<\/p>\n<p><strong>Plataforma digital educativa \u2018bmath\u2019<\/strong>:\u00a0permet la pr\u00e0ctica individual i la consolidaci\u00f3 de l\u2019aprenentatge de tots els blocs de contingut de manera individual. Les activitats ofereixen ajudes i explicacions adaptades al nivell de cada infant. Una plataforma autoadaptativa i gamificada que motiva la pr\u00e0ctica per part de l\u2019alumnat i que aporta al professorat informaci\u00f3 individualitzada en temps real, \u00fatil per guiar, diagnosticar i avaluar.<\/p>\n<p><a href=\"http:\/\/www.innovamat.es\/\" target=\"_blank\" rel=\"noopener noreferrer\">www.innovamat.es<\/a><\/p>\n<div class=\"ast-oembed-container \" style=\"height: 100%;\"><iframe loading=\"lazy\" title=\"Innovamat: qu\u00e8 \u00e9s fer matem\u00e0tiques?\" width=\"500\" height=\"281\" src=\"https:\/\/www.youtube.com\/embed\/pERXXiZjS14?feature=oembed\" frameborder=\"0\" allow=\"accelerometer; autoplay; clipboard-write; encrypted-media; gyroscope; picture-in-picture; web-share\" referrerpolicy=\"strict-origin-when-cross-origin\" allowfullscreen><\/iframe><\/div>\n","protected":false},"excerpt":{"rendered":"<p>InnovaMat transforma l\u2019aula i les relacions que es donen en ella per emocionar, estimular i motivar l\u2019alumnat. Els materials posen l\u2019alumne en el centre del seu propi proc\u00e9s d\u2019ensenyament-aprenentatge i li permet desenvolupar l\u2019autonomia i el pensament cr\u00edtic: un proc\u00e9s emocional i emocionant pensat per a comprometre l\u2019alumne a trav\u00e9s d\u2019est\u00edmuls positius. EL PROJECTE MATEM\u00c0TIC [&hellip;]<\/p>\n","protected":false},"author":1,"featured_media":0,"parent":10388,"menu_order":0,"comment_status":"closed","ping_status":"closed","template":"page-templates\/side-menu.php","meta":{"_bbp_topic_count":0,"_bbp_reply_count":0,"_bbp_total_topic_count":0,"_bbp_total_reply_count":0,"_bbp_voice_count":0,"_bbp_anonymous_reply_count":0,"_bbp_topic_count_hidden":0,"_bbp_reply_count_hidden":0,"_bbp_forum_subforum_count":0,"site-sidebar-layout":"default","site-content-layout":"","ast-site-content-layout":"","site-content-style":"default","site-sidebar-style":"default","ast-global-header-display":"","ast-banner-title-visibility":"","ast-main-header-display":"","ast-hfb-above-header-display":"","ast-hfb-below-header-display":"","ast-hfb-mobile-header-display":"","site-post-title":"","ast-breadcrumbs-content":"","ast-featured-img":"","footer-sml-layout":"","theme-transparent-header-meta":"","adv-header-id-meta":"","stick-header-meta":"","header-above-stick-meta":"","header-main-stick-meta":"","header-below-stick-meta":"","astra-migrate-meta-layouts":"default","ast-page-background-enabled":"default","ast-page-background-meta":{"desktop":{"background-color":"var(--ast-global-color-4)","background-image":"","background-repeat":"repeat","background-position":"center center","background-size":"auto","background-attachment":"scroll","background-type":"","background-media":"","overlay-type":"","overlay-color":"","overlay-opacity":"","overlay-gradient":""},"tablet":{"background-color":"","background-image":"","background-repeat":"repeat","background-position":"center center","background-size":"auto","background-attachment":"scroll","background-type":"","background-media":"","overlay-type":"","overlay-color":"","overlay-opacity":"","overlay-gradient":""},"mobile":{"background-color":"","background-image":"","background-repeat":"repeat","background-position":"center center","background-size":"auto","background-attachment":"scroll","background-type":"","background-media":"","overlay-type":"","overlay-color":"","overlay-opacity":"","overlay-gradient":""}},"ast-content-background-meta":{"desktop":{"background-color":"var(--ast-global-color-5)","background-image":"","background-repeat":"repeat","background-position":"center center","background-size":"auto","background-attachment":"scroll","background-type":"","background-media":"","overlay-type":"","overlay-color":"","overlay-opacity":"","overlay-gradient":""},"tablet":{"background-color":"var(--ast-global-color-5)","background-image":"","background-repeat":"repeat","background-position":"center center","background-size":"auto","background-attachment":"scroll","background-type":"","background-media":"","overlay-type":"","overlay-color":"","overlay-opacity":"","overlay-gradient":""},"mobile":{"background-color":"var(--ast-global-color-5)","background-image":"","background-repeat":"repeat","background-position":"center center","background-size":"auto","background-attachment":"scroll","background-type":"","background-media":"","overlay-type":"","overlay-color":"","overlay-opacity":"","overlay-gradient":""}},"footnotes":""},"class_list":["post-11375","page","type-page","status-publish","hentry"],"post_mailing_queue_ids":[],"_links":{"self":[{"href":"https:\/\/agora.xtec.cat\/escolagironella\/wp-json\/wp\/v2\/pages\/11375","targetHints":{"allow":["GET"]}}],"collection":[{"href":"https:\/\/agora.xtec.cat\/escolagironella\/wp-json\/wp\/v2\/pages"}],"about":[{"href":"https:\/\/agora.xtec.cat\/escolagironella\/wp-json\/wp\/v2\/types\/page"}],"author":[{"embeddable":true,"href":"https:\/\/agora.xtec.cat\/escolagironella\/wp-json\/wp\/v2\/users\/1"}],"replies":[{"embeddable":true,"href":"https:\/\/agora.xtec.cat\/escolagironella\/wp-json\/wp\/v2\/comments?post=11375"}],"version-history":[{"count":2,"href":"https:\/\/agora.xtec.cat\/escolagironella\/wp-json\/wp\/v2\/pages\/11375\/revisions"}],"predecessor-version":[{"id":11711,"href":"https:\/\/agora.xtec.cat\/escolagironella\/wp-json\/wp\/v2\/pages\/11375\/revisions\/11711"}],"up":[{"embeddable":true,"href":"https:\/\/agora.xtec.cat\/escolagironella\/wp-json\/wp\/v2\/pages\/10388"}],"wp:attachment":[{"href":"https:\/\/agora.xtec.cat\/escolagironella\/wp-json\/wp\/v2\/media?parent=11375"}],"curies":[{"name":"wp","href":"https:\/\/api.w.org\/{rel}","templated":true}]}}