{"id":84,"date":"2016-10-05T12:10:31","date_gmt":"2016-10-05T10:10:31","guid":{"rendered":"http:\/\/agora.xtec.cat\/escolagermanesbertomeu\/?page_id=84"},"modified":"2025-09-06T18:24:04","modified_gmt":"2025-09-06T16:24:04","slug":"activitats-extraescolars","status":"publish","type":"page","link":"https:\/\/agora.xtec.cat\/escolagermanesbertomeu\/serveis\/activitats-extraescolars\/","title":{"rendered":"Activitats extraescolars 2025-2026"},"content":{"rendered":"<p>Aquest curs participem d&#8217;una <b>oferta municipal d&#8217;activitats de lleure comunitari<\/b>: <a href=\"https:\/\/www.mataro.cat\/sites\/mataro-educa\/activitats#b_start=0&amp;c10=mataro-educa-rocafonda\" target=\"_blank\" rel=\"noopener\">Matar\u00f3 Educa+<\/a>. Les activitats estan subvencionades per l&#8217;ajuntament, compten amb totes les mesures de seguretat que s&#8217;estableixen al sector i es realitzen a diverses escoles del barri.<\/p>\n<p>Es poden fer <b>preinscripcions <\/b>durant el curs per internet a <a href=\"https:\/\/www.mataro.cat\/sites\/mataro-educa\/activitats#b_start=0&amp;c10=mataro-educa-rocafonda\" target=\"_blank\" rel=\"noopener\">aquest enlla\u00e7<\/a>\u00a0o b\u00e9 presencialment -amb cita pr\u00e8via- que podeu obtenir trucant al <b>tel\u00e8fon: 644 73 64 59.<\/b> En aquest m\u00f2bil tamb\u00e9 podreu demanar tota la informaci\u00f3 sobre les activitats.<b><\/b><\/p>\n","protected":false},"excerpt":{"rendered":"<p>Aquest curs participem d&#8217;una oferta municipal d&#8217;activitats de lleure comunitari: <a href=\"https:\/\/www.mataro.cat\/sites\/mataro-educa\/activitats#b_start=0&amp;c10=mataro-educa-rocafonda\" target=\"_blank\" rel=\"noopener\">Matar\u00f3 Educa+<\/a>. Les activitats estan subvencionades per l&#8217;ajuntament, compten amb totes les mesures de seguretat que s&#8217;estableixen al sector i es realitzen a diverses escoles del barri.<br \/>\nEs poden fer preinscripcions durant el&hellip;  <a href=\"https:\/\/agora.xtec.cat\/escolagermanesbertomeu\/serveis\/activitats-extraescolars\/\" title=\"Read Activitats extraescolars 2025-2026\">Llegeix m\u00e9s\u00bb<\/a><\/p>\n","protected":false},"author":1,"featured_media":0,"parent":66,"menu_order":40,"comment_status":"closed","ping_status":"closed","template":"page-templates\/side-menu.php","meta":{"_bbp_topic_count":0,"_bbp_reply_count":0,"_bbp_total_topic_count":0,"_bbp_total_reply_count":0,"_bbp_voice_count":0,"_bbp_anonymous_reply_count":0,"_bbp_topic_count_hidden":0,"_bbp_reply_count_hidden":0,"_bbp_forum_subforum_count":0,"footnotes":""},"class_list":["post-84","page","type-page","status-publish","hentry"],"post_mailing_queue_ids":[],"_links":{"self":[{"href":"https:\/\/agora.xtec.cat\/escolagermanesbertomeu\/wp-json\/wp\/v2\/pages\/84","targetHints":{"allow":["GET"]}}],"collection":[{"href":"https:\/\/agora.xtec.cat\/escolagermanesbertomeu\/wp-json\/wp\/v2\/pages"}],"about":[{"href":"https:\/\/agora.xtec.cat\/escolagermanesbertomeu\/wp-json\/wp\/v2\/types\/page"}],"author":[{"embeddable":true,"href":"https:\/\/agora.xtec.cat\/escolagermanesbertomeu\/wp-json\/wp\/v2\/users\/1"}],"replies":[{"embeddable":true,"href":"https:\/\/agora.xtec.cat\/escolagermanesbertomeu\/wp-json\/wp\/v2\/comments?post=84"}],"version-history":[{"count":6,"href":"https:\/\/agora.xtec.cat\/escolagermanesbertomeu\/wp-json\/wp\/v2\/pages\/84\/revisions"}],"predecessor-version":[{"id":3368,"href":"https:\/\/agora.xtec.cat\/escolagermanesbertomeu\/wp-json\/wp\/v2\/pages\/84\/revisions\/3368"}],"up":[{"embeddable":true,"href":"https:\/\/agora.xtec.cat\/escolagermanesbertomeu\/wp-json\/wp\/v2\/pages\/66"}],"wp:attachment":[{"href":"https:\/\/agora.xtec.cat\/escolagermanesbertomeu\/wp-json\/wp\/v2\/media?parent=84"}],"curies":[{"name":"wp","href":"https:\/\/api.w.org\/{rel}","templated":true}]}}

<p>Aquest curs participem d&#8217;una <b>oferta municipal d&#8217;activitats de lleure comunitari</b>: <a href="https://www.mataro.cat/sites/mataro-educa/activitats#b_start=0&amp;c10=mataro-educa-rocafonda" target="_blank" rel="noopener">Mataró Educa+</a>. Les activitats estan subvencionades per l&#8217;ajuntament, compten amb totes les mesures de seguretat que s&#8217;estableixen al sector i es realitzen a diverses escoles del barri.</p>
<p>Es poden fer <b>preinscripcions </b>durant el curs per internet a <a href="https://www.mataro.cat/sites/mataro-educa/activitats#b_start=0&amp;c10=mataro-educa-rocafonda" target="_blank" rel="noopener">aquest enllaç</a> o bé presencialment -amb cita prèvia- que podeu obtenir trucant al <b>telèfon: 644 73 64 59.</b> En aquest mòbil també podreu demanar tota la informació sobre les activitats.<b></b></p>

<p>Aquest curs participem d&#8217;una oferta municipal d&#8217;activitats de lleure comunitari: <a href="https://www.mataro.cat/sites/mataro-educa/activitats#b_start=0&amp;c10=mataro-educa-rocafonda" target="_blank" rel="noopener">Mataró Educa+</a>. Les activitats estan subvencionades per l&#8217;ajuntament, compten amb totes les mesures de seguretat que s&#8217;estableixen al sector i es realitzen a diverses escoles del barri.<br />
Es poden fer preinscripcions durant el&hellip;  <a href="https://agora.xtec.cat/escolagermanesbertomeu/serveis/activitats-extraescolars/" title="Read Activitats extraescolars 2025-2026">Llegeix més»</a></p>
