{"id":73,"date":"2016-10-05T11:45:51","date_gmt":"2016-10-05T09:45:51","guid":{"rendered":"http:\/\/agora.xtec.cat\/escolagermanesbertomeu\/?page_id=73"},"modified":"2025-09-06T18:19:51","modified_gmt":"2025-09-06T16:19:51","slug":"menjador-escolar","status":"publish","type":"page","link":"https:\/\/agora.xtec.cat\/escolagermanesbertomeu\/serveis\/menjador-escolar\/","title":{"rendered":"Menjador escolar"},"content":{"rendered":"<p><strong>CONTRACTACI\u00d3 I PRESTACI\u00d3 DEL SERVEI:<\/strong><\/p>\n<p>L&#8217;AFA \u00e9s la qui gestiona el servei de menjador i lleure del migdia, entre les 12h i les 15h, i mitjan\u00e7ant la contractaci\u00f3 de dues cooperatives que treballen de la m\u00e0: <a href=\"https:\/\/doblevia.coop\/\" target=\"_blank\" rel=\"noopener\">DOBLE VIA<\/a> i <a href=\"https:\/\/www.meseducacio.coop\/\" target=\"_blank\" rel=\"noopener\">M\u00c9S EDUCACI\u00d3<\/a>. La primera s&#8217;encarrega de la cuina mentre que la segona se n&#8217;ocupa del lleure.<\/p>\n<p>Si voleu contactar amb la Comissi\u00f3 del Temps del Migdia de l&#8217;AFA que coordina el servei de menjador, podeu escriure un correu a l&#8217;adre\u00e7a <a href=\"mailto:c.migdia@germanesbertomeu.cat\" target=\"_blank\" rel=\"noopener\"><span class=\"il\">c<\/span>.<span class=\"il\">migdia<\/span>@germanesbertomeu.cat<\/a>.<\/p>\n<p>&nbsp;<\/p>\n<p><strong>FUNCIONAMENT DEL SERVEI:<\/strong><\/p>\n<ul>\n<li><strong>PREU<\/strong> del tiquet: 7,54\u20ac\/dia durant tot el curs 2025-26.<\/li>\n<li><b>GESTI\u00d3 dels tiquets: <a href=\"https:\/\/app.meseducacio.coop\/\" target=\"_blank\" rel=\"noopener\">https:\/\/app.meseducacio.coop\/ <\/a><\/b>o al tel\u00e8fon de la coordinadora de menjador <em>[per informar]<\/em> (disponible els dies laborals de 9-13h).<\/li>\n<li><strong>L\u00cdMITS horaris:<\/strong> es poden validar\/anul\u00b7lar tiquets fins a les 9:30h del mateix dia. Els dies en qu\u00e8 hi ha programada una sortida escolar de tot el dia el termini \u00e9s fins les 9:30h del dia anterior a aquesta.<\/li>\n<li><strong>BEQUES:<\/strong> en el cas d&#8217;infants amb beca menjador concedida, la gesti\u00f3 dels dies de servei es concerta pr\u00e8viament amb l&#8217;escola. Existeixen dos tipus d&#8217;ajuts de menjador:<\/li>\n<\/ul>\n<ul>\n<li>Ajuts del Consell Comarcal del Maresme (per\u00edode de sol\u00b7licituds al maig)<\/li>\n<li>Ajuts d&#8217;EDUCO (assignaci\u00f3 per part de l&#8217;equip social del centre)<a href=\"https:\/\/agora.xtec.cat\/escolagermanesbertomeu\/wp-content\/uploads\/usu1488\/2022\/11\/Logo-Educo-1.jpg\"><img loading=\"lazy\" decoding=\"async\" class=\"wp-image-2748 alignright\" src=\"https:\/\/agora.xtec.cat\/escolagermanesbertomeu\/wp-content\/uploads\/usu1488\/2022\/11\/Logo-Educo-1.jpg\" alt=\"\" width=\"91\" height=\"40\" \/><\/a><\/li>\n<\/ul>\n<p>&nbsp;<\/p>\n<p><strong>MEN\u00daS:<\/strong><\/p>\n<p>Els men\u00fas de cada mes s&#8217;enviaran per dinantia i estaran disponibles a l&#8217;<a href=\"https:\/\/app.meseducacio.coop\/\" target=\"_blank\" rel=\"noopener\">app +educaci\u00f3<\/a>.<\/p>\n<p>&nbsp;<\/p>\n<p><strong>PROJECTE DE DINAMITZACI\u00d3 AMB EDUCO (2022-2024):<\/strong><\/p>\n<p>Durant els anys 2022 i 2024 s&#8217;ha dut a terme un projecte de dinamitzaci\u00f3 de l&#8217;espai del migdia amb l&#8217;entitat d&#8217;EDUCO. Podeu veure en qu\u00e8 ha consistit en la col\u00b7laboraci\u00f3 del 2022-23 en <a href=\"https:\/\/agora.xtec.cat\/escolagermanesbertomeu\/wp-content\/uploads\/usu1488\/2023\/07\/Escola-Germanes-Bertomeu_Projecte-Equitat-Educativa-Migdia_2022-23.pdf\">aquesta presentaci\u00f3<\/a>. En el curs 2023-24 s&#8217;ha posat el focus en la compartici\u00f3 de normes per millorar la conviv\u00e8ncia, entre altres temes. Podeu veure el resultat en aquest <a href=\"https:\/\/agora.xtec.cat\/escolagermanesbertomeu\/wp-content\/uploads\/usu1488\/2024\/07\/copia-de-educo-video-final_RpfRo2EI.mp4\" target=\"_blank\" rel=\"noopener\">v\u00eddeo<\/a>.<\/p>\n<p>Educo ha donat a l&#8217;AFA 2000\u20ac per la millora d&#8217;aquest espai. Aquests diners s&#8217;han invertit en renovar bona part del mobiliari de taules, cadires i material de joc de pati divers. Educo tamb\u00e9 ha insonoritzat el menjador instal\u00b7lant uns panells al sostre que redueixen el so ambiental.<\/p>\n<p>&nbsp;<\/p>\n","protected":false},"excerpt":{"rendered":"<p>CONTRACTACI\u00d3 I PRESTACI\u00d3 DEL SERVEI:<br \/>\nL&#8217;AFA \u00e9s la qui gestiona el servei de menjador i lleure del migdia, entre les 12h i les 15h, i mitjan\u00e7ant la contractaci\u00f3 de dues cooperatives que treballen de la m\u00e0: <a href=\"https:\/\/doblevia.coop\/\" target=\"_blank\" rel=\"noopener\">DOBLE VIA<\/a> i <a href=\"https:\/\/www.meseducacio.coop\/\" target=\"_blank\" rel=\"noopener\">M\u00c9S&hellip;  <a href=\"https:\/\/agora.xtec.cat\/escolagermanesbertomeu\/serveis\/menjador-escolar\/\" title=\"Read Menjador escolar\">Llegeix m\u00e9s\u00bb<\/a><\/p>\n","protected":false},"author":1,"featured_media":0,"parent":66,"menu_order":20,"comment_status":"closed","ping_status":"closed","template":"page-templates\/side-menu.php","meta":{"_bbp_topic_count":0,"_bbp_reply_count":0,"_bbp_total_topic_count":0,"_bbp_total_reply_count":0,"_bbp_voice_count":0,"_bbp_anonymous_reply_count":0,"_bbp_topic_count_hidden":0,"_bbp_reply_count_hidden":0,"_bbp_forum_subforum_count":0,"footnotes":""},"class_list":["post-73","page","type-page","status-publish","hentry"],"post_mailing_queue_ids":[],"_links":{"self":[{"href":"https:\/\/agora.xtec.cat\/escolagermanesbertomeu\/wp-json\/wp\/v2\/pages\/73","targetHints":{"allow":["GET"]}}],"collection":[{"href":"https:\/\/agora.xtec.cat\/escolagermanesbertomeu\/wp-json\/wp\/v2\/pages"}],"about":[{"href":"https:\/\/agora.xtec.cat\/escolagermanesbertomeu\/wp-json\/wp\/v2\/types\/page"}],"author":[{"embeddable":true,"href":"https:\/\/agora.xtec.cat\/escolagermanesbertomeu\/wp-json\/wp\/v2\/users\/1"}],"replies":[{"embeddable":true,"href":"https:\/\/agora.xtec.cat\/escolagermanesbertomeu\/wp-json\/wp\/v2\/comments?post=73"}],"version-history":[{"count":6,"href":"https:\/\/agora.xtec.cat\/escolagermanesbertomeu\/wp-json\/wp\/v2\/pages\/73\/revisions"}],"predecessor-version":[{"id":3367,"href":"https:\/\/agora.xtec.cat\/escolagermanesbertomeu\/wp-json\/wp\/v2\/pages\/73\/revisions\/3367"}],"up":[{"embeddable":true,"href":"https:\/\/agora.xtec.cat\/escolagermanesbertomeu\/wp-json\/wp\/v2\/pages\/66"}],"wp:attachment":[{"href":"https:\/\/agora.xtec.cat\/escolagermanesbertomeu\/wp-json\/wp\/v2\/media?parent=73"}],"curies":[{"name":"wp","href":"https:\/\/api.w.org\/{rel}","templated":true}]}}

<p><strong>CONTRACTACIÓ I PRESTACIÓ DEL SERVEI:</strong></p>
<p>L&#8217;AFA és la qui gestiona el servei de menjador i lleure del migdia, entre les 12h i les 15h, i mitjançant la contractació de dues cooperatives que treballen de la mà: <a href="https://doblevia.coop/" target="_blank" rel="noopener">DOBLE VIA</a> i <a href="https://www.meseducacio.coop/" target="_blank" rel="noopener">MÉS EDUCACIÓ</a>. La primera s&#8217;encarrega de la cuina mentre que la segona se n&#8217;ocupa del lleure.</p>
<p>Si voleu contactar amb la Comissió del Temps del Migdia de l&#8217;AFA que coordina el servei de menjador, podeu escriure un correu a l&#8217;adreça <a href="mailto:c.migdia@germanesbertomeu.cat" target="_blank" rel="noopener"><span class="il">c</span>.<span class="il">migdia</span>@germanesbertomeu.cat</a>.</p>
<p>&nbsp;</p>
<p><strong>FUNCIONAMENT DEL SERVEI:</strong></p>
<ul>
<li><strong>PREU</strong> del tiquet: 7,54€/dia durant tot el curs 2025-26.</li>
<li><b>GESTIÓ dels tiquets: <a href="https://app.meseducacio.coop/" target="_blank" rel="noopener">https://app.meseducacio.coop/ </a></b>o al telèfon de la coordinadora de menjador <em>[per informar]</em> (disponible els dies laborals de 9-13h).</li>
<li><strong>LÍMITS horaris:</strong> es poden validar/anul·lar tiquets fins a les 9:30h del mateix dia. Els dies en què hi ha programada una sortida escolar de tot el dia el termini és fins les 9:30h del dia anterior a aquesta.</li>
<li><strong>BEQUES:</strong> en el cas d&#8217;infants amb beca menjador concedida, la gestió dels dies de servei es concerta prèviament amb l&#8217;escola. Existeixen dos tipus d&#8217;ajuts de menjador:</li>
</ul>
<ul>
<li>Ajuts del Consell Comarcal del Maresme (període de sol·licituds al maig)</li>
<li>Ajuts d&#8217;EDUCO (assignació per part de l&#8217;equip social del centre)<a href="https://agora.xtec.cat/escolagermanesbertomeu/wp-content/uploads/usu1488/2022/11/Logo-Educo-1.jpg"><img loading="lazy" decoding="async" class="wp-image-2748 alignright" src="https://agora.xtec.cat/escolagermanesbertomeu/wp-content/uploads/usu1488/2022/11/Logo-Educo-1.jpg" alt="" width="91" height="40" /></a></li>
</ul>
<p>&nbsp;</p>
<p><strong>MENÚS:</strong></p>
<p>Els menús de cada mes s&#8217;enviaran per dinantia i estaran disponibles a l&#8217;<a href="https://app.meseducacio.coop/" target="_blank" rel="noopener">app +educació</a>.</p>
<p>&nbsp;</p>
<p><strong>PROJECTE DE DINAMITZACIÓ AMB EDUCO (2022-2024):</strong></p>
<p>Durant els anys 2022 i 2024 s&#8217;ha dut a terme un projecte de dinamització de l&#8217;espai del migdia amb l&#8217;entitat d&#8217;EDUCO. Podeu veure en què ha consistit en la col·laboració del 2022-23 en <a href="https://agora.xtec.cat/escolagermanesbertomeu/wp-content/uploads/usu1488/2023/07/Escola-Germanes-Bertomeu_Projecte-Equitat-Educativa-Migdia_2022-23.pdf">aquesta presentació</a>. En el curs 2023-24 s&#8217;ha posat el focus en la compartició de normes per millorar la convivència, entre altres temes. Podeu veure el resultat en aquest <a href="https://agora.xtec.cat/escolagermanesbertomeu/wp-content/uploads/usu1488/2024/07/copia-de-educo-video-final_RpfRo2EI.mp4" target="_blank" rel="noopener">vídeo</a>.</p>
<p>Educo ha donat a l&#8217;AFA 2000€ per la millora d&#8217;aquest espai. Aquests diners s&#8217;han invertit en renovar bona part del mobiliari de taules, cadires i material de joc de pati divers. Educo també ha insonoritzat el menjador instal·lant uns panells al sostre que redueixen el so ambiental.</p>
<p>&nbsp;</p>

<p>CONTRACTACIÓ I PRESTACIÓ DEL SERVEI:<br />
L&#8217;AFA és la qui gestiona el servei de menjador i lleure del migdia, entre les 12h i les 15h, i mitjançant la contractació de dues cooperatives que treballen de la mà: <a href="https://doblevia.coop/" target="_blank" rel="noopener">DOBLE VIA</a> i <a href="https://www.meseducacio.coop/" target="_blank" rel="noopener">MÉS&hellip;  <a href="https://agora.xtec.cat/escolagermanesbertomeu/serveis/menjador-escolar/" title="Read Menjador escolar">Llegeix més»</a></p>
