{"id":561,"date":"2016-12-13T15:14:43","date_gmt":"2016-12-13T14:14:43","guid":{"rendered":"http:\/\/agora.xtec.cat\/escolagermanesbertomeu\/?page_id=561"},"modified":"2025-07-15T13:48:22","modified_gmt":"2025-07-15T11:48:22","slug":"documents-descola","status":"publish","type":"page","link":"https:\/\/agora.xtec.cat\/escolagermanesbertomeu\/lescola\/documents-descola\/","title":{"rendered":"Documents de Centre"},"content":{"rendered":"<p><a href=\"https:\/\/sites.google.com\/xtec.cat\/pec-germanes-bertomeu\/p%C3%A0gina-principal\" target=\"_blank\" rel=\"noopener\">Projecte Educatiu de Centre (PEC)<\/a><\/p>\n<p><a href=\"https:\/\/agora.xtec.cat\/escolagermanesbertomeu\/wp-content\/uploads\/usu1488\/2025\/02\/Versio-web_Projecte-Linguistic-de-Centre_2025.pdf\" target=\"_blank\" rel=\"noopener\">Projecte Ling\u00fc\u00edstic de Centre (extracte del <\/a><a href=\"https:\/\/agora.xtec.cat\/escolagermanesbertomeu\/wp-content\/uploads\/usu1488\/2025\/02\/Versio-web_Projecte-Linguistic-de-Centre_2025.pdf\" target=\"_blank\" rel=\"noopener\">PLC) <\/a><\/p>\n<p><a href=\"https:\/\/sites.google.com\/a\/xtec.cat\/gbdocuments\/p%C3%A0gina-dinici\" target=\"_blank\" rel=\"noopener\">Normes d&#8217;Organitzaci\u00f3 i Funcionament de Centre (NOFC)<\/a><\/p>\n<p><a href=\"https:\/\/agora.xtec.cat\/escolagermanesbertomeu\/wp-content\/uploads\/usu1488\/2024\/06\/PROJECTE-DE-CONVIVENCIA-_gener-2024.docx.pdf\" target=\"_blank\" rel=\"noopener\">Projecte de Conviv\u00e8ncia (PdC)<\/a><\/p>\n<p><a href=\"https:\/\/drive.google.com\/file\/d\/1N9k6WkhuYU8xJwnYQp1gzp1yMwpvel0-\/view?usp=sharing\" target=\"_blank\" rel=\"noopener noreferrer\">Pla d&#8217;Acollida de Centre (PAC)<\/a><\/p>\n<p><a href=\"https:\/\/sites.google.com\/xtec.cat\/edc-germanes-bertomeu\/inici\" target=\"_blank\" rel=\"noopener\">Estrat\u00e8gia Digital de Centre (EDC)<\/a><\/p>\n<p><a href=\"https:\/\/drive.google.com\/file\/d\/1oEhnVIvggA_J5mwPQJy-4JBpK8YIxrga\/view?usp=sharing\" target=\"_blank\" rel=\"noopener noreferrer\">Carta de comprom\u00eds educatiu<\/a><\/p>\n<p><a href=\"https:\/\/agora.xtec.cat\/escolagermanesbertomeu\/wp-content\/uploads\/usu1488\/2024\/06\/Proces-de-Familiaritzacio-adaptacio-a-I3.pdf\">Proc\u00e9s de Familiaritzaci\u00f3 (adaptaci\u00f3) a I3<\/a><\/p>\n<p><a href=\"https:\/\/drive.google.com\/file\/d\/1s3bUA4mFidHurqk40_WObyziGOdgQi2K\/view?usp=sharing\" target=\"_blank\" rel=\"noopener\">Pressupost Econ\u00f2mic 2024<\/a><\/p>\n<p><strong>BIBLIOTECA ESCOLAR<\/strong><\/p>\n<p><a href=\"https:\/\/drive.google.com\/file\/d\/0B4ZmhRYwyZJpeUthcDY3cG1vMXdwdTBGdVh4NXNxRkV3UVJr\/view?usp=sharing\" target=\"_blank\" rel=\"noopener noreferrer\">Pla de Lectura de Centre (PLEC)<\/a><\/p>\n<p><a href=\"https:\/\/drive.google.com\/file\/d\/0B4ZmhRYwyZJpTmk2ZXVlWGhXbkk\/view?usp=sharing\" target=\"_blank\" rel=\"noopener noreferrer\">Model de Biblioteca Escolar<\/a><\/p>\n<p><a href=\"https:\/\/drive.google.com\/file\/d\/0B4ZmhRYwyZJpXzZpRXI3X2lUWUk\/view?usp=sharing\" target=\"_blank\" rel=\"noopener noreferrer\">Projecte Biblioteca Escolar<\/a><\/p>\n<p>&nbsp;<\/p>\n","protected":false},"excerpt":{"rendered":"<p><a href=\"https:\/\/sites.google.com\/xtec.cat\/pec-germanes-bertomeu\/p%C3%A0gina-principal\" target=\"_blank\" rel=\"noopener\">Projecte Educatiu de Centre (PEC)<\/a><br \/>\n<a href=\"https:\/\/agora.xtec.cat\/escolagermanesbertomeu\/wp-content\/uploads\/usu1488\/2025\/02\/Versio-web_Projecte-Linguistic-de-Centre_2025.pdf\" target=\"_blank\" rel=\"noopener\">Projecte Ling\u00fc\u00edstic de Centre (extracte del <\/a><a href=\"https:\/\/agora.xtec.cat\/escolagermanesbertomeu\/wp-content\/uploads\/usu1488\/2025\/02\/Versio-web_Projecte-Linguistic-de-Centre_2025.pdf\" target=\"_blank\" rel=\"noopener\">PLC) <\/a><br \/>\n<a href=\"https:\/\/sites.google.com\/a\/xtec.cat\/gbdocuments\/p%C3%A0gina-dinici\" target=\"_blank\" rel=\"noopener\">Normes d&#8217;Organitzaci\u00f3 i Funcionament de Centre (NOFC)<\/a><br \/>\n<a href=\"https:\/\/agora.xtec.cat\/escolagermanesbertomeu\/wp-content\/uploads\/usu1488\/2024\/06\/PROJECTE-DE-CONVIVENCIA-_gener-2024.docx.pdf\" target=\"_blank\" rel=\"noopener\">Projecte de Conviv\u00e8ncia (PdC)<\/a><br \/>\n<a href=\"https:\/\/drive.google.com\/file\/d\/1N9k6WkhuYU8xJwnYQp1gzp1yMwpvel0-\/view?usp=sharing\" target=\"_blank\" rel=\"noopener noreferrer\">Pla d&#8217;Acollida de Centre (PAC)<\/a><br \/>\n<a href=\"https:\/\/sites.google.com\/xtec.cat\/edc-germanes-bertomeu\/inici\"&hellip;  <a href=\"https:\/\/agora.xtec.cat\/escolagermanesbertomeu\/lescola\/documents-descola\/\" title=\"Read Documents de Centre\">Llegeix m\u00e9s\u00bb<\/a><\/p>\n","protected":false},"author":1,"featured_media":0,"parent":22,"menu_order":50,"comment_status":"closed","ping_status":"closed","template":"page-templates\/side-menu.php","meta":{"_bbp_topic_count":0,"_bbp_reply_count":0,"_bbp_total_topic_count":0,"_bbp_total_reply_count":0,"_bbp_voice_count":0,"_bbp_anonymous_reply_count":0,"_bbp_topic_count_hidden":0,"_bbp_reply_count_hidden":0,"_bbp_forum_subforum_count":0,"footnotes":""},"class_list":["post-561","page","type-page","status-publish","hentry"],"post_mailing_queue_ids":[],"_links":{"self":[{"href":"https:\/\/agora.xtec.cat\/escolagermanesbertomeu\/wp-json\/wp\/v2\/pages\/561","targetHints":{"allow":["GET"]}}],"collection":[{"href":"https:\/\/agora.xtec.cat\/escolagermanesbertomeu\/wp-json\/wp\/v2\/pages"}],"about":[{"href":"https:\/\/agora.xtec.cat\/escolagermanesbertomeu\/wp-json\/wp\/v2\/types\/page"}],"author":[{"embeddable":true,"href":"https:\/\/agora.xtec.cat\/escolagermanesbertomeu\/wp-json\/wp\/v2\/users\/1"}],"replies":[{"embeddable":true,"href":"https:\/\/agora.xtec.cat\/escolagermanesbertomeu\/wp-json\/wp\/v2\/comments?post=561"}],"version-history":[{"count":6,"href":"https:\/\/agora.xtec.cat\/escolagermanesbertomeu\/wp-json\/wp\/v2\/pages\/561\/revisions"}],"predecessor-version":[{"id":3366,"href":"https:\/\/agora.xtec.cat\/escolagermanesbertomeu\/wp-json\/wp\/v2\/pages\/561\/revisions\/3366"}],"up":[{"embeddable":true,"href":"https:\/\/agora.xtec.cat\/escolagermanesbertomeu\/wp-json\/wp\/v2\/pages\/22"}],"wp:attachment":[{"href":"https:\/\/agora.xtec.cat\/escolagermanesbertomeu\/wp-json\/wp\/v2\/media?parent=561"}],"curies":[{"name":"wp","href":"https:\/\/api.w.org\/{rel}","templated":true}]}}

<p><a href="https://sites.google.com/xtec.cat/pec-germanes-bertomeu/p%C3%A0gina-principal" target="_blank" rel="noopener">Projecte Educatiu de Centre (PEC)</a></p>
<p><a href="https://agora.xtec.cat/escolagermanesbertomeu/wp-content/uploads/usu1488/2025/02/Versio-web_Projecte-Linguistic-de-Centre_2025.pdf" target="_blank" rel="noopener">Projecte Lingüístic de Centre (extracte del </a><a href="https://agora.xtec.cat/escolagermanesbertomeu/wp-content/uploads/usu1488/2025/02/Versio-web_Projecte-Linguistic-de-Centre_2025.pdf" target="_blank" rel="noopener">PLC) </a></p>
<p><a href="https://sites.google.com/a/xtec.cat/gbdocuments/p%C3%A0gina-dinici" target="_blank" rel="noopener">Normes d&#8217;Organització i Funcionament de Centre (NOFC)</a></p>
<p><a href="https://agora.xtec.cat/escolagermanesbertomeu/wp-content/uploads/usu1488/2024/06/PROJECTE-DE-CONVIVENCIA-_gener-2024.docx.pdf" target="_blank" rel="noopener">Projecte de Convivència (PdC)</a></p>
<p><a href="https://drive.google.com/file/d/1N9k6WkhuYU8xJwnYQp1gzp1yMwpvel0-/view?usp=sharing" target="_blank" rel="noopener noreferrer">Pla d&#8217;Acollida de Centre (PAC)</a></p>
<p><a href="https://sites.google.com/xtec.cat/edc-germanes-bertomeu/inici" target="_blank" rel="noopener">Estratègia Digital de Centre (EDC)</a></p>
<p><a href="https://drive.google.com/file/d/1oEhnVIvggA_J5mwPQJy-4JBpK8YIxrga/view?usp=sharing" target="_blank" rel="noopener noreferrer">Carta de compromís educatiu</a></p>
<p><a href="https://agora.xtec.cat/escolagermanesbertomeu/wp-content/uploads/usu1488/2024/06/Proces-de-Familiaritzacio-adaptacio-a-I3.pdf">Procés de Familiarització (adaptació) a I3</a></p>
<p><a href="https://drive.google.com/file/d/1s3bUA4mFidHurqk40_WObyziGOdgQi2K/view?usp=sharing" target="_blank" rel="noopener">Pressupost Econòmic 2024</a></p>
<p><strong>BIBLIOTECA ESCOLAR</strong></p>
<p><a href="https://drive.google.com/file/d/0B4ZmhRYwyZJpeUthcDY3cG1vMXdwdTBGdVh4NXNxRkV3UVJr/view?usp=sharing" target="_blank" rel="noopener noreferrer">Pla de Lectura de Centre (PLEC)</a></p>
<p><a href="https://drive.google.com/file/d/0B4ZmhRYwyZJpTmk2ZXVlWGhXbkk/view?usp=sharing" target="_blank" rel="noopener noreferrer">Model de Biblioteca Escolar</a></p>
<p><a href="https://drive.google.com/file/d/0B4ZmhRYwyZJpXzZpRXI3X2lUWUk/view?usp=sharing" target="_blank" rel="noopener noreferrer">Projecte Biblioteca Escolar</a></p>
<p>&nbsp;</p>

<p><a href="https://sites.google.com/xtec.cat/pec-germanes-bertomeu/p%C3%A0gina-principal" target="_blank" rel="noopener">Projecte Educatiu de Centre (PEC)</a><br />
<a href="https://agora.xtec.cat/escolagermanesbertomeu/wp-content/uploads/usu1488/2025/02/Versio-web_Projecte-Linguistic-de-Centre_2025.pdf" target="_blank" rel="noopener">Projecte Lingüístic de Centre (extracte del </a><a href="https://agora.xtec.cat/escolagermanesbertomeu/wp-content/uploads/usu1488/2025/02/Versio-web_Projecte-Linguistic-de-Centre_2025.pdf" target="_blank" rel="noopener">PLC) </a><br />
<a href="https://sites.google.com/a/xtec.cat/gbdocuments/p%C3%A0gina-dinici" target="_blank" rel="noopener">Normes d&#8217;Organització i Funcionament de Centre (NOFC)</a><br />
<a href="https://agora.xtec.cat/escolagermanesbertomeu/wp-content/uploads/usu1488/2024/06/PROJECTE-DE-CONVIVENCIA-_gener-2024.docx.pdf" target="_blank" rel="noopener">Projecte de Convivència (PdC)</a><br />
<a href="https://drive.google.com/file/d/1N9k6WkhuYU8xJwnYQp1gzp1yMwpvel0-/view?usp=sharing" target="_blank" rel="noopener noreferrer">Pla d&#8217;Acollida de Centre (PAC)</a><br />
<a href="https://sites.google.com/xtec.cat/edc-germanes-bertomeu/inici"&hellip;  <a href="https://agora.xtec.cat/escolagermanesbertomeu/lescola/documents-descola/" title="Read Documents de Centre">Llegeix més»</a></p>
