{"id":36,"date":"2014-09-18T12:33:11","date_gmt":"2014-09-18T11:33:11","guid":{"rendered":"http:\/\/agora.xtec.cat\/escolagermanesbertomeu\/?page_id=36"},"modified":"2026-01-28T19:11:21","modified_gmt":"2026-01-28T18:11:21","slug":"autoritzacions","status":"publish","type":"page","link":"https:\/\/agora.xtec.cat\/escolagermanesbertomeu\/lescola\/autoritzacions\/","title":{"rendered":"Autoritzacions"},"content":{"rendered":"<p>D\u2019acord amb l\u2019article 5 de la Llei Org\u00e0nica 15\/1999 de 13 de desembre, de protecci\u00f3 de dades de car\u00e0cter personal les vostres<br \/>\ndades seran incorporades al fitxer <em>alumnes de centres educatius dependents del Departament d\u2019Educaci\u00f3<\/em>, amb la<br \/>\nfinalitat de gestionar l\u2019acci\u00f3 educativa, fer l\u2019orientaci\u00f3 acad\u00e8mica i professional, l\u2019acci\u00f3 tutorial i de comunicaci\u00f3 amb les<br \/>\nfam\u00edlies, l\u2019avaluaci\u00f3 objectiva del rendiment escolar, adoptar el comprom\u00eds dels alumnes i llurs fam\u00edlies en el proc\u00e9s educatiu i<br \/>\nl\u2019acc\u00e9s als serveis digitals i telem\u00e0tics facilitats pel Departament. L\u2019\u00f2rgan responsable del fitxer \u00e9s la direcci\u00f3 del centre<br \/>\neducatiu. Podeu els drets d\u2019acc\u00e9s, modificaci\u00f3, rectificaci\u00f3, cancel\u00b7laci\u00f3 i oposici\u00f3 mitjan\u00e7ant un escrit adre\u00e7at a la direcci\u00f3<br \/>\ndel centre educatiu.<\/p>\n<p><a href=\"https:\/\/agora.xtec.cat\/escolagermanesbertomeu\/wp-content\/uploads\/usu1488\/2026\/01\/Autoritzacio-general.pdf\" target=\"_blank\" rel=\"noopener\">Autoritzaci\u00f3 dades personals<\/a><\/p>\n<p><a href=\"https:\/\/agora.xtec.cat\/escolagermanesbertomeu\/wp-content\/uploads\/usu1488\/2026\/01\/Autoritzacio-altres-medicaments.docx.pdf\" target=\"_blank\" rel=\"noopener\">Autoritzaci\u00f3 medicaments<\/a><\/p>\n","protected":false},"excerpt":{"rendered":"<p>D\u2019acord amb l\u2019article 5 de la Llei Org\u00e0nica 15\/1999 de 13 de desembre, de protecci\u00f3 de dades de car\u00e0cter personal les vostres<br \/>\ndades seran incorporades al fitxer alumnes de centres educatius dependents del Departament d\u2019Educaci\u00f3, amb la<br \/>\nfinalitat de gestionar l\u2019acci\u00f3 educativa, fer l\u2019orientaci\u00f3 acad\u00e8mica i professional,&hellip;  <a href=\"https:\/\/agora.xtec.cat\/escolagermanesbertomeu\/lescola\/autoritzacions\/\" title=\"Read Autoritzacions\">Llegeix m\u00e9s\u00bb<\/a><\/p>\n","protected":false},"author":1,"featured_media":0,"parent":22,"menu_order":80,"comment_status":"closed","ping_status":"closed","template":"page-templates\/side-menu.php","meta":{"_bbp_topic_count":0,"_bbp_reply_count":0,"_bbp_total_topic_count":0,"_bbp_total_reply_count":0,"_bbp_voice_count":0,"_bbp_anonymous_reply_count":0,"_bbp_topic_count_hidden":0,"_bbp_reply_count_hidden":0,"_bbp_forum_subforum_count":0,"footnotes":""},"class_list":["post-36","page","type-page","status-publish","hentry"],"post_mailing_queue_ids":[],"_links":{"self":[{"href":"https:\/\/agora.xtec.cat\/escolagermanesbertomeu\/wp-json\/wp\/v2\/pages\/36","targetHints":{"allow":["GET"]}}],"collection":[{"href":"https:\/\/agora.xtec.cat\/escolagermanesbertomeu\/wp-json\/wp\/v2\/pages"}],"about":[{"href":"https:\/\/agora.xtec.cat\/escolagermanesbertomeu\/wp-json\/wp\/v2\/types\/page"}],"author":[{"embeddable":true,"href":"https:\/\/agora.xtec.cat\/escolagermanesbertomeu\/wp-json\/wp\/v2\/users\/1"}],"replies":[{"embeddable":true,"href":"https:\/\/agora.xtec.cat\/escolagermanesbertomeu\/wp-json\/wp\/v2\/comments?post=36"}],"version-history":[{"count":6,"href":"https:\/\/agora.xtec.cat\/escolagermanesbertomeu\/wp-json\/wp\/v2\/pages\/36\/revisions"}],"predecessor-version":[{"id":3440,"href":"https:\/\/agora.xtec.cat\/escolagermanesbertomeu\/wp-json\/wp\/v2\/pages\/36\/revisions\/3440"}],"up":[{"embeddable":true,"href":"https:\/\/agora.xtec.cat\/escolagermanesbertomeu\/wp-json\/wp\/v2\/pages\/22"}],"wp:attachment":[{"href":"https:\/\/agora.xtec.cat\/escolagermanesbertomeu\/wp-json\/wp\/v2\/media?parent=36"}],"curies":[{"name":"wp","href":"https:\/\/api.w.org\/{rel}","templated":true}]}}

<p>D’acord amb l’article 5 de la Llei Orgànica 15/1999 de 13 de desembre, de protecció de dades de caràcter personal les vostres<br />
dades seran incorporades al fitxer <em>alumnes de centres educatius dependents del Departament d’Educació</em>, amb la<br />
finalitat de gestionar l’acció educativa, fer l’orientació acadèmica i professional, l’acció tutorial i de comunicació amb les<br />
famílies, l’avaluació objectiva del rendiment escolar, adoptar el compromís dels alumnes i llurs famílies en el procés educatiu i<br />
l’accés als serveis digitals i telemàtics facilitats pel Departament. L’òrgan responsable del fitxer és la direcció del centre<br />
educatiu. Podeu els drets d’accés, modificació, rectificació, cancel·lació i oposició mitjançant un escrit adreçat a la direcció<br />
del centre educatiu.</p>
<p><a href="https://agora.xtec.cat/escolagermanesbertomeu/wp-content/uploads/usu1488/2026/01/Autoritzacio-general.pdf" target="_blank" rel="noopener">Autorització dades personals</a></p>
<p><a href="https://agora.xtec.cat/escolagermanesbertomeu/wp-content/uploads/usu1488/2026/01/Autoritzacio-altres-medicaments.docx.pdf" target="_blank" rel="noopener">Autorització medicaments</a></p>

<p>D’acord amb l’article 5 de la Llei Orgànica 15/1999 de 13 de desembre, de protecció de dades de caràcter personal les vostres<br />
dades seran incorporades al fitxer alumnes de centres educatius dependents del Departament d’Educació, amb la<br />
finalitat de gestionar l’acció educativa, fer l’orientació acadèmica i professional,&hellip;  <a href="https://agora.xtec.cat/escolagermanesbertomeu/lescola/autoritzacions/" title="Read Autoritzacions">Llegeix més»</a></p>
