{"id":32,"date":"2014-09-18T12:31:33","date_gmt":"2014-09-18T11:31:33","guid":{"rendered":"http:\/\/agora.xtec.cat\/escolagermanesbertomeu\/?page_id=32"},"modified":"2025-09-06T18:36:28","modified_gmt":"2025-09-06T16:36:28","slug":"calendari-del-curs","status":"publish","type":"page","link":"https:\/\/agora.xtec.cat\/escolagermanesbertomeu\/lescola\/calendari-del-curs\/","title":{"rendered":"Calendari escolar i Horaris del centre"},"content":{"rendered":"<h4><strong>Inici\/Final de curs:<\/strong><\/h4>\n<ul>\n<li>8 de setembre de 2025<\/li>\n<li>19 de juny de 2026<\/li>\n<\/ul>\n<h4><strong>Vacances:<\/strong><\/h4>\n<ul>\n<li>Del 20 de desembre de 2025 al 7 de gener de 2026 (ambd\u00f3s inclosos)<\/li>\n<li>Del 28 de mar\u00e7 al 6 d&#8217;abril de 2026 (ambd\u00f3s inclosos)<\/li>\n<li>A partir del 20 de juny de 2026<\/li>\n<\/ul>\n<h4><strong>Dies no lectius:<\/strong><\/h4>\n<ul>\n<li>11 de setembre de 2025 (festiu)<\/li>\n<li>3 de novembre de 2025\u00a0(lliure disposici\u00f3)<\/li>\n<li>5 de desembre de 2025 (lliure disposici\u00f3)<\/li>\n<li>8 de desembre de 2025 (festiu)<\/li>\n<li>16 de febrer de 2026 (lliure disposici\u00f3)<\/li>\n<li>13 de mar\u00e7 de 2026 (lliure disposici\u00f3)<\/li>\n<li>30 d&#8217;abril de 2026 (lliure disposici\u00f3)<\/li>\n<li>1 de maig de 2026 (festiu)<\/li>\n<li>25 de maig de 2026 (festiu)<\/li>\n<\/ul>\n<p>&nbsp;<\/p>\n<p><strong style=\"font-size: 1.4375em;\">Jornada compactada:<\/strong><\/p>\n<ul>\n<li>19 de desembre de 2025<\/li>\n<li>Per\u00edode del 8 al 19 de juny de 2026 (ambd\u00f3s inclosos)<\/li>\n<\/ul>\n<h4><strong>Horari lectiu:<\/strong><\/h4>\n<ul>\n<li>Educaci\u00f3 Infantil: 8.30 a 12.00 h i de 15.00 a 16.30 h<\/li>\n<li>Educaci\u00f3 Prim\u00e0ria: 8.30 a 13.00 h i de 15.00 a 16.30 h<\/li>\n<\/ul>\n<p>Per als alumnes que inicien l\u2019escolaritzaci\u00f3 a I3 s\u2019organitza un breu per\u00edode d\u2019adaptaci\u00f3 que suposa una certa modificaci\u00f3 dels horaris dels primers dies de classe, i que es fa saber a les fam\u00edlies a les reunions pr\u00e8vies corresponents.<\/p>\n<p><a href=\"https:\/\/agora.xtec.cat\/escolagermanesbertomeu\/wp-content\/uploads\/usu1488\/2025\/09\/Calendari-escolar-2025-2026-Mataro.pdf\" target=\"_blank\" rel=\"noopener\">Calendari escolar 2025-2026<\/a>\u00a0per descarregar.<\/p>\n<p>&nbsp;<\/p>\n","protected":false},"excerpt":{"rendered":"<p>Inici\/Final de curs:<\/p>\n<ul>\n<li>8 de setembre de 2025<\/li>\n<li>19 de juny de 2026<\/li>\n<\/ul>\n<p>Vacances:<\/p>\n<ul>\n<li>Del 20 de desembre de 2025 al 7 de gener de 2026 (ambd\u00f3s inclosos)<\/li>\n<li>Del 28 de mar\u00e7 al 6 d&#8217;abril de 2026 (ambd\u00f3s inclosos)<\/li>\n<li>A partir del 20 de juny de 2026<\/li>\n<\/ul>\n<p>Dies no lectius:<\/p>\n<ul>\n<li>11 de setembre&hellip;  <a href=\"https:\/\/agora.xtec.cat\/escolagermanesbertomeu\/lescola\/calendari-del-curs\/\" title=\"Read Calendari escolar i Horaris del centre\">Llegeix m\u00e9s\u00bb<\/a><br \/>\n","protected":false},"author":1,"featured_media":0,"parent":22,"menu_order":70,"comment_status":"closed","ping_status":"closed","template":"page-templates\/side-menu.php","meta":{"_bbp_topic_count":0,"_bbp_reply_count":0,"_bbp_total_topic_count":0,"_bbp_total_reply_count":0,"_bbp_voice_count":0,"_bbp_anonymous_reply_count":0,"_bbp_topic_count_hidden":0,"_bbp_reply_count_hidden":0,"_bbp_forum_subforum_count":0,"footnotes":""},"class_list":["post-32","page","type-page","status-publish","hentry"],"post_mailing_queue_ids":[],"_links":{"self":[{"href":"https:\/\/agora.xtec.cat\/escolagermanesbertomeu\/wp-json\/wp\/v2\/pages\/32","targetHints":{"allow":["GET"]}}],"collection":[{"href":"https:\/\/agora.xtec.cat\/escolagermanesbertomeu\/wp-json\/wp\/v2\/pages"}],"about":[{"href":"https:\/\/agora.xtec.cat\/escolagermanesbertomeu\/wp-json\/wp\/v2\/types\/page"}],"author":[{"embeddable":true,"href":"https:\/\/agora.xtec.cat\/escolagermanesbertomeu\/wp-json\/wp\/v2\/users\/1"}],"replies":[{"embeddable":true,"href":"https:\/\/agora.xtec.cat\/escolagermanesbertomeu\/wp-json\/wp\/v2\/comments?post=32"}],"version-history":[{"count":5,"href":"https:\/\/agora.xtec.cat\/escolagermanesbertomeu\/wp-json\/wp\/v2\/pages\/32\/revisions"}],"predecessor-version":[{"id":3370,"href":"https:\/\/agora.xtec.cat\/escolagermanesbertomeu\/wp-json\/wp\/v2\/pages\/32\/revisions\/3370"}],"up":[{"embeddable":true,"href":"https:\/\/agora.xtec.cat\/escolagermanesbertomeu\/wp-json\/wp\/v2\/pages\/22"}],"wp:attachment":[{"href":"https:\/\/agora.xtec.cat\/escolagermanesbertomeu\/wp-json\/wp\/v2\/media?parent=32"}],"curies":[{"name":"wp","href":"https:\/\/api.w.org\/{rel}","templated":true}]}}

<h4><strong>Inici/Final de curs:</strong></h4>
<ul>
<li>8 de setembre de 2025</li>
<li>19 de juny de 2026</li>
</ul>
<h4><strong>Vacances:</strong></h4>
<ul>
<li>Del 20 de desembre de 2025 al 7 de gener de 2026 (ambdós inclosos)</li>
<li>Del 28 de març al 6 d&#8217;abril de 2026 (ambdós inclosos)</li>
<li>A partir del 20 de juny de 2026</li>
</ul>
<h4><strong>Dies no lectius:</strong></h4>
<ul>
<li>11 de setembre de 2025 (festiu)</li>
<li>3 de novembre de 2025 (lliure disposició)</li>
<li>5 de desembre de 2025 (lliure disposició)</li>
<li>8 de desembre de 2025 (festiu)</li>
<li>16 de febrer de 2026 (lliure disposició)</li>
<li>13 de març de 2026 (lliure disposició)</li>
<li>30 d&#8217;abril de 2026 (lliure disposició)</li>
<li>1 de maig de 2026 (festiu)</li>
<li>25 de maig de 2026 (festiu)</li>
</ul>
<p>&nbsp;</p>
<p><strong style="font-size: 1.4375em;">Jornada compactada:</strong></p>
<ul>
<li>19 de desembre de 2025</li>
<li>Període del 8 al 19 de juny de 2026 (ambdós inclosos)</li>
</ul>
<h4><strong>Horari lectiu:</strong></h4>
<ul>
<li>Educació Infantil: 8.30 a 12.00 h i de 15.00 a 16.30 h</li>
<li>Educació Primària: 8.30 a 13.00 h i de 15.00 a 16.30 h</li>
</ul>
<p>Per als alumnes que inicien l’escolarització a I3 s’organitza un breu període d’adaptació que suposa una certa modificació dels horaris dels primers dies de classe, i que es fa saber a les famílies a les reunions prèvies corresponents.</p>
<p><a href="https://agora.xtec.cat/escolagermanesbertomeu/wp-content/uploads/usu1488/2025/09/Calendari-escolar-2025-2026-Mataro.pdf" target="_blank" rel="noopener">Calendari escolar 2025-2026</a> per descarregar.</p>
<p>&nbsp;</p>

<p>Inici/Final de curs:</p>
<ul>
<li>8 de setembre de 2025</li>
<li>19 de juny de 2026</li>
</ul>
<p>Vacances:</p>
<ul>
<li>Del 20 de desembre de 2025 al 7 de gener de 2026 (ambdós inclosos)</li>
<li>Del 28 de març al 6 d&#8217;abril de 2026 (ambdós inclosos)</li>
<li>A partir del 20 de juny de 2026</li>
</ul>
<p>Dies no lectius:</p>
<ul>
<li>11 de setembre&hellip;  <a href="https://agora.xtec.cat/escolagermanesbertomeu/lescola/calendari-del-curs/" title="Read Calendari escolar i Horaris del centre">Llegeix més»</a><br />
